Loughlinstown, Co Dublin, Ireland

53° 14.91' N | 006° 08.15' W | 24 meter | Show on map

Climate Summary 2024

18/07/24 18:00:00 IST

Station: Vantage Vue
Software: WeeWX v5.1.0
WeeWX uptime: 7 days, 6 hours, 17 minutes
Server uptime: 7 days, 6 hours, 17 minutes
                     CLIMATOLOGICAL SUMMARY FOR 2024


NAME: Loughlinstown, Co Dublin, Ireland                  
ELEV: 24 meter    LAT: 53-14.91 N    LONG: 006-08.15 W


                                       TEMPERATURE (°C)

                              HEAT    COOL                              MAX    MAX    MIN    MIN
          MEAN   MEAN         DEG     DEG                                >=     <=     <=     <=
 YR  MO   MAX    MIN    MEAN  DAYS    DAYS      HI  DAY     LOW  DAY     25      0      0     -3
------------------------------------------------------------------------------------------------
2024 01    8.8    3.4    6.1  379.6    0.0    15.6   23    -2.2   17      0      0      4      0
2024 02   11.8    4.7    8.3  291.9    0.0    15.7   18     0.3   07      0      0      0      0
2024 03   11.9    4.6    8.2  313.8    0.0    17.5   12     0.2   16      0      0      0      0
2024 04   14.4    5.8    9.9  253.2    0.0    20.2   12     1.4   20      0      0      0      0
2024 05   18.0    9.8   13.6  145.3    0.0    21.8   20     6.2   05      0      0      0      0
2024 06   19.6    9.7   14.4  117.7    0.6    24.3   24     6.7   10      0      0      0      0
2024 07   19.7   11.1   15.0   59.5    0.0    23.1   16     7.9   08      0      0      0      0
2024 08
2024 09
2024 10
2024 11
2024 12
------------------------------------------------------------------------------------------------
          14.6    6.8   10.5 1561.1    0.6    24.3  Jun    -2.2  Jan      0      0      4      0


                  PRECIPITATION (mm)

                  MAX         ---DAYS OF RAIN---
                  OBS.               OVER
 YR  MO  TOTAL    DAY  DATE   0.30   3.00  20.00
------------------------------------------------
2024 01   70.2   23.8    29     12      7      1
2024 02   48.4   19.4    08     12      3      0
2024 03  121.0   56.6    01     21     11      1
2024 04   79.8   24.8    08     17      6      1
2024 05   34.0   15.2    13      8      2      0
2024 06   27.4   10.6    29      9      3      0
2024 07   25.8    9.4    09      8      2      0
2024 08
2024 09
2024 10
2024 11
2024 12
------------------------------------------------
         406.6   56.6   Mar     87     34      3


           WIND SPEED (km/h)

                                DOM
 YR  MO    AVG     HI   DATE    DIR
-----------------------------------
2024 01    7.6   88.5     21    229 
2024 02    4.9   59.5     04    244 
2024 03    6.1   59.5     04    167 
2024 04    5.8   64.4     15    252 
2024 05    3.1   48.3     22    314 
2024 06    4.1   48.3     13    332 
2024 07    4.1   46.7     04    331 
2024 08
2024 09
2024 10
2024 11
2024 12
-----------------------------------
           5.2   88.5    Jan    266

Updated: 18/07/24 18:00:00