Loughlinstown, Co Dublin, Ireland

53° 14.91' N | 006° 08.15' W | 24 meter | Show on map

Climate Summary July 2024

18/07/24 19:00:00 IST

Station: Vantage Vue
Software: WeeWX v5.1.0
WeeWX uptime: 7 days, 7 hours, 17 minutes
Server uptime: 7 days, 7 hours, 17 minutes
                   MONTHLY CLIMATOLOGICAL SUMMARY for Jul 2024


NAME: Loughlinstown, Co Dublin, Ireland                  
ELEV: 24 meter    LAT: 53-14.91 N    LONG: 006-08.15 W


                   TEMPERATURE (°C), RAIN (mm), WIND SPEED (km/h)

                                         HEAT   COOL         AVG
      MEAN                               DEG    DEG          WIND                   DOM
DAY   TEMP   HIGH   TIME    LOW   TIME   DAYS   DAYS   RAIN  SPEED   HIGH   TIME    DIR
---------------------------------------------------------------------------------------
 01   14.8   20.9  15:15   10.4  04:08    3.6    0.0    1.6    6.1   33.8  11:31    335
 02   14.4   19.1  15:50   10.2  03:08    3.9    0.0    0.0    3.1   32.2  08:45    277
 03   15.9   21.9  14:38   10.9  23:51    2.5    0.0    0.0    8.1   41.8  18:06    350
 04   14.7   20.4  14:57   10.1  01:52    3.6    0.0    0.0   11.6   46.7  07:47    330
 05   14.8   20.2  13:41   10.2  05:49    3.6    0.0    0.2    2.4   22.5  09:49    319
 06   14.4   19.9  13:41    9.7  05:53    3.9    0.0    0.8    7.4   35.4  11:16    329
 07   14.0   20.3  12:00   10.6  05:43    4.3    0.0    6.8    1.4   20.9  00:21    298
 08   14.4   18.6  08:58    7.9  05:52    3.9    0.0    0.0    1.4   24.1  11:23      1
 09   13.9   14.8  17:43   12.9  23:46    4.5    0.0    9.4    3.4   35.4  08:09      9
 10   13.4   15.9  17:23   11.8  05:26    4.9    0.0    1.4    7.9   38.6  15:14    294
 11   14.2   17.7  12:06   11.1  08:06    4.2    0.0    2.6    7.7   33.8  17:10    329
 12   14.3   18.2  16:47   11.0  04:48    4.0    0.0    0.0    2.7   25.7  00:24    316
 13   15.9   20.3  10:33   11.9  00:38    2.4    0.0    0.0    0.5   17.7  11:12     25
 14   16.2   19.3  12:31   13.6  23:58    2.1    0.0    0.0    0.6   16.1  14:37     95
 15   14.5   18.5  14:32    9.1  05:42    3.8    0.0    0.8    0.1   12.9  08:38    112
 16   17.1   23.1  18:54   13.7  01:02    1.2    0.0    0.0    4.6   27.4  06:23    333
 17   17.0   22.9  14:37    9.3  05:53    1.4    0.0    0.0    2.4   29.0  18:41     13
 18   16.7   22.5  17:05   14.8  04:22    1.6    0.0    2.2    2.4   33.8  16:20     12
 19
 20
 21
 22
 23
 24
 25
 26
 27
 28
 29
 30
 31
---------------------------------------------------------------------------------------
      15.0   23.1     16    7.9     08   59.4    0.0   25.8    4.1   46.7     04    331
    
Updated: 18/07/24 19:00:00