Loughlinstown, Co Dublin, Ireland

53° 14.91' N | 006° 08.15' W | 24 meter | Show on map

Climate Summary June 2024

18/07/24 17:30:00 IST

Station: Vantage Vue
Software: WeeWX v5.1.0
WeeWX uptime: 7 days, 5 hours, 47 minutes
Server uptime: 7 days, 5 hours, 47 minutes
                   MONTHLY CLIMATOLOGICAL SUMMARY for Jun 2024


NAME: Loughlinstown, Co Dublin, Ireland                  
ELEV: 24 meter    LAT: 53-14.91 N    LONG: 006-08.15 W


                   TEMPERATURE (°C), RAIN (mm), WIND SPEED (km/h)

                                         HEAT   COOL         AVG
      MEAN                               DEG    DEG          WIND                   DOM
DAY   TEMP   HIGH   TIME    LOW   TIME   DAYS   DAYS   RAIN  SPEED   HIGH   TIME    DIR
---------------------------------------------------------------------------------------
 01   14.2   19.3  14:23    9.7  03:52    4.1    0.0    0.0    1.6   24.1  13:20    341
 02   15.2   21.8  12:21    6.9  04:06    3.1    0.0    0.0    1.6   25.7  18:17    343
 03   16.5   21.1  18:17   12.9  07:56    1.9    0.0    0.0    4.3   29.0  11:36    344
 04   14.1   20.2  12:27    8.0  23:51    4.3    0.0    0.4    7.9   41.8  17:07    313
 05   12.2   17.4  12:34    7.1  05:44    6.2    0.0    0.0    7.8   35.4  07:38    302
 06   13.0   18.9  14:29    7.5  04:30    5.3    0.0    0.0    5.2   30.6  14:01    326
 07   13.9   20.7  15:28    7.9  02:48    4.5    0.0    0.0    6.4   35.4  15:28    342
 08   14.6   20.2  16:50   10.7  23:56    3.8    0.0    0.0    6.2   40.2  01:57    322
 09   13.0   18.2  16:09    9.4  23:58    5.3    0.0    4.4    9.0   38.6  03:56    300
 10   12.0   17.1  14:50    6.7  05:51    6.4    0.0    0.2    5.8   29.0  09:57    336
 11   12.1   17.0  12:48    7.7  04:42    6.2    0.0    0.0    3.9   30.6  12:57    320
 12   11.8   16.2  13:23    8.6  03:01    6.5    0.0    0.0    1.8   25.7  19:18    356
 13   13.6   20.5  18:05    9.8  00:38    4.8    0.0    8.4    8.1   48.3  12:36    113
 14   13.8   18.8  12:28    9.1  23:15    4.6    0.0    0.4    4.1   40.2  05:14    304
 15   12.3   17.1  16:05    7.8  03:30    6.1    0.0    1.4    1.2   27.4  00:00    335
 16   15.1   21.6  16:59    8.6  00:06    3.2    0.0    0.0    3.4   29.0  18:49    351
 17   14.5   18.9  12:31   10.3  05:41    3.8    0.0    0.4    1.9   29.0  07:33    316
 18   13.2   16.4  16:18    9.9  23:59    5.1    0.0    0.0    5.1   29.0  15:00    326
 19   13.2   19.9  11:57    7.0  05:10    5.2    0.0    0.0    1.9   20.9  07:20    314
 20   15.7   21.8  18:21    9.1  00:57    2.7    0.0    0.0    0.7   17.7  13:33    350
 21   15.8   22.6  13:19   12.3  05:33    2.6    0.0    0.6    2.9   35.4  13:38    347
 22   16.5   22.2  15:36    7.5  05:29    1.9    0.0    0.0    2.3   27.4  00:00    340
 23   16.8   21.4  10:18   13.4  23:42    1.5    0.0    0.0    2.5   24.1  13:30     13
 24   19.0   24.3  18:30   13.8  00:00    0.0    0.6    0.0    0.7   22.5  14:07     22
 25   15.7   18.2  08:13   14.2  23:53    2.6    0.0    0.0    1.5   24.1  10:37    354
 26   17.1   21.7  16:04   11.7  05:17    1.2    0.0    0.0    1.1   22.5  17:48      1
 27   15.5   19.9  15:31   12.8  04:41    2.8    0.0    0.6   12.1   48.3  15:52    350
 28   15.4   19.9  17:36   11.6  03:44    2.9    0.0    0.0    7.3   41.8  00:12    327
 29   13.4   15.8  11:05   10.2  23:15    5.0    0.0   10.6    1.0   19.3  15:25    354
 30   14.0   19.6  18:35    9.8  02:12    4.3    0.0    0.0    4.0   25.7  14:55    299
---------------------------------------------------------------------------------------
      14.4   24.3     24    6.7     10  117.7    0.6   27.4    4.1   48.3     13    332
    
Updated: 01/07/24 00:00:00