Loughlinstown, Co Dublin, Ireland

53° 14.91' N | 006° 08.15' W | 24 meter | Show on map

Climate Summary May 2024

18/07/24 18:30:00 IST

Station: Vantage Vue
Software: WeeWX v5.1.0
WeeWX uptime: 7 days, 6 hours, 47 minutes
Server uptime: 7 days, 6 hours, 47 minutes
                   MONTHLY CLIMATOLOGICAL SUMMARY for May 2024


NAME: Loughlinstown, Co Dublin, Ireland                  
ELEV: 24 meter    LAT: 53-14.91 N    LONG: 006-08.15 W


                   TEMPERATURE (°C), RAIN (mm), WIND SPEED (km/h)

                                         HEAT   COOL         AVG
      MEAN                               DEG    DEG          WIND                   DOM
DAY   TEMP   HIGH   TIME    LOW   TIME   DAYS   DAYS   RAIN  SPEED   HIGH   TIME    DIR
---------------------------------------------------------------------------------------
 01   10.9   14.1  14:51    7.3  02:59    7.4    0.0    0.8    3.1   27.4  08:46     51
 02   11.7   16.5  17:20    7.7  03:55    6.6    0.0    3.0    3.4   27.4  06:41    293
 03   12.7   16.2  14:42   11.0  06:02    5.6    0.0    0.2    2.6   24.1  11:15    285
 04   12.1   13.7  16:04   10.9  23:48    6.2    0.0    0.0    0.9   20.9  04:54    258
 05   12.3   16.8  11:37    6.2  06:38    6.1    0.0    0.0    0.3   11.3  12:46      0
 06   12.2   14.6  15:45    7.8  00:25    6.1    0.0    1.4    1.8   22.5  18:23    294
 07   12.9   18.1  12:05    9.9  04:57    5.4    0.0    0.0    2.1   24.1  03:52    300
 08   14.2   18.4  17:25   10.2  05:26    4.1    0.0    0.0    0.6   19.3  13:19      0
 09   13.3   17.9  12:16    8.6  04:34    5.0    0.0    0.0    0.3   16.1  13:03      0
 10   15.0   20.7  14:12   10.6  23:58    3.3    0.0    0.0    1.3   24.1  15:36      0
 11   13.7   19.0  11:56    7.2  04:57    4.7    0.0    0.0    0.4   14.5  13:20      0
 12   14.9   20.8  16:05    9.5  05:53    3.5    0.0    0.0    1.1   22.5  14:34      0
 13   12.1   13.1  18:03   10.8  23:47    6.2    0.0   15.2    5.4   30.6  12:05    119
 14   13.2   17.0  13:40    9.8  02:07    5.2    0.0    0.8    0.6   20.9  19:13     12
 15   14.6   19.2  17:34   10.5  23:43    3.7    0.0    0.0    0.5   14.5  09:41     18
 16   15.6   21.0  13:00    9.8  02:44    2.8    0.0    0.2    1.4   24.1  21:57    333
 17   14.6   20.3  15:58   12.1  22:21    3.7    0.0    0.0    2.9   25.7  06:45    343
 18   15.1   20.1  17:00   11.7  01:32    3.2    0.0    0.0    2.6   20.9  05:57    326
 19   15.5   21.0  15:23    8.6  05:35    2.8    0.0    0.0    1.0   17.7  13:23    359
 20   15.0   21.8  11:14    9.1  04:04    3.3    0.0    0.0    0.2   11.3  12:32      0
 21   14.7   18.8  13:51   10.4  03:51    3.7    0.0    0.0    0.4   14.5  08:27      1
 22   14.8   17.8  14:46   11.8  23:59    3.5    0.0    0.0    7.6   48.3  20:13    298
 23   12.2   16.8  14:26    9.8  04:54    6.1    0.0    0.0   12.8   48.3  00:58    290
 24   11.7   15.4  14:47    9.2  06:35    6.7    0.0    1.0    4.2   29.0  01:51    279
 25   13.0   16.2  16:39    8.9  05:52    5.3    0.0    0.2    4.0   35.4  14:16    106
 26   12.2   16.3  16:36   10.6  05:11    6.1    0.0    8.4    1.0   24.1  23:42    195
 27   13.6   18.3  16:36    9.2  04:56    4.8    0.0    0.0    2.6   30.6  01:08    272
 28   16.0   21.8  13:25   11.8  01:03    2.3    0.0    2.8    6.1   43.5  17:50    344
 29   15.0   19.9  13:12   11.7  05:13    3.4    0.0    0.0    7.7   38.6  19:08    298
 30   14.1   17.5  13:10   11.1  04:33    4.3    0.0    0.0   10.3   41.8  07:11    320
 31   14.3   19.6  15:56    9.3  05:16    4.1    0.0    0.0    5.5   29.0  00:37    323
---------------------------------------------------------------------------------------
      13.6   21.8     20    6.2     05  145.3    0.0   34.0    3.1   48.3     22    314
    
Updated: 01/06/24 00:00:00