Loughlinstown, Co Dublin, Ireland

53° 14.91' N | 006° 08.15' W | 24 meter | Show on map

Climate Summary April 2024

18/07/24 19:30:00 IST

Station: Vantage Vue
Software: WeeWX v5.1.0
WeeWX uptime: 7 days, 7 hours, 47 minutes
Server uptime: 7 days, 7 hours, 47 minutes
                   MONTHLY CLIMATOLOGICAL SUMMARY for Apr 2024


NAME: Loughlinstown, Co Dublin, Ireland                  
ELEV: 24 meter    LAT: 53-14.91 N    LONG: 006-08.15 W


                   TEMPERATURE (°C), RAIN (mm), WIND SPEED (km/h)

                                         HEAT   COOL         AVG
      MEAN                               DEG    DEG          WIND                   DOM
DAY   TEMP   HIGH   TIME    LOW   TIME   DAYS   DAYS   RAIN  SPEED   HIGH   TIME    DIR
---------------------------------------------------------------------------------------
 01    8.5    9.7  11:08    6.7  23:47    9.8    0.0    0.6    3.5   27.4  00:42     40
 02    8.3   12.2  15:17    3.2  07:27   10.0    0.0    1.2    1.3   24.1  15:33     61
 03    9.6   13.1  17:09    7.3  08:27    8.7    0.0   10.2    4.4   30.6  08:41    292
 04    9.2   12.4  11:13    6.4  06:29    9.1    0.0    2.8    2.1   33.8  13:30    111
 05   12.8   17.4  15:44   10.1  04:10    5.5    0.0    3.6    6.6   40.2  15:16    123
 06   12.4   14.7  12:04    9.4  23:23    5.9    0.0    2.8   15.1   62.8  15:44    160
 07   10.7   15.3  12:52    7.4  23:32    7.7    0.0    2.2   11.9   54.7  00:56    205
 08    8.0   10.6  14:13    5.4  23:56   10.3    0.0   24.8    3.3   46.7  23:41    276
 09    8.6   13.6  16:20    5.2  08:02    9.7    0.0    2.6   13.8   57.9  12:43    271
 10   12.3   18.3  16:58    6.1  02:37    6.1    0.0    2.0    5.7   41.8  07:49    170
 11   15.0   19.6  11:50   12.4  21:53    3.4    0.0    1.0    3.6   35.4  22:20    242
 12   14.3   20.2  16:42   11.7  06:25    4.0    0.0    0.0    4.2   33.8  14:48    178
 13   12.7   18.2  12:13    7.3  23:59    5.6    0.0    0.2    9.0   56.3  16:30    345
 14   10.1   14.6  15:18    6.2  06:05    8.2    0.0    0.0   10.2   40.2  19:10    229
 15    8.3   11.6  16:27    4.7  07:02   10.0    0.0    7.0   18.1   64.4  10:37    257
 16    9.6   14.8  16:11    6.4  23:58    8.7    0.0    0.8   10.4   41.8  06:12    277
 17    7.0   10.3  14:13    3.3  23:59   11.3    0.0    3.0    5.6   35.4  05:58    273
 18    8.8   15.8  17:20    2.0  01:54    9.5    0.0    0.2    6.2   38.6  23:47    256
 19   10.5   13.9  13:55    4.7  23:56    7.8    0.0    0.2    7.6   43.5  05:34    285
 20    8.3   15.8  11:12    1.4  05:12   10.1    0.0    0.0    0.6   17.7  14:44     82
 21    9.5   15.6  12:46    1.9  06:03    8.8    0.0    0.0    0.4   19.3  14:11      0
 22    9.5   13.6  09:20    3.8  05:38    8.9    0.0    0.0    4.1   27.4  11:20    321
 23   10.8   14.9  15:33    8.4  23:56    7.5    0.0    0.0    4.0   24.1  11:46    326
 24    8.3   12.3  12:58    4.6  06:14   10.1    0.0    0.0    1.8   24.1  04:31    288
 25    8.1   13.2  10:40    3.9  03:28   10.2    0.0    1.8    1.7   27.4  09:22    283
 26    8.4   12.4  13:39    2.7  05:48   10.0    0.0    0.0    2.7   24.1  15:54     27
 27    7.5   12.3  13:30    2.6  23:59   10.8    0.0    0.0    2.8   24.1  12:42     23
 28    8.8   15.9  12:11    1.8  02:03    9.5    0.0    0.0    2.9   30.6  18:50    244
 29   10.7   16.3  14:04    8.1  23:11    7.6    0.0    4.8    5.1   43.5  10:00    143
 30   10.1   12.3  17:43    8.2  00:12    8.3    0.0    8.0    6.5   48.3  14:09    132
---------------------------------------------------------------------------------------
       9.9   20.2     12    1.4     20  253.2    0.0   79.8    5.8   64.4     15    252
    
Updated: 01/05/24 00:00:00