Loughlinstown, Co Dublin, Ireland

53° 14.91' N | 006° 08.15' W | 24 meter | Show on map

Climate Summary March 2024

18/07/24 18:10:00 IST

Station: Vantage Vue
Software: WeeWX v5.1.0
WeeWX uptime: 7 days, 6 hours, 27 minutes
Server uptime: 7 days, 6 hours, 27 minutes
                   MONTHLY CLIMATOLOGICAL SUMMARY for Mar 2024


NAME: Loughlinstown, Co Dublin, Ireland                  
ELEV: 24 meter    LAT: 53-14.91 N    LONG: 006-08.15 W


                   TEMPERATURE (°C), RAIN (mm), WIND SPEED (km/h)

                                         HEAT   COOL         AVG
      MEAN                               DEG    DEG          WIND                   DOM
DAY   TEMP   HIGH   TIME    LOW   TIME   DAYS   DAYS   RAIN  SPEED   HIGH   TIME    DIR
---------------------------------------------------------------------------------------
 01    3.4    5.1  05:49    0.4  09:36   14.9    0.0   56.6    8.1   49.9  15:28     16
 02    4.2    8.9  14:42    1.5  05:42   14.1    0.0    1.6    8.5   33.8  15:06    280
 03    5.1   10.8  16:08    0.3  07:55   13.2    0.0    0.2    1.0   24.1  00:18    260
 04    6.3    9.2  12:19    1.4  00:17   12.0    0.0    8.8    8.7   59.5  17:42    114
 05    7.6   14.5  16:04    4.3  23:41   10.8    0.0    1.8    6.1   48.3  07:21    189
 06    7.8   10.2  11:08    3.7  02:23   10.5    0.0    0.2    8.0   40.2  10:50    133
 07    8.0    9.4  12:27    7.3  06:41   10.3    0.0    0.0    7.9   33.8  09:05     98
 08    7.3    8.8  09:42    5.6  07:25   11.1    0.0    0.0    6.5   37.0  22:51     55
 09    7.1    8.2  19:21    5.7  01:29   11.2    0.0    0.2   12.9   48.3  08:22     43
 10    7.8    9.1  14:16    7.3  04:01   10.5    0.0    3.2    5.1   40.2  01:45     21
 11    7.9    9.4  15:47    6.7  23:50   10.5    0.0    7.0    1.3   30.6  23:46    108
 12   12.3   17.5  15:46    6.7  00:00    6.0    0.0    1.6    6.5   40.2  20:43    220
 13   11.8   16.0  09:59    8.3  21:53    6.6    0.0    4.4    6.5   46.7  01:30    208
 14   11.7   15.8  15:50    8.3  00:00    6.6    0.0    3.2    5.4   33.8  08:31    153
 15    9.3   12.9  14:30    1.9  23:56    9.1    0.0    0.2    7.1   37.0  02:32    255
 16    7.4   12.2  17:36    0.2  03:20   10.9    0.0    3.0    4.3   35.4  10:43    138
 17   11.1   16.3  12:59    8.2  04:21    7.3    0.0    0.0    3.3   41.8  13:59    347
 18   10.9   15.3  11:50    7.2  03:54    7.4    0.0    0.4    5.8   40.2  18:35    149
 19   11.0   14.7  11:45    8.2  06:15    7.3    0.0    0.0    2.9   32.2  01:59    241
 20    8.0   12.1  15:43    2.9  23:50   10.4    0.0    5.0    1.8   25.7  08:55    337
 21   10.4   16.1  15:35    2.3  00:27    7.9    0.0    0.8    5.9   46.7  15:39    225
 22    8.5   12.9  14:21    5.1  22:48    9.8    0.0    0.0   12.6   49.9  13:06    255
 23    7.4   11.3  13:21    4.9  02:22   11.0    0.0    0.2   17.5   51.5  13:33    258
 24    8.2   12.6  13:25    5.6  06:16   10.1    0.0    2.4    8.9   49.9  04:27    250
 25    8.5    9.8  10:09    7.4  23:54    9.9    0.0    4.8    6.9   40.2  11:05    120
 26    7.7    9.7  15:51    6.6  02:13   10.6    0.0    4.4    3.5   33.8  22:40     79
 27    6.1    9.5  11:26    1.1  23:12   12.2    0.0    4.6    5.4   40.2  07:10    136
 28    6.2   11.3  15:44    1.8  00:00   12.2    0.0    1.4    0.9   29.0  01:40     74
 29    7.1   12.8  14:11    0.7  01:20   11.2    0.0    1.0    1.6   27.4  11:21    162
 30    8.4   13.3  12:35    3.3  06:31    9.9    0.0    0.4    5.1   48.3  13:57    131
 31   10.0   13.4  14:08    7.7  03:36    8.3    0.0    3.6    4.3   29.0  04:58     79
---------------------------------------------------------------------------------------
       8.2   17.5     12    0.2     16  313.8    0.0  121.0    6.1   59.5     04    167
    
Updated: 01/04/24 00:00:00