Loughlinstown, Co Dublin, Ireland

53° 14.91' N | 006° 08.15' W | 24 meter | Show on map

Climate Summary February 2024

18/07/24 19:10:00 IST

Station: Vantage Vue
Software: WeeWX v5.1.0
WeeWX uptime: 7 days, 7 hours, 27 minutes
Server uptime: 7 days, 7 hours, 27 minutes
                   MONTHLY CLIMATOLOGICAL SUMMARY for Feb 2024


NAME: Loughlinstown, Co Dublin, Ireland                  
ELEV: 24 meter    LAT: 53-14.91 N    LONG: 006-08.15 W


                   TEMPERATURE (°C), RAIN (mm), WIND SPEED (km/h)

                                         HEAT   COOL         AVG
      MEAN                               DEG    DEG          WIND                   DOM
DAY   TEMP   HIGH   TIME    LOW   TIME   DAYS   DAYS   RAIN  SPEED   HIGH   TIME    DIR
---------------------------------------------------------------------------------------
 01    7.6   11.7  23:10    2.7  08:10   10.8    0.0    0.0    3.2   33.8  17:40    230
 02   12.3   14.3  12:59   10.6  01:46    6.0    0.0    0.0    8.4   45.1  09:50    244
 03   10.1   12.6  00:20    8.5  20:12    8.2    0.0    1.6    3.0   33.8  17:55    243
 04   11.4   14.8  13:31    8.9  00:00    6.9    0.0    0.0   12.0   59.5  11:40    254
 05   11.3   14.2  12:11    9.2  03:47    7.0    0.0    0.0   14.4   57.9  14:17    247
 06    7.8   12.0  09:12    3.6  19:11   10.5    0.0    8.2    6.6   41.8  00:48    230
 07    4.3    7.5  14:24    0.3  04:34   14.0    0.0    0.0    0.6   20.9  22:31     41
 08    6.0    8.2  17:46    3.8  07:11   12.3    0.0   19.4    6.2   33.8  09:53     48
 09    6.3    7.3  14:33    4.6  23:59   12.0    0.0    8.2    2.9   29.0  00:58     40
 10    5.7    9.9  12:54    0.7  06:23   12.7    0.0    0.2    0.8   20.9  10:18    107
 11    6.1    9.8  15:34    3.2  03:01   12.3    0.0    0.0    4.4   37.0  11:05    258
 12    6.0    9.8  15:11    2.4  06:44   12.4    0.0    0.0    7.0   35.4  02:02    218
 13    7.2    9.4  14:16    4.8  07:06   11.1    0.0    1.2    0.8   19.3  00:11    196
 14   11.2   14.7  12:10    6.9  01:48    7.1    0.0    2.0    2.2   30.6  22:00    125
 15   11.7   14.8  13:57    6.1  23:57    6.7    0.0    1.0    2.7   25.7  00:05    164
 16   10.2   13.9  13:58    5.7  00:23    8.1    0.0    0.0    4.7   35.4  09:46    242
 17   10.5   15.6  15:18    4.1  03:50    7.9    0.0    0.6    2.8   45.1  12:58    150
 18   12.0   15.7  14:21   10.1  05:26    6.3    0.0    0.0    5.3   32.2  12:05    280
 19   10.3   12.8  13:28    6.9  23:23    8.1    0.0    0.2    6.3   46.7  02:47    252
 20   10.0   14.1  14:33    4.8  22:22    8.3    0.0    0.0    3.8   43.5  13:12    221
 21   10.6   14.2  13:25    7.4  00:38    7.7    0.0    1.6    6.0   53.1  13:18    199
 22    5.9    9.9  00:00    3.7  21:34   12.4    0.0    0.8    6.1   38.6  16:00    243
 23    5.0    8.7  13:19    3.1  05:56   13.4    0.0    0.0    6.2   38.6  08:40    243
 24    5.1    9.8  11:31    2.3  23:59   13.3    0.0    0.0    1.2   24.1  08:21    276
 25    6.1    8.5  13:13    1.7  03:07   12.2    0.0    0.4    6.1   33.8  15:01     13
 26    5.4   10.1  14:46    0.6  21:39   13.0    0.0    0.0    5.1   30.6  14:20    318
 27    7.7   12.3  11:43    1.6  00:00   10.6    0.0    0.0    4.7   40.2  10:06    232
 28    9.7   13.4  13:55    5.2  03:05    8.6    0.0    2.8    4.6   43.5  23:58    190
 29    6.2   11.1  13:47    2.2  22:46   12.1    0.0    0.2    4.3   45.1  15:36    239
---------------------------------------------------------------------------------------
       8.3   15.7     18    0.3     07  291.9    0.0   48.4    4.9   59.5     04    244
    
Updated: 01/03/24 00:00:00