Loughlinstown, Co Dublin, Ireland

53° 14.91' N | 006° 08.15' W | 24 meter | Show on map

Climate Summary January 2024

18/07/24 17:50:00 IST

Station: Vantage Vue
Software: WeeWX v5.1.0
WeeWX uptime: 7 days, 6 hours, 7 minutes
Server uptime: 7 days, 6 hours, 7 minutes
                   MONTHLY CLIMATOLOGICAL SUMMARY for Jan 2024


NAME: Loughlinstown, Co Dublin, Ireland                  
ELEV: 24 meter    LAT: 53-14.91 N    LONG: 006-08.15 W


                   TEMPERATURE (°C), RAIN (mm), WIND SPEED (km/h)

                                         HEAT   COOL         AVG
      MEAN                               DEG    DEG          WIND                   DOM
DAY   TEMP   HIGH   TIME    LOW   TIME   DAYS   DAYS   RAIN  SPEED   HIGH   TIME    DIR
---------------------------------------------------------------------------------------
 01    7.3   10.8  22:48    3.2  08:42   11.1    0.0   14.0   11.1   62.8  23:10    233
 02    8.9   10.9  00:16    7.1  23:26    9.4    0.0    3.6    5.2   62.8  01:11    232
 03    7.9    9.8  14:42    5.7  07:38   10.4    0.0    0.0    5.3   33.8  21:21    247
 04    5.6    8.8  14:17    0.9  19:27   12.7    0.0    0.0    4.1   41.8  03:11    236
 05    5.5    8.2  14:02    4.1  00:21   12.8    0.0    0.2    9.9   35.4  07:07    270
 06    4.6    7.8  14:00    2.8  23:36   13.7    0.0    0.0    5.8   29.0  06:24    268
 07    2.8    7.0  14:17    0.7  08:38   15.5    0.0    1.0    0.1   14.5  23:11    277
 08    4.9    5.8  03:04    3.9  00:00   13.4    0.0    0.0    6.1   33.8  22:07     61
 09    4.7    5.4  10:56    4.3  06:23   13.6    0.0    0.0   10.4   41.8  18:21     49
 10    5.9    6.8  13:54    4.7  00:01   12.4    0.0    1.0    5.1   32.2  01:18     28
 11    7.2    8.1  11:53    6.2  23:54   11.1    0.0    0.0    2.9   24.1  02:01     23
 12    4.9    6.2  00:00    1.8  23:58   13.5    0.0    0.0    1.1   16.1  20:48    300
 13    4.6    7.8  12:51    1.7  00:13   13.8    0.0    0.2    1.2   20.9  15:09    278
 14    3.9    6.6  14:03    1.3  23:58   14.4    0.0    0.0    4.4   25.7  14:23    272
 15    0.8    3.4  14:18   -0.6  05:11   17.5    0.0    0.0    4.2   25.7  01:54    265
 16    3.2    5.9  14:55    0.4  00:00   15.1    0.0    0.0    6.0   35.4  15:56    240
 17    0.3    3.8  13:54   -2.2  07:41   18.0    0.0    0.0    2.7   25.7  00:00    275
 18    0.7    4.2  14:26   -1.8  01:02   17.6    0.0    0.0    6.6   30.6  03:10    269
 19    3.9    7.6  23:59   -1.9  01:16   14.4    0.0    0.0    6.4   45.1  23:44    197
 20    8.4    9.8  12:27    6.6  05:49    9.9    0.0    4.8   10.0   48.3  06:07    153
 21   10.7   14.1  17:48    6.9  02:34    7.7    0.0    8.0   20.4   88.5  21:26    206
 22    7.2    9.4  00:01    5.6  14:53   11.2    0.0    4.2   20.3   75.6  01:00    239
 23   10.8   15.6  13:05    5.8  00:00    7.5    0.0    3.2   16.5   74.0  20:43    211
 24    8.5   11.0  15:26    5.9  21:32    9.8    0.0    0.2   11.4   67.6  00:42    240
 25   11.5   14.9  14:09    6.8  00:50    6.9    0.0    2.4    8.2   54.7  19:42    179
 26    6.9   10.4  00:00    4.3  08:16   11.4    0.0    2.2   12.1   62.8  00:52    228
 27    8.8   10.6  12:03    5.9  00:03    9.5    0.0    0.0    7.4   48.3  13:42    163
 28   10.7   13.4  16:14    7.6  23:57    7.6    0.0    0.0    9.8   48.3  06:30    144
 29    5.1    7.6  00:00    2.8  23:56   13.3    0.0   23.8    5.7   33.8  22:10    309
 30    4.6    9.7  13:52    1.5  19:40   13.7    0.0    0.0    5.1   32.2  03:21    266
 31    7.8   12.3  14:53    3.8  23:41   10.5    0.0    1.4    9.2   61.2  14:52    213
---------------------------------------------------------------------------------------
       6.1   15.6     23   -2.2     17  379.6    0.0   70.2    7.6   88.5     21    229
    
Updated: 01/02/24 00:00:00