Loughlinstown, Co Dublin, Ireland

53° 14.91' N | 006° 08.15' W | 24 meter | Show on map

Climate Summary December 2023

18/07/24 18:20:00 IST

Station: Vantage Vue
Software: WeeWX v5.1.0
WeeWX uptime: 7 days, 6 hours, 37 minutes
Server uptime: 7 days, 6 hours, 37 minutes
                   MONTHLY CLIMATOLOGICAL SUMMARY for Dec 2023


NAME: Loughlinstown, Co Dublin, Ireland                  
ELEV: 24 meter    LAT: 53-14.91 N    LONG: 006-08.15 W


                   TEMPERATURE (°C), RAIN (mm), WIND SPEED (km/h)

                                         HEAT   COOL         AVG
      MEAN                               DEG    DEG          WIND                   DOM
DAY   TEMP   HIGH   TIME    LOW   TIME   DAYS   DAYS   RAIN  SPEED   HIGH   TIME    DIR
---------------------------------------------------------------------------------------
 01    1.5    6.6  14:02   -1.9  23:59   16.9    0.0    0.2    0.4   14.5  02:05    272
 02    1.6    6.1  12:39   -3.0  08:37   16.7    0.0    0.0    0.1   12.9  03:58    231
 03    3.2    6.4  20:18   -0.9  00:01   15.1    0.0    1.0    2.5   30.6  20:35    358
 04    4.8    6.0  03:18    3.0  08:45   13.5    0.0    0.2   11.2   43.5  03:31    294
 05    4.6    6.9  13:25    1.9  21:50   13.7    0.0    2.0    4.4   35.4  01:24    276
 06    7.4    9.2  14:14    2.2  00:23   10.9    0.0   11.4   12.3   56.3  19:10    132
 07    9.7   12.1  12:07    7.3  18:00    8.6    0.0   15.4    6.9   51.5  01:40    129
 08    9.6   10.6  12:16    7.8  00:27    8.8    0.0    0.0    9.9   48.3  13:40    200
 09   10.1   11.9  07:17    8.2  23:29    8.3    0.0    6.4   19.0   86.9  19:30    242
 10    9.2   11.6  13:41    7.1  08:13    9.2    0.0    8.8   12.8   72.4  19:40    227
 11    9.0   10.7  20:55    7.4  08:46    9.3    0.0   11.0    4.8   45.1  00:00    268
 12    8.0    9.5  00:11    5.2  08:27   10.4    0.0    0.6    3.1   25.7  19:01    284
 13    6.1    8.6  13:53    2.1  19:08   12.2    0.0    0.0    4.1   30.6  03:49    281
 14    8.9   10.4  13:50    6.8  00:00    9.4    0.0    0.0    4.9   30.6  03:00    248
 15   10.2   13.7  13:54    8.1  09:02    8.1    0.0    0.0    2.2   30.6  20:50    224
 16   10.5   14.7  12:31    6.6  20:37    7.8    0.0    0.0    1.4   41.8  12:47    311
 17   11.9   13.9  12:03    8.6  03:46    6.5    0.0    0.0    5.9   43.5  11:40    206
 18   12.9   14.4  14:04    9.6  23:57    5.4    0.0    0.2    5.7   38.6  03:35    223
 19    7.8    9.7  00:00    5.9  09:31   10.5    0.0    1.8    9.5   51.5  18:44    257
 20   10.4   12.0  13:42    8.2  00:00    7.9    0.0    0.0   20.2   62.8  13:23    262
 21   11.1   12.1  07:53    9.3  19:55    7.3    0.0    1.8   23.6   70.8  03:13    261
 22   10.3   11.4  12:38    9.5  06:17    8.0    0.0    0.2   20.3   74.0  04:31    259
 23   11.4   13.8  22:50    9.4  03:58    7.0    0.0    0.2   19.7   67.6  04:06    238
 24   12.5   14.2  11:14   10.1  22:12    5.8    0.0    0.2   19.9   82.1  11:36    239
 25    9.4   10.9  12:27    7.7  21:33    8.9    0.0    0.2   11.8   56.3  23:06    233
 26    6.5    8.8  20:37    3.2  07:38   11.9    0.0    7.2    6.8   66.0  01:44    216
 27    9.4   12.4  07:26    6.4  22:50    9.0    0.0   33.4   13.0   64.4  13:58    177
 28    8.2   10.1  09:42    6.3  16:36   10.1    0.0    8.2   22.8   62.8  03:35    223
 29    6.2    7.7  10:31    3.6  23:59   12.1    0.0    0.4   20.5   64.4  04:11    234
 30    7.6   10.1  10:21    3.4  00:07   10.7    0.0   10.0    7.0   40.2  05:35    150
 31    7.3    8.7  12:49    5.7  04:28   11.0    0.0    1.2   15.4   67.6  20:04    242
---------------------------------------------------------------------------------------
       8.3   14.7     16   -3.0     02  311.0    0.0  122.0   10.4   86.9     09    237
    
Updated: 01/01/24 00:00:00