Loughlinstown, Co Dublin, Ireland

53° 14.91' N | 006° 08.15' W | 24 meter | Show on map

Climate Summary November 2023

18/07/24 19:20:00 IST

Station: Vantage Vue
Software: WeeWX v5.1.0
WeeWX uptime: 7 days, 7 hours, 37 minutes
Server uptime: 7 days, 7 hours, 37 minutes
                   MONTHLY CLIMATOLOGICAL SUMMARY for Nov 2023


NAME: Loughlinstown, Co Dublin, Ireland                  
ELEV: 24 meter    LAT: 53-14.91 N    LONG: 006-08.15 W


                   TEMPERATURE (°C), RAIN (mm), WIND SPEED (km/h)

                                         HEAT   COOL         AVG
      MEAN                               DEG    DEG          WIND                   DOM
DAY   TEMP   HIGH   TIME    LOW   TIME   DAYS   DAYS   RAIN  SPEED   HIGH   TIME    DIR
---------------------------------------------------------------------------------------
 01    9.3   13.3  00:15    3.3  21:05    9.0    0.0    5.2    4.8   51.5  10:50    210
 02    7.8   10.1  15:13    5.7  07:50   10.5    0.0    5.6    5.1   33.8  15:15    293
 03    8.3   12.1  14:48    4.9  23:59   10.0    0.0    0.6    6.6   40.2  08:44    269
 04    7.8   10.6  13:13    3.8  02:12   10.6    0.0   17.4    4.2   32.2  14:22    342
 05    8.8   12.9  14:28    6.7  00:00    9.5    0.0    0.0    6.0   45.1  23:34    257
 06    9.1   11.9  15:07    7.4  04:43    9.2    0.0    0.0   11.1   43.5  18:54    249
 07    9.1   12.3  13:55    6.9  20:48    9.2    0.0    0.0    8.2   45.1  01:43    259
 08    8.8   10.6  05:11    5.9  23:59    9.6    0.0    2.2    8.8   45.1  05:16    237
 09    7.1    9.8  13:17    4.4  07:44   11.2    0.0    0.0    6.5   49.9  15:44    230
 10    7.6   11.2  14:04    5.2  07:43   10.8    0.0    3.6    7.1   37.0  14:50    278
 11    7.7   10.2  20:26    3.1  08:17   10.7    0.0    0.2    3.8   29.0  21:00    194
 12   10.0   14.0  14:46    6.9  19:09    8.4    0.0    6.4    5.6   41.8  04:16    113
 13   11.5   13.2  14:14    9.4  08:39    6.8    0.0   15.2   17.1   77.2  07:30    251
 14   11.2   13.4  13:54    9.7  23:24    7.2    0.0    0.0   10.4   40.2  23:33    246
 15    8.2   11.4  13:04    4.7  23:49   10.1    0.0    0.0    7.8   45.1  02:08    284
 16    7.1   11.1  13:10    4.3  02:41   11.2    0.0    0.0    1.3   29.0  20:03    235
 17    8.4   11.1  23:56    4.7  00:11   10.0    0.0    4.6    7.2   51.5  22:08    179
 18   12.7   14.2  12:55   11.1  00:00    5.6    0.0    0.2    4.0   33.8  00:30    184
 19   11.5   13.3  11:37    8.3  23:59    6.8    0.0    0.4    9.8   46.7  13:37    224
 20    9.8   11.8  13:34    7.1  01:33    8.5    0.0    0.4   11.1   46.7  19:56    305
 21    7.7   10.7  13:21    5.7  08:15   10.6    0.0    0.0    4.3   35.4  00:00    275
 22   11.7   13.2  14:20    9.2  00:00    6.6    0.0    0.0   10.0   46.7  23:29    247
 23   12.1   14.8  14:02    9.2  23:58    6.2    0.0    0.0   15.2   54.7  11:45    281
 24    7.4    9.6  12:40    1.8  23:25   11.0    0.0    0.0    6.1   32.2  06:18    295
 25    4.0    7.6  22:00   -1.1  04:48   14.3    0.0    0.0    0.0   11.3  21:21    163
 26    9.4   11.1  14:07    7.4  00:00    8.9    0.0    0.2    2.1   24.1  06:51    152
 27    7.6    9.4  00:00    4.2  20:21   10.8    0.0    0.0    7.0   35.4  07:05    288
 28    5.4    8.8  13:46    2.4  21:54   13.0    0.0    0.0    1.7   27.4  01:28    273
 29    3.7    5.7  13:47    1.2  01:47   14.7    0.0    1.2    1.3   27.4  23:40    340
 30    4.5    6.9  12:08    1.9  23:59   13.9    0.0    1.8    6.6   38.6  01:40     15
---------------------------------------------------------------------------------------
       8.5   14.8     23   -1.1     25  294.9    0.0   65.2    6.7   77.2     13    261
    
Updated: 01/12/23 00:00:00