Loughlinstown, Co Dublin, Ireland

53° 14.91' N | 006° 08.15' W | 24 meter | Show on map

Climate Summary October 2023

18/07/24 18:00:00 IST

Station: Vantage Vue
Software: WeeWX v5.1.0
WeeWX uptime: 7 days, 6 hours, 17 minutes
Server uptime: 7 days, 6 hours, 17 minutes
                   MONTHLY CLIMATOLOGICAL SUMMARY for Oct 2023


NAME: Loughlinstown, Co Dublin, Ireland                  
ELEV: 24 meter    LAT: 53-14.91 N    LONG: 006-08.15 W


                   TEMPERATURE (°C), RAIN (mm), WIND SPEED (km/h)

                                         HEAT   COOL         AVG
      MEAN                               DEG    DEG          WIND                   DOM
DAY   TEMP   HIGH   TIME    LOW   TIME   DAYS   DAYS   RAIN  SPEED   HIGH   TIME    DIR
---------------------------------------------------------------------------------------
 01   16.0   20.7  16:03   10.8  22:53    2.3    0.0    0.4    1.5   24.1  10:26    360
 02   12.0   15.3  14:44    8.3  22:45    6.3    0.0    0.0    1.0   22.5  02:35    240
 03   13.4   17.9  15:39    9.2  00:59    4.9    0.0    0.0    7.2   41.8  09:18    272
 04   14.5   18.7  15:56   11.2  00:00    3.8    0.0    0.0    6.3   40.2  12:04    291
 05   15.9   18.6  16:51   13.7  07:17    2.4    0.0    1.0    7.7   49.9  11:19    337
 06   19.1   20.8  14:09   17.5  23:59    0.0    0.7    0.0    8.3   43.5  20:46    290
 07   17.6   22.7  14:47   14.0  05:13    0.7    0.0    0.0    0.8   29.0  01:21    359
 08   16.0   23.2  14:44   11.7  06:10    2.3    0.0    0.0    0.2   20.9  13:08    357
 09   15.2   19.1  11:08   12.1  08:04    3.1    0.0    0.0    0.0    9.7  12:19      0
 10   17.9   23.4  15:41   13.5  05:11    0.5    0.0    0.0    5.3   37.0  09:33    351
 11   11.5   16.8  00:00    5.5  23:19    6.9    0.0    9.4    2.3   30.6  00:28    299
 12    9.9   14.1  11:49    3.9  07:36    8.4    0.0    0.2    0.0   11.3  20:22    112
 13   10.9   13.9  15:51    7.8  23:54    7.4    0.0    6.0    6.3   43.5  14:36    275
 14    8.3   12.8  14:00    5.1  23:58   10.1    0.0    0.0    7.1   32.2  09:28    279
 15    7.2   12.0  12:44    3.2  07:33   11.1    0.0    0.2    0.9   20.9  03:58    275
 16    8.6   12.6  13:26    3.5  03:29    9.7    0.0    0.0    2.0   24.1  23:53     97
 17   12.2   13.4  18:03   10.8  02:20    6.1    0.0    1.6    5.8   43.5  23:29    106
 18   13.1   14.2  12:32   10.8  00:39    5.2    0.0   24.6    4.1   35.4  00:10    105
 19   13.8   16.3  13:58   12.4  06:51    4.5    0.0   15.8    1.3   22.5  22:10     22
 20   12.1   14.1  09:52    9.8  23:23    6.3    0.0   23.4    7.6   46.7  19:23     16
 21    9.0   11.7  16:05    4.6  23:54    9.4    0.0    1.6    5.4   38.6  02:31    324
 22    7.3   13.6  14:57    1.9  08:09   11.0    0.0    0.2    0.1   12.9  03:51     75
 23   13.0   14.6  14:19    7.6  00:00    5.3    0.0   13.4    6.4   35.4  19:10    113
 24   10.2   12.8  10:31    5.3  23:45    8.2    0.0    8.6    2.3   30.6  04:50    124
 25    9.8   13.3  12:50    4.7  01:34    8.6    0.0    0.6    1.4   29.0  23:35    130
 26   11.5   15.7  14:56    8.0  23:59    6.9    0.0    0.8    1.3   24.1  00:00     94
 27    9.4   14.0  15:22    4.1  04:31    8.9    0.0    5.6    0.9   20.9  19:20    111
 28   10.8   14.2  14:21    7.0  05:54    7.5    0.0   10.0    2.8   37.0  16:29     62
 29    8.3   13.4  14:46    3.0  07:12   10.0    0.0    7.8    0.7   20.9  12:19    128
 30    8.7   12.9  13:22    3.3  07:35    9.6    0.0    4.4    0.0   11.3  14:56     39
 31    9.8   13.2  23:59    5.1  07:59    8.6    0.0    5.2    1.8   33.8  22:10    125
---------------------------------------------------------------------------------------
      12.0   23.4     10    1.9     22  196.0    0.7  140.8    3.2   49.9     05    355
    
Updated: 01/11/23 00:00:00