Loughlinstown, Co Dublin, Ireland

53° 14.91' N | 006° 08.15' W | 24 meter | Show on map

Climate Summary September 2023

18/07/24 19:10:00 IST

Station: Vantage Vue
Software: WeeWX v5.1.0
WeeWX uptime: 7 days, 7 hours, 27 minutes
Server uptime: 7 days, 7 hours, 27 minutes
                   MONTHLY CLIMATOLOGICAL SUMMARY for Sep 2023


NAME: Loughlinstown, Co Dublin, Ireland                  
ELEV: 24 meter    LAT: 53-14.91 N    LONG: 006-08.15 W


                   TEMPERATURE (°C), RAIN (mm), WIND SPEED (km/h)

                                         HEAT   COOL         AVG
      MEAN                               DEG    DEG          WIND                   DOM
DAY   TEMP   HIGH   TIME    LOW   TIME   DAYS   DAYS   RAIN  SPEED   HIGH   TIME    DIR
---------------------------------------------------------------------------------------
 01   16.5   21.9  11:20   12.6  00:00    1.8    0.0    0.0    0.4   14.5  10:50      3
 02   16.3   22.4  12:40   11.6  01:00    2.0    0.0    0.0    0.3   14.5  14:50     12
 03   16.5   23.5  16:40   10.3  06:40    1.8    0.0    0.0    0.1   12.9  11:50      0
 04   16.9   22.8  17:30    9.8  06:40    1.5    0.0    0.2    0.1   12.9  13:10      0
 05   18.1   24.3  09:30   13.2  06:50    0.3    0.0    0.0    0.2   12.9  11:40      0
 06   19.3   25.4  13:50   13.2  06:50    0.0    0.9    0.0    0.7   19.3  16:50      0
 07   18.5   24.4  13:40   14.4  04:00    0.0    0.2    0.0    0.0   14.5  14:50      0
 08   19.2   25.0  10:10   15.0  06:10    0.0    0.9    0.0    0.1   16.1  23:30      0
 09   19.2   23.5  12:50   16.5  06:50    0.0    0.9    0.0    0.1   17.7  13:30      0
 10   18.4   21.8  11:10   14.7  04:30    0.0    0.1    0.2    0.1   11.3  18:40      0
 11   16.3   18.8  01:00   14.3  23:50    2.0    0.0   12.8    0.6   19.3  00:50    281
 12   13.7   17.8  12:50    8.3  00:00    4.6    0.0    0.8    4.2   29.0  15:10    347
 13   12.5   17.7  13:50    6.3  06:00    5.9    0.0    0.6    1.9   32.2  18:50      8
 14   15.4   20.2  10:20   10.9  06:30    2.9    0.0    5.2    1.4   25.7  02:50    289
 15   12.0   12.5  10:30   11.2  20:10    6.4    0.0   40.2    3.0   27.4  13:30    315
 16   12.8   15.3  23:20   11.1  01:20    5.6    0.0    8.2    5.2   29.0  04:50    338
 17   15.1   16.3  13:20   14.4  07:40    3.3    0.0   20.8    0.8   27.4  07:20     90
 18   13.8   16.4  13:30   11.4  23:40    4.5    0.0    5.2    9.9   49.9  13:40    309
 19   16.8   21.9  16:10   11.3  03:20    1.5    0.0    3.0    8.8   48.3  07:30    331
 20   15.2   19.2  16:10    9.5  21:50    3.1    0.0    2.8    9.5   51.5  06:20    357
 21   12.9   18.1  15:40    8.3  05:00    5.4    0.0    0.0    2.5   25.7  23:49    320
 22   12.2   16.9  15:25    8.3  23:59    6.1    0.0    0.0    9.9   41.8  11:57    286
 23   11.8   15.9  23:58    3.8  06:59    6.5    0.0    1.4    5.0   37.0  18:56    355
 24   15.9   19.0  13:18   13.8  20:37    2.4    0.0    6.0    7.0   53.1  15:50      6
 25   15.8   19.6  16:49   13.1  03:57    2.5    0.0    0.0    4.0   40.2  00:00      2
 26   14.7   18.7  14:04    9.3  23:59    3.6    0.0    3.2    5.2   38.6  06:49    355
 27   14.1   16.1  15:42    9.2  00:02    4.2    0.0   23.2   12.9   64.4  20:47    102
 28   13.7   15.2  14:53   11.4  22:32    4.6    0.0    0.2    4.6   48.3  00:14    302
 29   14.2   18.7  15:38    9.9  23:35    4.1    0.0    0.0    9.0   40.2  12:00    300
 30   12.7   16.1  21:44    8.6  03:19    5.7    0.0   11.8    2.3   35.4  13:35    132
---------------------------------------------------------------------------------------
      15.3   25.4     06    3.8     23   92.5    2.9  145.8    3.7   64.4     27    338
    
Updated: 01/10/23 00:00:00