Loughlinstown, Co Dublin, Ireland

53° 14.91' N | 006° 08.15' W | 24 meter | Show on map

Climate Summary August 2023

18/07/24 17:50:00 IST

Station: Vantage Vue
Software: WeeWX v5.1.0
WeeWX uptime: 7 days, 6 hours, 7 minutes
Server uptime: 7 days, 6 hours, 7 minutes
                   MONTHLY CLIMATOLOGICAL SUMMARY for Aug 2023


NAME: Loughlinstown, Co Dublin, Ireland                  
ELEV: 24 meter    LAT: 53-14.91 N    LONG: 006-08.15 W


                   TEMPERATURE (°C), RAIN (mm), WIND SPEED (km/h)

                                         HEAT   COOL         AVG
      MEAN                               DEG    DEG          WIND                   DOM
DAY   TEMP   HIGH   TIME    LOW   TIME   DAYS   DAYS   RAIN  SPEED   HIGH   TIME    DIR
---------------------------------------------------------------------------------------
 01   16.6   23.6  13:10   12.9  05:25    1.7    0.0    6.8    5.9   37.0  01:42    297
 02   14.5   15.4  18:04   13.6  03:14    3.9    0.0   11.6    5.5   35.4  09:49    355
 03   15.7   20.9  16:28   12.9  05:23    2.6    0.0    0.8    8.0   40.2  16:51    295
 04   15.1   19.8  15:25   10.7  05:37    3.2    0.0    0.6    4.3   32.2  07:43    300
 05   13.5   17.8  16:26   11.2  08:05    4.9    0.0   49.8    7.6   53.1  07:00     15
 06   14.9   20.3  14:01   10.8  03:04    3.5    0.0    1.8    4.5   37.0  12:42    303
 07   14.6   19.9  14:22    7.3  04:18    3.7    0.0    0.0    1.3   20.9  16:08    318
 08   15.3   20.2  09:00   10.9  06:42    3.1    0.0    0.0    0.1   12.9  11:12     15
 09   17.4   21.6  10:58   12.2  00:00    0.9    0.0    0.0    0.1   12.9  14:18     13
 10   18.1   22.5  15:41   16.2  01:15    0.2    0.0    0.0    4.5   33.8  12:51     64
 11   18.5   22.7  15:28   15.0  04:55    0.0    0.2    0.0    5.6   37.0  18:43    353
 12   18.6   23.1  14:31   15.2  23:52    0.0    0.3    0.0    8.0   41.8  00:41    230
 13   17.8   24.4  16:22   13.9  06:01    0.5    0.0    0.0    4.9   32.2  15:02    267
 14   16.6   21.5  17:52   11.7  02:18    1.7    0.0    0.0    2.7   24.1  14:00    305
 15   17.0   22.9  15:30   13.2  03:18    1.3    0.0    0.0    2.7   24.1  05:50    317
 16   14.8   20.2  10:58   10.0  23:58    3.5    0.0    0.0    0.2   12.9  11:54     17
 17   15.6   20.7  14:32    8.4  06:03    2.7    0.0    0.6    1.6   33.8  23:43     21
 18   16.5   18.3  00:00   15.7  08:51    1.8    0.0   49.6    4.7   49.9  23:19    104
 19   18.8   23.4  14:41   15.9  02:36    0.0    0.5    1.8   10.3   70.8  02:40     78
 20   18.4   24.7  16:12   13.2  03:01    0.0    0.1    0.0    1.9   27.4  14:30     12
 21   19.2   23.3  15:27   15.6  22:49    0.0    0.9    0.0    4.7   43.5  14:50    349
 22   17.7   22.6  17:10   13.1  22:21    0.7    0.0    0.0    5.7   33.8  13:46    300
 23   16.8   20.3  16:34   13.5  00:00    1.5    0.0    0.4    0.7   19.3  13:22    350
 24   15.9   20.4  13:23   12.1  07:28    2.4    0.0    0.0    3.3   27.4  19:05    349
 25   15.0   21.6  14:15   11.4  05:21    3.4    0.0    5.6    3.0   30.6  11:25    329
 26   14.4   19.0  12:34   11.8  04:48    3.9    0.0    9.8    5.7   32.2  02:50    285
 27   14.9   21.2  15:55   12.4  07:00    3.5    0.0    0.0    7.7   40.2  17:40    302
 28   15.3   19.1  14:48   11.6  02:17    3.1    0.0    0.6    4.6   27.4  10:08    305
 29   15.2   19.5  15:12   12.7  06:54    3.2    0.0    0.0    5.1   32.2  14:45    324
 30   14.8   19.4  12:31   11.3  06:47    3.5    0.0    0.0    3.6   27.4  02:30    292
 31   14.1   16.3  17:44   12.4  00:13    4.2    0.0    1.6    2.2   27.4  12:42    101
---------------------------------------------------------------------------------------
      16.2   24.7     20    7.3     07   68.6    2.0  141.4    4.2   70.8     19    322
    
Updated: 09/01/23 00:00:00