Loughlinstown, Co Dublin, Ireland

53° 14.91' N | 006° 08.15' W | 24 meter | Show on map

Climate Summary July 2023

18/07/24 18:50:00 IST

Station: Vantage Vue
Software: WeeWX v5.1.0
WeeWX uptime: 7 days, 7 hours, 7 minutes
Server uptime: 7 days, 7 hours, 7 minutes
                   MONTHLY CLIMATOLOGICAL SUMMARY for Jul 2023


NAME: Loughlinstown, Co Dublin, Ireland                  
ELEV: 24 meter    LAT: 53-14.91 N    LONG: 006-08.15 W


                   TEMPERATURE (°C), RAIN (mm), WIND SPEED (km/h)

                                         HEAT   COOL         AVG
      MEAN                               DEG    DEG          WIND                   DOM
DAY   TEMP   HIGH   TIME    LOW   TIME   DAYS   DAYS   RAIN  SPEED   HIGH   TIME    DIR
---------------------------------------------------------------------------------------
 01   16.4   20.8  14:36   12.9  23:13    1.9    0.0    0.0   10.1   41.8  05:44    296
 02   14.8   19.2  16:26   11.6  02:53    3.5    0.0    0.4    8.2   43.5  17:51    299
 03   14.1   19.2  16:48   10.4  02:57    4.3    0.0    2.8    5.8   38.6  14:47    258
 04   15.3   21.4  12:31   10.6  05:30    3.0    0.0    1.2    5.1   33.8  01:55    260
 05   15.3   21.1  14:07   10.0  04:29    3.1    0.0    1.0    6.0   35.4  14:42    284
 06   15.1   19.3  11:06   12.5  03:56    3.2    0.0    3.0    6.1   45.1  15:15    115
 07   17.8   21.7  18:22   14.6  23:16    0.5    0.0    1.0    5.8   43.5  17:13     90
 08   19.1   23.9  13:11   14.7  00:03    0.0    0.7    0.2    5.9   40.2  02:47    103
 09   16.6   21.5  17:49   11.9  05:08    1.8    0.0    4.4    3.0   29.0  09:20     39
 10   15.2   17.7  16:58   12.9  00:11    3.2    0.0   17.4    0.9   24.1  11:29     59
 11   16.2   20.9  15:38   13.5  02:07    2.1    0.0    1.2    3.0   30.6  22:26    285
 12   16.1   21.3  17:10   12.0  23:46    2.2    0.0    1.0    5.8   33.8  10:27    323
 13   16.0   20.4  18:47   11.3  00:39    2.3    0.0    0.4    0.7   22.5  15:47     18
 14   15.0   18.2  18:31   13.2  04:30    3.4    0.0   20.0    5.1   35.4  20:30     95
 15   15.1   18.4  17:10   13.5  10:09    3.2    0.0    4.6   11.7   59.5  18:14    242
 16   15.4   21.7  14:47   11.8  23:12    3.0    0.0    3.0    7.3   54.7  00:23    267
 17   15.7   21.0  13:26   11.7  03:33    2.6    0.0    1.8    2.6   33.8  08:24    256
 18   14.8   20.2  17:40   12.6  06:14    3.5    0.0    8.0    1.1   22.5  13:43     96
 19   15.7   20.9  14:05   12.6  23:44    2.7    0.0    0.6    1.9   24.1  08:50    295
 20   14.8   19.9  09:52   12.4  05:46    3.6    0.0    7.2    0.3   17.7  11:18    294
 21   14.9   20.3  14:55   11.4  05:12    3.4    0.0    1.2    3.7   30.6  09:43    303
 22   16.7   20.7  15:28   13.9  00:00    1.7    0.0   17.8    0.8   20.9  01:40    213
 23   15.1   17.9  09:40   14.0  22:23    3.2    0.0    5.6    4.1   29.0  18:02    337
 24   15.0   19.8  12:54   11.8  23:55    3.3    0.0    0.0    1.5   22.5  00:00    345
 25   15.3   21.7  13:03    9.1  05:59    3.0    0.0    0.0    1.6   20.9  10:36    331
 26   15.0   17.6  08:32    9.6  05:14    3.4    0.0    5.2    1.6   25.7  12:58    110
 27   19.4   25.2  14:34   16.4  05:36    0.0    1.1    0.0    2.9   29.0  09:50    344
 28   17.1   22.5  15:20   13.9  06:01    1.2    0.0    0.0    2.0   29.0  14:50      6
 29   16.9   22.0  14:43   12.4  05:25    1.4    0.0    0.0    8.0   41.8  13:32    355
 30   16.0   18.8  19:28   13.6  04:20    2.4    0.0    2.6    4.9   35.4  01:14    313
 31   16.3   20.8  16:33   13.9  23:58    2.0    0.0    5.0    8.6   40.2  16:21    299
---------------------------------------------------------------------------------------
      15.9   25.2     27    9.1     25   78.0    1.9  116.6    4.4   59.5     15    299
    
Updated: 08/01/23 00:00:00