Loughlinstown, Co Dublin, Ireland

53° 14.91' N | 006° 08.15' W | 24 meter | Show on map

Climate Summary June 2023

18/07/24 19:40:00 IST

Station: Vantage Vue
Software: WeeWX v5.1.0
WeeWX uptime: 7 days, 7 hours, 57 minutes
Server uptime: 7 days, 7 hours, 57 minutes
                   MONTHLY CLIMATOLOGICAL SUMMARY for Jun 2023


NAME: Loughlinstown, Co Dublin, Ireland                  
ELEV: 24 meter    LAT: 53-14.91 N    LONG: 006-08.15 W


                   TEMPERATURE (°C), RAIN (mm), WIND SPEED (km/h)

                                         HEAT   COOL         AVG
      MEAN                               DEG    DEG          WIND                   DOM
DAY   TEMP   HIGH   TIME    LOW   TIME   DAYS   DAYS   RAIN  SPEED   HIGH   TIME    DIR
---------------------------------------------------------------------------------------
 01   13.6   17.6  16:20    8.0  05:29    4.7    0.0    0.0    2.0   20.9  10:06      3
 02   13.0   15.9  14:20    8.2  23:44    5.3    0.0    0.0    2.1   19.3  13:17     15
 03   13.8   19.1  08:28    6.7  03:24    4.5    0.0    0.0    0.6   14.5  12:20      0
 04   14.5   19.1  13:29    7.3  04:33    3.9    0.0    0.0    0.7   17.7  17:10      2
 05   15.0   19.8  09:16    7.8  05:10    3.3    0.0    0.0    1.0   20.9  15:50    357
 06   13.0   17.2  07:40    7.8  04:58    5.4    0.0    0.0    1.3   22.5  11:45     13
 07   12.3   15.6  13:27    7.8  01:39    6.0    0.0    0.0    2.3   24.1  12:15     16
 08   12.1   16.3  18:16    7.5  03:50    6.2    0.0    0.0    2.0   25.7  15:15     10
 09   15.4   19.9  17:41    7.9  03:25    3.0    0.0    0.0    1.0   22.5  14:01      8
 10   15.8   21.2  12:04   11.2  03:06    2.5    0.0    0.6    0.1   12.9  12:32      6
 11   18.2   22.8  18:04   14.2  05:20    0.2    0.0    0.0    0.9   22.5  14:47      3
 12   18.3   23.0  17:44   15.1  03:25    0.0    0.0    3.4    0.2   14.5  17:06      0
 13   20.0   25.1  17:53   15.7  23:57    0.0    1.7    7.6    0.3   11.3  14:19    357
 14   17.9   22.5  08:45   12.3  23:57    0.4    0.0    0.0    0.6   16.1  13:19      1
 15   16.6   22.3  10:13    9.6  04:03    1.8    0.0    0.0    0.5   12.9  13:08      9
 16   15.9   19.4  10:49   11.8  05:20    2.4    0.0    2.6    0.7   16.1  20:23     45
 17   15.3   18.1  15:30   14.1  05:20    3.0    0.0    6.6    2.1   19.3  00:16     75
 18   16.7   21.4  14:53   14.3  06:33    1.7    0.0    0.2    1.4   24.1  17:02     26
 19   17.8   24.2  12:13   13.7  04:42    0.5    0.0    2.0    1.3   24.1  10:10     13
 20   16.4   21.2  12:20   12.3  05:23    2.0    0.0   18.0    0.8   24.1  17:29    355
 21   19.2   25.2  16:31   14.4  04:14    0.0    0.8    0.0    2.3   32.2  18:08    338
 22   16.4   22.1  08:43   11.4  05:12    1.9    0.0    0.0    0.7   17.7  18:37     19
 23   17.6   21.3  17:50   15.1  00:23    0.8    0.0    1.4    2.5   30.6  08:32     79
 24   20.9   26.9  12:44   16.7  23:19    0.0    2.6    0.0    3.7   32.2  17:04      8
 25   17.0   22.9  15:35   13.3  22:43    1.4    0.0    4.4    2.8   35.4  03:44    233
 26   17.0   21.7  14:19   12.4  04:04    1.3    0.0    0.0    7.0   32.2  06:07    236
 27   18.9   23.0  15:32   14.4  06:06    0.0    0.5    1.4    3.3   30.6  14:27    225
 28   17.3   23.3  16:30   14.4  23:59    1.0    0.0    2.6    3.4   45.1  10:03    267
 29   15.9   21.6  13:10   10.3  05:16    2.5    0.0    0.0    3.4   29.0  14:55    253
 30   16.8   21.7  18:32   13.2  05:06    1.5    0.0    0.8    6.4   43.5  23:12    274
---------------------------------------------------------------------------------------
      16.3   26.9     24    6.7     03   67.3    5.6   51.6    1.9   45.1     28    324
    
Updated: 07/01/23 00:00:00