Loughlinstown, Co Dublin, Ireland

53° 14.91' N | 006° 08.15' W | 24 meter | Show on map

Climate Summary May 2023

18/07/24 18:20:00 IST

Station: Vantage Vue
Software: WeeWX v5.1.0
WeeWX uptime: 7 days, 6 hours, 37 minutes
Server uptime: 7 days, 6 hours, 37 minutes
                   MONTHLY CLIMATOLOGICAL SUMMARY for May 2023


NAME: Loughlinstown, Co Dublin, Ireland                  
ELEV: 24 meter    LAT: 53-14.91 N    LONG: 006-08.15 W


                   TEMPERATURE (°C), RAIN (mm), WIND SPEED (km/h)

                                         HEAT   COOL         AVG
      MEAN                               DEG    DEG          WIND                   DOM
DAY   TEMP   HIGH   TIME    LOW   TIME   DAYS   DAYS   RAIN  SPEED   HIGH   TIME    DIR
---------------------------------------------------------------------------------------
 01   13.0   18.6  14:37    9.3  23:10    5.4    0.0    0.0    3.5   29.0  01:08    316
 02   12.5   17.7  13:10    9.8  00:00    5.8    0.0    0.0    2.3   25.7  14:09     16
 03   12.7   16.4  15:22    9.5  01:13    5.6    0.0    0.0    2.6   30.6  11:29     55
 04   11.6   15.3  15:08    9.0  05:40    6.7    0.0    6.0    2.2   24.1  23:18     59
 05   13.6   18.3  17:50   10.6  04:28    4.7    0.0    0.6    3.9   25.7  05:10     45
 06   12.6   16.4  14:32   10.2  23:25    5.7    0.0    2.2    1.6   20.9  13:00     58
 07   13.8   19.7  13:53    8.3  05:21    4.6    0.0    0.2    3.1   40.2  20:27      2
 08   15.5   21.1  14:31   11.9  22:03    2.8    0.0    8.6    2.4   32.2  00:38    303
 09   12.4   15.8  12:37    8.1  05:03    6.0    0.0    0.4    0.9   19.3  18:07     98
 10   13.2   16.5  16:42   11.0  00:00    5.2    0.0    0.2    6.4   38.6  18:52    244
 11   12.0   16.0  10:22    8.8  23:48    6.4    0.0    6.8    3.7   37.0  10:46    260
 12   11.9   16.3  14:40    7.5  23:59    6.5    0.0    0.2    1.4   19.3  10:34    324
 13   10.7   15.6  11:31    5.7  03:55    7.6    0.0    0.0    0.5   12.9  13:08     46
 14   12.2   16.6  16:31    8.0  05:13    6.1    0.0    0.6    2.9   30.6  12:57    276
 15   10.8   15.7  14:08    6.3  04:40    7.5    0.0    0.0    3.2   27.4  07:56    313
 16   11.9   17.6  14:07    6.1  05:25    6.4    0.0    0.0    1.8   25.7  10:52    291
 17   12.9   16.9  14:21    6.3  05:43    5.5    0.0    0.0    1.2   20.9  23:10    291
 18   14.5   19.5  11:01   10.3  06:11    3.8    0.0    0.0    2.6   27.4  02:01    266
 19   13.6   17.7  14:58   10.3  05:44    4.8    0.0    0.2    2.4   20.9  02:30    284
 20   13.7   17.7  14:31   10.7  05:41    4.6    0.0    0.0    0.2   11.3  12:50      1
 21   13.8   17.7  10:41    8.7  05:28    4.5    0.0    0.2    0.7   16.1  13:40     25
 22   13.8   17.8  14:35   10.1  22:21    4.5    0.0    0.4    3.7   29.0  16:49    344
 23   13.1   19.1  13:06    9.2  03:22    5.2    0.0    0.0    1.9   22.5  10:58    305
 24   14.2   20.0  14:24    9.4  00:02    4.1    0.0    0.0    4.0   27.4  05:23    293
 25   15.1   19.5  12:35   10.2  05:54    3.3    0.0    0.0    2.1   22.5  07:33    331
 26   15.1   19.6  17:15   10.2  23:56    3.3    0.0    0.0    1.3   20.9  17:22    350
 27   15.2   20.1  17:31    7.9  05:46    3.2    0.0    0.0    0.5   14.5  12:39      1
 28   13.7   16.8  14:28   11.3  06:20    4.7    0.0    0.0    4.9   27.4  13:19    353
 29   14.0   17.7  15:56    8.6  05:35    4.4    0.0    0.0    1.7   22.5  16:43      4
 30   13.7   17.8  12:16    7.1  05:12    4.6    0.0    0.0    1.0   22.5  12:57      8
 31   13.1   17.1  12:38    7.9  05:25    5.2    0.0    0.0    2.3   24.1  14:54      5
---------------------------------------------------------------------------------------
      13.2   21.1     08    5.7     13  158.6    0.0   26.6    2.3   40.2     07    325
    
Updated: 06/01/23 00:00:00