Loughlinstown, Co Dublin, Ireland

53° 14.91' N | 006° 08.15' W | 24 meter | Show on map

Climate Summary April 2023

18/07/24 19:30:00 IST

Station: Vantage Vue
Software: WeeWX v5.1.0
WeeWX uptime: 7 days, 7 hours, 47 minutes
Server uptime: 7 days, 7 hours, 47 minutes
                   MONTHLY CLIMATOLOGICAL SUMMARY for Apr 2023


NAME: Loughlinstown, Co Dublin, Ireland                  
ELEV: 24 meter    LAT: 53-14.91 N    LONG: 006-08.15 W


                   TEMPERATURE (°C), RAIN (mm), WIND SPEED (km/h)

                                         HEAT   COOL         AVG
      MEAN                               DEG    DEG          WIND                   DOM
DAY   TEMP   HIGH   TIME    LOW   TIME   DAYS   DAYS   RAIN  SPEED   HIGH   TIME    DIR
---------------------------------------------------------------------------------------
 01    9.1   11.9  13:59    8.2  18:40    9.2    0.0   10.6    5.0   32.2  05:03    285
 02    8.7   12.3  12:01    4.9  23:58    9.6    0.0    0.6    1.8   29.0  00:25    299
 03    8.0   11.6  16:19    4.8  00:22   10.3    0.0    0.0    5.2   33.8  07:30    118
 04    9.3   14.2  15:00    5.4  00:54    9.1    0.0    4.2    3.8   30.6  13:27    109
 05   12.1   16.4  13:48    9.5  00:49    6.3    0.0    1.8    2.6   29.0  19:11    258
 06    9.8   15.2  16:25    3.8  23:15    8.5    0.0    0.2    4.4   25.7  13:11    290
 07    7.6   13.3  14:46    1.1  06:54   10.7    0.0    0.0    1.6   30.6  16:04     43
 08    8.5   13.4  12:45    2.1  06:25    9.8    0.0    0.2    4.4   33.8  13:33     58
 09   10.2   11.8  16:01    8.6  06:16    8.1    0.0    0.2   10.4   49.9  12:45    132
 10    8.9   12.7  15:07    6.6  22:33    9.4    0.0    4.4    8.4   56.3  17:49    245
 11    7.2   10.2  14:46    3.9  23:38   11.2    0.0   11.6   11.4   59.5  18:31    220
 12    5.6    9.3  12:46    2.9  08:56   12.8    0.0    5.8   14.7   69.2  18:32    248
 13    8.9   14.0  14:20    5.5  06:28    9.4    0.0    0.0   12.6   51.5  05:17    263
 14    8.0   13.8  12:45    1.3  06:57   10.3    0.0    0.0    1.9   25.7  18:40    328
 15    9.2   13.8  10:10    4.8  06:07    9.2    0.0    2.4    2.5   29.0  14:14     54
 16   12.0   17.8  11:44    8.6  23:18    6.4    0.0    2.6    0.9   16.1  01:06     36
 17   12.2   19.1  12:35    6.9  01:40    6.1    0.0    0.0    2.2   30.6  16:48     45
 18   10.9   13.4  14:24    9.4  06:12    7.5    0.0    0.0    2.5   27.4  23:56     17
 19    9.9   12.4  13:26    8.1  04:10    8.4    0.0    0.0    9.1   37.0  10:41     41
 20   10.4   13.0  13:33    7.7  06:07    7.9    0.0    0.0    6.8   32.2  06:42     26
 21   10.1   13.3  14:18    8.2  03:08    8.2    0.0    0.0    8.1   37.0  15:26     18
 22    8.6    9.9  10:16    6.0  23:58    9.8    0.0    3.8    1.3   20.9  00:24     27
 23    9.0   14.2  14:46    5.3  02:41    9.3    0.0    2.2    1.2   17.7  11:57    338
 24    7.2    9.9  14:35    3.1  22:07   11.2    0.0   16.8    4.0   27.4  12:10    353
 25    7.2   12.2  13:49    0.7  05:38   11.2    0.0    0.2    1.5   24.1  15:25     60
 26    9.3   12.8  13:01    5.2  05:53    9.0    0.0    0.0    2.1   24.1  11:34     24
 27    9.9   11.5  17:10    8.3  00:27    8.5    0.0    1.4    3.8   30.6  12:32    116
 28   11.6   15.9  18:29    7.8  23:59    6.7    0.0    0.8    0.1   14.5  19:50     17
 29   11.3   15.4  17:30    6.3  03:56    7.1    0.0    9.4    0.1    9.7  13:12      2
 30   13.8   19.3  13:58   10.4  03:10    4.5    0.0    4.4    2.5   33.8  19:14    323
---------------------------------------------------------------------------------------
       9.5   19.3     30    0.7     25  265.5    0.0   83.6    4.6   69.2     12    317
    
Updated: 05/01/23 00:00:00