Loughlinstown, Co Dublin, Ireland

53° 14.91' N | 006° 08.15' W | 24 meter | Show on map

Climate Summary March 2023

18/07/24 18:00:00 IST

Station: Vantage Vue
Software: WeeWX v5.1.0
WeeWX uptime: 7 days, 6 hours, 17 minutes
Server uptime: 7 days, 6 hours, 17 minutes
                   MONTHLY CLIMATOLOGICAL SUMMARY for Mar 2023


NAME: Loughlinstown, Co Dublin, Ireland                  
ELEV: 24 meter    LAT: 53-14.91 N    LONG: 006-08.15 W


                   TEMPERATURE (°C), RAIN (mm), WIND SPEED (km/h)

                                         HEAT   COOL         AVG
      MEAN                               DEG    DEG          WIND                   DOM
DAY   TEMP   HIGH   TIME    LOW   TIME   DAYS   DAYS   RAIN  SPEED   HIGH   TIME    DIR
---------------------------------------------------------------------------------------
 01    7.2    8.8  12:31    5.7  09:22   11.2    0.0    0.8    6.6   29.0  18:48    359
 02    6.6    8.3  12:12    5.3  03:04   11.7    0.0    1.8    2.5   35.4  01:59     20
 03    5.8    7.7  14:17    4.6  21:01   12.5    0.0    0.4    0.3   16.1  19:39     19
 04    4.9    6.0  14:01    3.7  21:45   13.4    0.0    0.0    0.9   19.3  23:35    281
 05    6.6   11.1  16:11    3.9  03:18   11.8    0.0    0.0    6.5   35.4  22:53    263
 06    5.4    8.3  12:43    2.4  23:55   13.0    0.0    4.0    5.0   33.8  10:34    272
 07    2.3    7.1  14:30   -1.8  21:28   16.0    0.0    0.0    2.3   24.1  10:41    291
 08    4.1    6.0  12:38    3.3  07:08   14.2    0.0    0.0    7.0   30.6  16:09     45
 09    3.3    4.4  16:17    2.0  23:39   15.0    0.0   23.0    9.3   46.7  18:51     26
 10    1.8    6.3  16:31   -2.1  23:43   16.5    0.0   10.4    5.0   54.7  00:55    322
 11    5.1   10.0  19:54   -1.8  00:00   13.3    0.0    8.4    7.6   45.1  22:58    162
 12   10.4   13.5  14:50    7.6  07:00    7.9    0.0    1.0    4.8   41.8  13:28    189
 13    9.7   14.3  12:53    3.4  22:43    8.7    0.0   15.0   10.6   56.3  03:44    225
 14    4.0    9.3  12:00   -0.2  23:56   14.3    0.0    2.2    9.3   41.8  10:24    256
 15    5.5   10.3  21:10   -1.7  02:26   12.9    0.0    4.2    4.7   35.4  12:40    129
 16   12.2   15.9  12:08    9.7  23:57    6.1    0.0    0.2    5.4   38.6  01:01    134
 17   10.3   12.4  16:12    8.7  22:29    8.0    0.0    0.2    3.8   32.2  10:36    126
 18    8.8   13.1  12:06    4.9  23:57    9.5    0.0    1.8    6.0   38.6  17:33    273
 19    7.8   12.1  23:59    4.2  05:39   10.5    0.0    1.8    5.9   35.4  19:13    229
 20   11.9   14.9  11:36   10.2  18:47    6.4    0.0    0.2    3.2   29.0  23:19    136
 21   11.1   15.0  11:09    9.2  04:22    7.2    0.0    2.6    8.4   41.8  16:11    139
 22    9.9   14.2  13:28    6.9  05:11    8.5    0.0    1.2   14.8   51.5  02:00    210
 23   10.1   14.7  15:24    6.2  04:21    8.2    0.0    1.4    9.0   51.5  14:14    217
 24    9.9   14.4  14:03    7.7  00:01    8.5    0.0    0.8   15.7   66.0  17:42    246
 25    9.9   16.0  15:01    5.4  22:44    8.5    0.0    0.0    8.5   46.7  00:30    267
 26    7.3    8.8  16:32    1.4  23:59   11.0    0.0    5.6    3.5   25.7  14:01    343
 27    5.5   10.7  17:12   -1.3  06:52   12.8    0.0    0.0    2.7   32.2  23:42    119
 28   10.8   17.5  15:41    7.8  04:00    7.6    0.0    2.2    5.6   41.8  08:40    129
 29   12.6   17.9  16:51    9.7  09:07    5.8    0.0    1.4    5.1   38.6  14:39     96
 30   12.0   17.5  13:47    8.3  06:01    6.4    0.0    6.0    5.9   35.4  22:13     28
 31    9.8   11.7  16:23    8.7  05:55    8.6    0.0   12.8    3.7   32.2  19:59    309
---------------------------------------------------------------------------------------
       7.8   17.9     29   -2.1     10  325.9    0.0  109.4    6.1   66.0     24    244
    
Updated: 04/01/23 00:00:00