Loughlinstown, Co Dublin, Ireland

53° 14.91' N | 006° 08.15' W | 24 meter | Show on map

Climate Summary February 2023

18/07/24 19:10:00 IST

Station: Vantage Vue
Software: WeeWX v5.1.0
WeeWX uptime: 7 days, 7 hours, 27 minutes
Server uptime: 7 days, 7 hours, 27 minutes
                   MONTHLY CLIMATOLOGICAL SUMMARY for Feb 2023


NAME: Loughlinstown, Co Dublin, Ireland                  
ELEV: 24 meter    LAT: 53-14.91 N    LONG: 006-08.15 W


                   TEMPERATURE (°C), RAIN (mm), WIND SPEED (km/h)

                                         HEAT   COOL         AVG
      MEAN                               DEG    DEG          WIND                   DOM
DAY   TEMP   HIGH   TIME    LOW   TIME   DAYS   DAYS   RAIN  SPEED   HIGH   TIME    DIR
---------------------------------------------------------------------------------------
 01    9.1   11.3  13:44    7.4  00:52    9.3    0.0    0.0   18.4   67.6  01:41    245
 02   10.3   11.3  14:35    9.1  00:01    8.0    0.0    0.0   12.6   56.3  21:00    233
 03   10.9   13.4  15:21    8.9  23:47    7.5    0.0    0.0    5.6   46.7  00:05    233
 04    8.6   12.6  13:54    3.4  22:32    9.7    0.0    0.6    3.0   45.1  16:22    247
 05    3.1    9.9  15:07   -2.1  23:39   15.2    0.0    0.2    1.0   24.1  12:23    139
 06    4.7   10.4  14:49   -2.1  05:37   13.6    0.0    0.0    2.5   30.6  20:54    180
 07    6.9   11.1  13:40    2.1  23:52   11.4    0.0    0.0    0.7   25.7  00:50    212
 08    6.6   11.2  13:48    1.1  07:52   11.7    0.0    0.8    3.7   40.2  21:00    202
 09    5.2    9.9  15:19    0.4  23:59   13.1    0.0    0.2    2.9   27.4  13:34    256
 10    9.2   12.7  12:08    0.2  00:41    9.2    0.0    0.0    4.5   33.8  06:00    232
 11    9.4   11.3  14:22    7.7  22:52    9.0    0.0    0.0    0.9   17.7  00:37    230
 12    8.1    9.6  12:14    6.6  06:38   10.2    0.0    0.0    2.5   27.4  12:47    121
 13    8.4   10.4  14:53    7.4  01:48   10.0    0.0    0.0    5.4   33.8  17:28    131
 14    9.9   13.5  15:56    7.4  00:30    8.4    0.0    0.2    7.4   35.4  14:54    135
 15    8.8   11.1  11:08    6.3  07:45    9.5    0.0    2.0    5.6   35.4  22:45    171
 16   11.5   14.3  15:54    7.6  00:00    6.9    0.0    0.2    5.4   45.1  18:44    288
 17   12.8   14.4  12:45   11.4  08:21    5.6    0.0    0.0   10.0   69.2  06:07    340
 18   11.2   13.8  15:15    8.9  23:54    7.1    0.0    0.0   14.6   66.0  16:36    250
 19   10.7   14.3  16:20    7.9  03:07    7.7    0.0    0.0    4.9   32.2  14:10    254
 20   12.2   15.3  16:11   10.5  06:50    6.1    0.0    0.0    8.0   51.5  08:47    236
 21   10.7   14.8  14:25    6.4  08:24    7.6    0.0    0.0    1.1   19.3  21:16    246
 22    6.2    9.1  16:21    3.6  07:31   12.1    0.0    0.4   10.7   51.5  05:22    273
 23    6.2   10.3  14:14    1.1  07:03   12.1    0.0    0.0    5.0   29.0  23:29    281
 24    8.2   11.2  11:55    4.9  23:08   10.2    0.0    0.0    7.8   37.0  04:30    278
 25    6.4    8.7  12:59    3.6  02:59   12.0    0.0    0.0    4.7   25.7  19:13     24
 26    6.9    9.3  13:30    5.8  02:10   11.4    0.0    0.0    5.0   25.7  00:34     44
 27    6.5    7.5  11:32    5.7  04:12   11.8    0.0    0.4    2.8   22.5  09:41     42
 28    6.9    8.7  11:28    4.9  06:57   11.4    0.0    0.0    5.2   30.6  11:26    343
---------------------------------------------------------------------------------------
       8.4   15.3     20   -2.1     05  277.9    0.0    5.0    5.8   69.2     17    248
    
Updated: 03/01/23 00:00:00