Loughlinstown, Co Dublin, Ireland

53° 14.91' N | 006° 08.15' W | 24 meter | Show on map

Climate Summary January 2023

18/07/24 17:40:00 IST

Station: Vantage Vue
Software: WeeWX v5.1.0
WeeWX uptime: 7 days, 5 hours, 57 minutes
Server uptime: 7 days, 5 hours, 57 minutes
                   MONTHLY CLIMATOLOGICAL SUMMARY for Jan 2023


NAME: Loughlinstown, Co Dublin, Ireland                  
ELEV: 24 meter    LAT: 53-14.91 N    LONG: 006-08.15 W


                   TEMPERATURE (°C), RAIN (mm), WIND SPEED (km/h)

                                         HEAT   COOL         AVG
      MEAN                               DEG    DEG          WIND                   DOM
DAY   TEMP   HIGH   TIME    LOW   TIME   DAYS   DAYS   RAIN  SPEED   HIGH   TIME    DIR
---------------------------------------------------------------------------------------
 01    5.6    7.8  12:57    3.0  23:14   12.8    0.0    0.0    3.3   32.2  00:22    240
 02    2.8    7.8  14:12   -1.6  08:45   15.5    0.0    0.2    2.0   35.4  21:57    169
 03   11.1   14.1  16:42    6.7  00:00    7.2    0.0    3.6   11.2   61.2  21:36    179
 04   11.4   13.5  00:01   10.1  21:50    6.9    0.0    0.2   21.9   67.6  06:35    243
 05   10.4   13.2  13:22    7.9  23:44    7.9    0.0    0.4    8.6   51.5  17:30    216
 06    9.0   11.4  20:11    6.6  04:16    9.4    0.0    1.0    7.5   46.7  00:00    190
 07    8.3   10.5  00:00    5.6  08:41   10.0    0.0    2.6    9.9   56.3  16:48    194
 08    7.2    9.2  14:24    4.8  09:48   11.2    0.0    0.0   10.6   51.5  02:18    220
 09    6.6    8.3  14:04    5.3  04:56   11.8    0.0    0.4   18.6   66.0  14:04    247
 10    9.8   14.7  13:18    6.0  00:04    8.6    0.0   11.2   12.8   64.4  15:49    204
 11    7.5   12.1  23:28    5.2  11:31   10.8    0.0    7.4   18.5   74.0  23:13    230
 12    9.2   12.3  00:23    6.4  17:27    9.1    0.0    1.2   25.5   93.3  21:50    232
 13    8.0    9.9  14:13    6.7  01:03   10.3    0.0    2.0   19.6   77.2  06:04    241
 14    6.1    9.6  01:17    2.9  23:28   12.3    0.0    2.2   16.4   62.8  10:53    236
 15    4.4    5.8  12:25    2.1  23:59   14.0    0.0    1.6   11.2   53.1  00:00    243
 16    1.3    3.7  14:14   -1.8  23:04   17.0    0.0    0.0    5.4   37.0  03:34    271
 17    0.6    3.2  14:21   -1.8  03:54   17.7    0.0    0.0    9.5   49.9  23:24    266
 18    2.6    5.1  13:55    1.4  01:36   15.8    0.0    0.0   15.0   48.3  01:53    264
 19    2.8    6.0  14:09    1.3  05:23   15.5    0.0    0.0    5.6   24.1  00:00    263
 20    2.4    7.7  14:58   -3.8  08:58   15.9    0.0    0.0    1.1   19.3  12:37    169
 21    7.1    8.2  23:52    5.8  01:00   11.2    0.0    0.0    7.4   38.6  21:20    132
 22    9.0   10.4  14:21    8.1  00:19    9.4    0.0    0.2    4.7   33.8  03:20    118
 23    9.7   12.4  14:17    5.1  23:59    8.7    0.0    0.0    1.7   22.5  04:52    119
 24    6.6   11.3  15:03    2.7  06:59   11.7    0.0    0.0    0.0    6.4  12:50    180
 25    7.9   11.3  11:29    4.9  22:36   10.4    0.0    0.4    4.9   41.8  09:49    273
 26    6.6    9.1  14:14    5.3  00:00   11.7    0.0    0.0    4.1   29.0  02:37    279
 27    4.9    7.5  13:41    0.3  23:40   13.5    0.0    0.0    2.3   17.7  05:11    273
 28    5.0    8.3  13:34    0.2  00:30   13.3    0.0    0.2    0.2   12.9  18:50    269
 29    7.7   11.7  13:44    3.5  05:32   10.6    0.0    0.4    7.7   51.5  16:30    248
 30    7.7    9.7  12:23    5.7  07:40   10.6    0.0    0.0    8.5   37.0  03:59    252
 31    8.5   10.1  04:18    7.3  19:45    9.9    0.0    0.0   18.7   64.4  09:54    248
---------------------------------------------------------------------------------------
       6.7   14.7     10   -3.8     20  360.6    0.0   35.2    9.5   93.3     12    235
    
Updated: 02/01/23 00:00:00