Loughlinstown, Co Dublin, Ireland

53° 14.91' N | 006° 08.15' W | 24 meter | Show on map

Climate Summary December 2022

18/07/24 18:10:00 IST

Station: Vantage Vue
Software: WeeWX v5.1.0
WeeWX uptime: 7 days, 6 hours, 27 minutes
Server uptime: 7 days, 6 hours, 27 minutes
                   MONTHLY CLIMATOLOGICAL SUMMARY for Dec 2022


NAME: Loughlinstown, Co Dublin, Ireland                  
ELEV: 24 meter    LAT: 53-14.91 N    LONG: 006-08.15 W


                   TEMPERATURE (°C), RAIN (mm), WIND SPEED (km/h)

                                         HEAT   COOL         AVG
      MEAN                               DEG    DEG          WIND                   DOM
DAY   TEMP   HIGH   TIME    LOW   TIME   DAYS   DAYS   RAIN  SPEED   HIGH   TIME    DIR
---------------------------------------------------------------------------------------
 01    8.6   11.9  13:28    6.5  03:30    9.8    0.0    0.0    1.2   22.5  00:03    165
 02    7.2    9.8  17:21    3.2  08:53   11.1    0.0    0.2    0.4   17.7  23:19     17
 03    8.1    9.1  11:16    7.3  18:51   10.3    0.0    0.0    3.7   27.4  08:30     57
 04    7.3    8.3  20:38    5.7  11:55   11.1    0.0    4.6    9.3   37.0  16:15     52
 05    7.1    8.2  00:08    6.3  17:05   11.2    0.0    8.0    9.3   38.6  13:10     47
 06    5.8    7.5  00:00    3.9  23:56   12.6    0.0    4.6    4.0   25.7  02:10    353
 07    3.2    5.8  14:01    1.3  09:11   15.2    0.0    0.4    4.0   22.5  20:25    276
 08    2.2    4.7  13:02    0.0  18:59   16.1    0.0    0.2    5.9   25.7  00:18    274
 09    1.3    4.2  14:00   -0.6  08:15   17.0    0.0    1.6    5.7   27.4  21:45    270
 10    1.2    3.3  11:01   -0.6  03:18   17.2    0.0    0.4    6.2   29.0  22:23    272
 11    1.0    3.5  13:38   -1.4  23:55   17.3    0.0    0.2    5.1   30.6  17:17    271
 12   -1.0    3.6  14:11   -3.6  06:15   19.3    0.0    0.0    0.3   12.9  15:50    278
 13    3.2    4.8  20:02   -0.8  01:39   15.1    0.0    0.8    4.7   30.6  20:42     21
 14    3.2    5.8  12:56   -0.7  22:09   15.2    0.0    0.0    7.1   29.0  05:21    352
 15    0.9    4.5  13:41   -0.9  01:43   17.5    0.0    0.0    5.0   25.7  17:04    275
 16    1.5    5.5  13:58   -3.2  08:39   16.8    0.0    0.2    2.3   27.4  14:53    224
 17    3.3    7.3  13:13   -0.6  23:36   15.0    0.0    0.0    1.3   24.1  03:08    193
 18    7.8   11.9  22:36   -0.3  00:00   10.6    0.0    3.6   13.4   57.9  08:18    131
 19   11.0   14.2  13:04    5.9  22:18    7.3    0.0    2.4    6.3   41.8  13:07    140
 20    7.3    8.7  13:37    6.1  02:22   11.0    0.0    0.4    6.6   35.4  11:48    199
 21    7.2    9.2  13:51    5.9  03:46   11.2    0.0    0.0   14.2   54.7  06:20    219
 22    5.5    8.2  14:32    0.4  23:54   12.8    0.0    3.2    0.9   19.3  00:07    261
 23    7.6   10.8  14:13    0.3  00:05   10.7    0.0    9.0    5.5   40.2  13:15    188
 24    7.9   10.2  11:30    6.0  02:52   10.4    0.0    7.8    4.2   43.5  13:30    156
 25    7.6   10.9  13:44    2.4  20:32   10.7    0.0   10.6    4.2   45.1  19:48    251
 26    3.7    6.2  13:59    1.8  03:52   14.6    0.0    0.4    8.9   49.9  12:49    232
 27    7.8   12.0  14:50    3.8  00:19   10.6    0.0    1.2    5.8   35.4  21:08    181
 28    8.0   11.1  12:29    4.8  04:56   10.3    0.0    2.8    4.8   43.5  18:38    215
 29    6.5    8.6  23:55    5.3  17:42   11.8    0.0    2.2   15.9   66.0  10:11    227
 30    9.0   10.5  09:10    7.2  18:38    9.4    0.0    3.4   12.2   66.0  16:11    203
 31    7.4   10.3  15:20    5.5  08:38   10.9    0.0    0.2    0.5   17.7  23:26    194
---------------------------------------------------------------------------------------
       5.4   14.2     19   -3.6     12  400.0    0.0   68.4    5.8   66.0     29    224
    
Updated: 01/01/23 00:00:00