Loughlinstown, Co Dublin, Ireland

53° 14.91' N | 006° 08.15' W | 24 meter | Show on map

Climate Summary November 2022

18/07/24 19:20:00 IST

Station: Vantage Vue
Software: WeeWX v5.1.0
WeeWX uptime: 7 days, 7 hours, 37 minutes
Server uptime: 7 days, 7 hours, 37 minutes
                   MONTHLY CLIMATOLOGICAL SUMMARY for Nov 2022


NAME: Loughlinstown, Co Dublin, Ireland                  
ELEV: 24 meter    LAT: 53-14.91 N    LONG: 006-08.15 W


                   TEMPERATURE (°C), RAIN (mm), WIND SPEED (km/h)

                                         HEAT   COOL         AVG
      MEAN                               DEG    DEG          WIND                   DOM
DAY   TEMP   HIGH   TIME    LOW   TIME   DAYS   DAYS   RAIN  SPEED   HIGH   TIME    DIR
---------------------------------------------------------------------------------------
 01    9.9   12.9  11:54    8.0  23:59    8.4    0.0    0.4    7.4   37.0  21:23    233
 02   10.2   13.8  13:35    6.9  04:20    8.1    0.0    8.0   13.1   61.2  18:50    196
 03    8.4   11.8  10:36    4.6  06:32   10.0    0.0    2.0    2.7   24.1  17:57    286
 04    8.4   11.4  13:24    5.7  00:08    9.9    0.0    0.0    5.3   29.0  12:12    261
 05   11.3   14.4  14:37    8.2  18:18    7.0    0.0    0.4    5.4   35.4  06:37    158
 06   11.1   15.0  13:47    8.4  08:18    7.3    0.0    0.0    5.3   35.4  21:38    184
 07   12.3   14.5  14:08    8.9  23:52    6.0    0.0    7.4    8.7   57.9  17:39    140
 08   10.5   13.2  14:34    7.8  01:46    7.9    0.0    1.4    5.4   40.2  23:53    184
 09   11.3   13.7  23:11    8.9  06:05    7.0    0.0    0.6    8.1   40.2  00:00    221
 10   15.4   17.1  11:28   13.6  00:00    3.0    0.0    0.0   11.6   49.9  11:26    354
 11   15.7   16.8  13:57   14.3  23:59    2.6    0.0    0.0    9.8   48.3  10:22    110
 12   13.7   14.5  01:32   13.0  14:30    4.6    0.0    0.0    8.4   33.8  02:10    131
 13   14.4   15.2  11:51   13.6  01:10    4.0    0.0    0.4    7.4   37.0  11:50    123
 14   11.2   13.6  00:00    9.6  16:47    7.1    0.0   11.6    6.1   59.5  22:11    129
 15    8.4   12.4  02:12    4.8  18:52    9.9    0.0    8.0    4.5   43.5  00:00    190
 16    7.0   12.2  14:37    2.5  08:32   11.3    0.0    3.4    0.6   16.1  00:01    167
 17    6.7    8.9  11:07    4.7  05:42   11.6    0.0    0.2    7.8   35.4  23:12    297
 18    7.5   10.2  14:01    5.6  23:23   10.9    0.0    0.0   11.9   48.3  07:30    284
 19    5.7    9.3  14:27   -1.1  08:06   12.6    0.0    0.2    4.3   43.5  17:52     51
 20    7.7    9.8  13:46    5.3  20:46   10.6    0.0    0.0   11.5   49.9  12:11    243
 21    7.5   11.1  04:36    2.2  23:48   10.8    0.0   18.4    9.6   56.3  07:14    113
 22    4.6    8.5  11:42    0.2  22:13   13.7    0.0    0.2    1.6   19.3  08:58    276
 23    8.5   11.4  13:53    2.4  00:00    9.9    0.0    5.4   12.2   53.1  04:49    214
 24    8.5   11.2  13:21    6.1  19:58    9.8    0.0   10.4   10.6   56.3  15:30    191
 25    9.3   12.1  13:52    7.0  03:20    9.1    0.0    0.0    6.5   43.5  11:19    215
 26   12.2   14.2  20:34   10.6  00:12    6.1    0.0    1.6   11.4   57.9  12:08    149
 27    9.0   11.9  10:59    6.8  20:05    9.3    0.0    0.8    3.3   41.8  19:06    139
 28    7.3    9.1  11:52    5.6  06:11   11.0    0.0    0.2    4.5   29.0  12:53    267
 29    5.6    8.9  13:18    2.6  06:41   12.7    0.0    0.2    0.8   19.3  02:39    260
 30    9.3   10.7  12:46    4.8  00:00    9.0    0.0    0.0    3.3   27.4  19:09    129
---------------------------------------------------------------------------------------
       9.6   17.1     10   -1.1     19  261.2    0.0   81.2    7.0   61.2     02    192
    
Updated: 12/01/22 00:00:00