Loughlinstown, Co Dublin, Ireland

53° 14.91' N | 006° 08.15' W | 24 meter | Show on map

Climate Summary September 2022

18/07/24 19:00:00 IST

Station: Vantage Vue
Software: WeeWX v5.1.0
WeeWX uptime: 7 days, 7 hours, 17 minutes
Server uptime: 7 days, 7 hours, 17 minutes
                   MONTHLY CLIMATOLOGICAL SUMMARY for Sep 2022


NAME: Loughlinstown, Co Dublin, Ireland                  
ELEV: 24 meter    LAT: 53-14.91 N    LONG: 006-08.15 W


                   TEMPERATURE (°C), RAIN (mm), WIND SPEED (km/h)

                                         HEAT   COOL         AVG
      MEAN                               DEG    DEG          WIND                   DOM
DAY   TEMP   HIGH   TIME    LOW   TIME   DAYS   DAYS   RAIN  SPEED   HIGH   TIME    DIR
---------------------------------------------------------------------------------------
 01   16.7   20.1  13:43   12.9  05:43    1.7    0.0    0.0    3.6   27.4  12:02     15
 02   17.0   21.2  10:41   13.7  06:37    1.4    0.0    0.0    2.2   24.1  14:37     52
 03   14.0   15.9  00:00   12.3  22:32    4.3    0.0   17.6    3.5   43.5  18:14     93
 04   16.3   19.7  13:13   11.1  07:27    2.1    0.0   31.4    6.9   49.9  04:33     75
 05   16.3   19.7  13:20   10.7  07:17    2.1    0.0    4.2    7.4   45.1  12:00     90
 06   15.7   19.0  11:15   12.9  22:46    2.6    0.0    7.8    8.7   37.0  05:34    115
 07   15.8   17.7  15:04   13.9  05:38    2.5    0.0   14.2    6.4   35.4  12:25     46
 08   15.7   17.7  18:17   14.7  06:25    2.6    0.0    3.0    4.8   24.1  02:02     15
 09   16.0   19.4  14:37   14.2  06:49    2.3    0.0    9.4    5.1   32.2  05:39    297
 10   14.5   22.1  16:38   10.2  04:56    3.9    0.0    0.6    0.9   12.9  11:50    354
 11   15.0   18.6  19:07    9.3  02:21    3.3    0.0    3.6    4.8   35.4  15:34     95
 12   16.2   18.5  13:14   12.3  22:55    2.1    0.0    1.4    0.9   20.9  00:00    339
 13   12.9   17.8  17:10    8.8  04:19    5.4    0.0    0.2    1.7   19.3  13:10    354
 14   13.7   17.2  16:02   10.2  05:12    4.6    0.0    0.0    5.5   30.6  15:00    288
 15   14.3   18.9  16:30   10.9  06:38    4.1    0.0    0.0    5.8   27.4  17:20    294
 16   13.0   17.0  12:22    8.4  23:55    5.3    0.0    0.0    5.8   29.0  13:15    313
 17   11.3   16.6  13:28    6.7  05:47    7.1    0.0    0.0    1.7   24.1  11:21    317
 18   14.0   19.4  15:22    7.6  01:34    4.3    0.0    0.0    3.7   27.4  13:14    300
 19   14.4   18.1  12:02   11.2  21:15    4.0    0.0    0.0    0.9   14.5  13:09    284
 20   15.1   19.6  17:08    9.4  07:48    3.2    0.0    0.0    0.4   11.3  14:36     29
 21   15.0   19.5  12:49    9.2  05:32    3.4    0.0    0.0    2.2   33.8  22:25     77
 22   14.5   16.4  17:22   10.3  21:55    3.9    0.0   10.0    1.2   20.9  01:05    123
 23   12.6   18.5  16:12    8.8  04:13    5.7    0.0    2.4    3.4   22.5  09:16    322
 24   12.0   16.3  15:50    8.6  23:58    6.3    0.0    0.0    5.2   27.4  08:42    317
 25   12.3   16.7  13:18    7.8  06:01    6.0    0.0    0.0    7.6   56.3  22:19    252
 26   12.9   15.3  00:32   10.3  23:09    5.5    0.0    0.6   14.1   51.5  00:23    276
 27   11.6   13.7  13:37    9.5  23:56    6.7    0.0    0.0   11.5   46.7  01:47    267
 28   10.8   14.2  15:03    8.1  07:47    7.5    0.0    0.2    7.3   32.2  03:48    280
 29   11.7   17.3  15:04    7.8  23:59    6.6    0.0    0.0    6.0   35.4  03:05    288
 30   13.5   18.2  16:36    7.2  00:31    4.9    0.0    4.6   10.6   49.9  13:24    250
---------------------------------------------------------------------------------------
      14.2   22.1     10    6.7     17  125.3    0.0  111.2    5.0   56.3     25    300
    
Updated: 10/01/22 00:00:00