Loughlinstown, Co Dublin, Ireland

53° 14.91' N | 006° 08.15' W | 24 meter | Show on map

Climate Summary August 2022

18/07/24 17:40:00 IST

Station: Vantage Vue
Software: WeeWX v5.1.0
WeeWX uptime: 7 days, 5 hours, 57 minutes
Server uptime: 7 days, 5 hours, 57 minutes
                   MONTHLY CLIMATOLOGICAL SUMMARY for Aug 2022


NAME: Loughlinstown, Co Dublin, Ireland                  
ELEV: 24 meter    LAT: 53-14.91 N    LONG: 006-08.15 W


                   TEMPERATURE (°C), RAIN (mm), WIND SPEED (km/h)

                                         HEAT   COOL         AVG
      MEAN                               DEG    DEG          WIND                   DOM
DAY   TEMP   HIGH   TIME    LOW   TIME   DAYS   DAYS   RAIN  SPEED   HIGH   TIME    DIR
---------------------------------------------------------------------------------------
 01   17.0   21.6  14:25    9.5  06:11    1.3    0.0    0.4    4.0   38.6  22:25    152
 02   22.4   27.9  15:41   17.9  23:58    0.0    4.1    0.0    7.9   38.6  00:01    220
 03   18.8   24.3  13:21   13.6  23:59    0.0    0.5    0.0    8.7   38.6  11:13    243
 04   15.7   21.3  17:37   10.7  05:32    2.7    0.0    0.0    7.7   33.8  00:46    273
 05   15.9   22.5  17:12   10.7  04:24    2.5    0.0    0.4    7.4   33.8  07:35    269
 06   15.7   21.9  11:20    7.1  06:08    2.6    0.0    0.0    2.1   19.3  19:20    264
 07   17.6   23.6  13:05   11.2  05:07    0.7    0.0    0.0    4.2   33.8  11:17    261
 08   17.2   23.5  09:41    9.1  05:58    1.1    0.0    0.0    1.8   20.9  00:42     55
 09   17.6   23.6  09:15   10.7  05:30    0.7    0.0    0.0    1.2   16.1  15:50     63
 10   18.4   26.2  09:25   10.4  05:25    0.0    0.0    0.0    1.2   17.7  17:27     56
 11   19.0   26.8  08:58   10.6  06:12    0.0    0.7    0.0    0.6   14.5  16:25     60
 12   19.3   26.4  14:28   11.1  05:18    0.0    1.0    0.0    0.9   14.5  13:01    336
 13   19.8   26.6  12:23   13.4  05:35    0.0    1.5    0.0    1.3   14.5  08:35    322
 14   19.7   27.3  12:55   14.1  01:30    0.0    1.3    0.0    1.5   16.1  12:01    313
 15   18.6   23.2  14:32   16.2  06:07    0.0    0.3    3.8    1.1   19.3  13:47    351
 16   15.9   18.9  11:31   13.2  23:45    2.4    0.0    1.0    6.8   30.6  21:53    306
 17   15.0   20.9  15:06   11.7  02:02    3.3    0.0    0.2    4.3   27.4  02:28    285
 18   18.3   24.4  16:28   14.4  23:55    0.0    0.0    0.0    5.2   40.2  18:21    323
 19   17.0   23.5  15:54   12.2  06:36    1.3    0.0    0.0    7.9   38.6  14:29    269
 20   18.0   24.5  14:47   14.3  22:34    0.3    0.0    0.0    9.9   45.1  14:17    233
 21   15.5   22.2  12:31    7.6  06:23    2.8    0.0    0.0    3.3   25.7  16:08     68
 22   18.4   23.3  17:31   14.3  01:26    0.0    0.1    1.8    2.1   27.4  11:42    235
 23   20.0   25.1  13:33   15.9  03:37    0.0    1.6    0.0    2.7   24.1  10:42    347
 24   17.0   21.7  17:28   11.6  00:00    1.3    0.0    1.8    3.6   32.2  03:05    276
 25   16.1   22.7  12:19    9.5  04:03    2.3    0.0    0.0    3.2   25.7  06:05    330
 26   16.6   20.2  17:04   11.0  23:55    1.8    0.0    0.0    4.3   32.2  10:31    277
 27   14.7   20.7  10:03    8.3  05:41    3.6    0.0    0.0    1.0   16.1  14:27     23
 28   15.1   19.9  15:37   10.1  04:00    3.2    0.0    0.0    0.3    9.7  12:29    337
 29   17.0   23.1  09:13   11.9  06:46    1.4    0.0    0.0    1.5   19.3  17:56     13
 30   16.7   20.7  12:20   12.9  04:46    1.7    0.0    0.0    2.6   20.9  15:30     12
 31   16.0   20.4  15:40   13.1  06:59    2.4    0.0    0.0    3.4   19.3  08:53    360
---------------------------------------------------------------------------------------
      17.4   27.9     02    7.1     06   39.4   11.1    9.4    3.7   45.1     20    278
    
Updated: 09/01/22 00:00:00