Loughlinstown, Co Dublin, Ireland

53° 14.91' N | 006° 08.15' W | 24 meter | Show on map

Climate Summary July 2022

18/07/24 18:30:00 IST

Station: Vantage Vue
Software: WeeWX v5.1.0
WeeWX uptime: 7 days, 6 hours, 47 minutes
Server uptime: 7 days, 6 hours, 47 minutes
                   MONTHLY CLIMATOLOGICAL SUMMARY for Jul 2022


NAME: Loughlinstown, Co Dublin, Ireland                  
ELEV: 24 meter    LAT: 53-14.91 N    LONG: 006-08.15 W


                   TEMPERATURE (°C), RAIN (mm), WIND SPEED (km/h)

                                         HEAT   COOL         AVG
      MEAN                               DEG    DEG          WIND                   DOM
DAY   TEMP   HIGH   TIME    LOW   TIME   DAYS   DAYS   RAIN  SPEED   HIGH   TIME    DIR
---------------------------------------------------------------------------------------
 01   15.0   19.2  13:38   12.2  23:54    3.3    0.0    1.2    3.0   29.0  16:43    178
 02   15.9   21.8  19:02   10.8  04:21    2.4    0.0    0.0    5.0   27.4  00:55    240
 03   15.4   19.8  16:12   11.1  05:11    3.0    0.0    0.0    8.9   33.8  06:11    261
 04   15.3   20.7  17:03   11.4  04:41    3.1    0.0    0.0    7.6   32.2  10:32    260
 05   17.0   21.9  15:07   12.9  01:01    1.3    0.0    0.0    6.6   33.8  09:24    272
 06   18.2   23.2  14:08   14.6  03:27    0.1    0.0    0.0   11.7   41.8  23:16    263
 07   18.1   24.7  12:21   14.2  03:26    0.2    0.0    0.0    6.8   37.0  00:02    280
 08   18.9   24.6  14:24   14.3  05:14    0.0    0.6    0.0    5.5   29.0  07:54    273
 09   18.2   21.4  12:12   15.3  22:32    0.1    0.0    0.0    3.5   24.1  00:22    277
 10   17.4   22.0  10:58   13.9  03:21    0.9    0.0    0.0    1.5   19.3  12:25     70
 11   18.2   23.9  11:09    9.8  04:14    0.1    0.0    0.0    2.0   20.9  11:30     84
 12   20.2   25.9  13:14   16.8  06:19    0.0    1.9    1.2    3.0   27.4  13:16    258
 13   17.5   23.6  16:11   11.8  06:04    0.8    0.0    0.0    5.8   29.0  20:27    273
 14   17.1   22.9  12:48   12.2  06:04    1.2    0.0    0.0    4.9   29.0  10:19    271
 15   18.6   25.6  16:22   12.6  23:59    0.0    0.3    0.0    5.0   29.0  07:09    260
 16   18.1   25.4  17:19   10.7  05:43    0.3    0.0    0.0    2.1   25.7  14:40     88
 17   19.6   25.7  12:22   15.7  03:24    0.0    1.2    0.0    3.1   29.0  15:06     92
 18   20.1   27.7  10:06   12.3  05:40    0.0    1.8    0.0    1.8   24.1  12:10     69
 19   21.1   30.3  11:21   14.8  05:43    0.0    2.8    0.6    2.5   30.6  11:47    290
 20   17.5   21.0  15:51   14.3  06:05    0.9    0.0    0.0    9.0   40.2  03:50    282
 21   16.2   20.4  14:39   12.6  22:54    2.1    0.0    0.0    2.7   19.3  01:53    330
 22   16.3   21.8  12:30   12.3  05:54    2.0    0.0    0.0    1.9   20.9  19:28     57
 23   18.6   24.1  14:27   15.1  00:10    0.0    0.3    1.8    5.6   38.6  11:20    139
 24   20.4   25.6  14:40   15.9  05:58    0.0    2.1    0.0    6.3   37.0  14:50    164
 25   17.5   22.0  14:34   14.4  23:57    0.8    0.0    0.0   11.6   46.7  09:48    274
 26   15.0   18.9  12:38   11.6  23:58    3.3    0.0    0.0    3.2   25.7  00:34    294
 27   13.5   18.2  13:28    7.2  05:15    4.9    0.0    0.0    0.7   12.9  09:38     56
 28   15.2   20.4  11:44   11.2  23:59    3.2    0.0    0.0    0.9   14.5  12:28     32
 29   17.2   21.7  15:40   10.7  01:07    1.1    0.0    0.0    1.9   22.5  15:00    115
 30   19.1   25.2  12:43   17.2  06:06    0.0    0.8   12.2    3.8   29.0  13:54    227
 31   15.7   18.8  16:50   12.0  23:57    2.7    0.0    2.6    1.0   17.7  19:05     20
---------------------------------------------------------------------------------------
      17.5   30.3     19    7.2     27   37.8   11.8   19.6    4.5   46.7     25    263
    
Updated: 08/01/22 00:00:00