Loughlinstown, Co Dublin, Ireland

53° 14.91' N | 006° 08.15' W | 24 meter | Show on map

Climate Summary June 2022

18/07/24 19:30:00 IST

Station: Vantage Vue
Software: WeeWX v5.1.0
WeeWX uptime: 7 days, 7 hours, 47 minutes
Server uptime: 7 days, 7 hours, 47 minutes
                   MONTHLY CLIMATOLOGICAL SUMMARY for Jun 2022


NAME: Loughlinstown, Co Dublin, Ireland                  
ELEV: 24 meter    LAT: 53-14.91 N    LONG: 006-08.15 W


                   TEMPERATURE (°C), RAIN (mm), WIND SPEED (km/h)

                                         HEAT   COOL         AVG
      MEAN                               DEG    DEG          WIND                   DOM
DAY   TEMP   HIGH   TIME    LOW   TIME   DAYS   DAYS   RAIN  SPEED   HIGH   TIME    DIR
---------------------------------------------------------------------------------------
 01   12.5   17.6  12:24    6.9  23:59    5.8    0.0    0.6    3.2   20.9  00:00    298
 02   11.9   18.7  16:07    4.5  03:49    6.4    0.0    6.8    2.0   25.7  10:54    105
 03   13.1   16.8  14:28    9.7  06:40    5.2    0.0    3.2    3.2   29.0  17:42      2
 04   13.8   16.9  14:50   11.6  05:05    4.6    0.0    0.0    6.0   30.6  10:35     23
 05   11.2   12.7  08:45   10.6  11:48    7.2    0.0   11.6    2.2   24.1  11:28     23
 06   12.6   16.6  16:44    7.9  23:57    5.7    0.0    0.0    1.4   16.1  03:16     31
 07   12.3   16.1  09:50    5.8  04:39    6.0    0.0    0.6    3.6   27.4  23:30    102
 08   15.7   21.1  16:36   11.7  05:33    2.7    0.0    1.0   10.4   45.1  19:00    237
 09   15.7   23.7  16:34   11.0  01:59    2.6    0.0    2.6    5.2   30.6  11:34    191
 10   16.0   21.6  12:58   12.0  04:28    2.3    0.0    2.6    6.3   41.8  12:33    192
 11   16.0   21.3  13:40   11.8  04:14    2.3    0.0    0.0    9.8   48.3  16:08    223
 12   14.3   17.6  11:27   11.1  06:02    4.0    0.0    0.0   10.1   41.8  13:59    250
 13   14.3   17.8  13:00   10.9  02:17    4.0    0.0    0.0    4.2   25.7  16:50    259
 14   14.4   19.7  10:18    9.4  23:58    4.0    0.0    0.0    2.6   25.7  14:02    113
 15   15.2   21.2  08:20    8.8  05:25    3.2    0.0    0.0    1.4   19.3  15:16     78
 16   16.6   23.3  15:50   10.3  03:49    1.7    0.0    0.0    3.0   30.6  15:56     92
 17   19.1   23.0  08:34   15.0  23:57    0.0    0.7    0.0    5.7   32.2  05:09    240
 18   14.3   18.5  09:46   10.1  05:28    4.0    0.0    0.0    6.1   32.2  19:57    276
 19   14.0   19.1  14:24    9.8  02:35    4.4    0.0    0.0    8.3   35.4  02:25    311
 20   14.9   20.6  11:04    8.9  05:21    3.5    0.0    0.0    2.7   20.9  00:00    319
 21   16.8   22.4  10:30   12.0  03:37    1.6    0.0    0.0    1.9   19.3  05:32    307
 22   16.2   18.4  17:46   14.8  05:13    2.2    0.0    0.0    0.4   12.9  13:07     55
 23   17.9   21.1  20:01   14.2  23:59    0.4    0.0    0.0    0.4   12.9  11:01     41
 24   14.6   18.3  08:22   10.4  03:49    3.7    0.0    0.6    6.3   48.3  18:59    123
 25   13.7   18.8  11:29   10.4  05:22    4.7    0.0    2.6    9.2   41.8  22:57    155
 26   14.6   20.3  14:21   11.1  06:35    3.8    0.0    3.4    7.1   45.1  00:50    155
 27   14.6   18.9  11:39    9.8  05:57    3.7    0.0    0.0    7.3   40.2  23:59    219
 28   15.5   20.4  16:42   13.4  06:13    2.8    0.0    5.0    9.9   45.1  03:13    137
 29   14.4   18.9  12:02   11.7  04:21    3.9    0.0    6.6    2.4   27.4  00:03    118
 30   15.3   20.9  13:12   12.1  05:16    3.0    0.0    0.4    3.7   25.7  13:49    265
---------------------------------------------------------------------------------------
      14.7   23.7     09    4.5     02  109.4    0.7   47.6    4.9   48.3     11    209
    
Updated: 07/01/22 00:00:00