Loughlinstown, Co Dublin, Ireland

53° 14.91' N | 006° 08.15' W | 24 meter | Show on map

Climate Summary May 2022

18/07/24 18:20:00 IST

Station: Vantage Vue
Software: WeeWX v5.1.0
WeeWX uptime: 7 days, 6 hours, 37 minutes
Server uptime: 7 days, 6 hours, 37 minutes
                   MONTHLY CLIMATOLOGICAL SUMMARY for May 2022


NAME: Loughlinstown, Co Dublin, Ireland                  
ELEV: 24 meter    LAT: 53-14.91 N    LONG: 006-08.15 W


                   TEMPERATURE (°C), RAIN (mm), WIND SPEED (km/h)

                                         HEAT   COOL         AVG
      MEAN                               DEG    DEG          WIND                   DOM
DAY   TEMP   HIGH   TIME    LOW   TIME   DAYS   DAYS   RAIN  SPEED   HIGH   TIME    DIR
---------------------------------------------------------------------------------------
 01   10.5   13.4  15:19    6.7  23:59    7.8    0.0    3.2    3.1   38.6  07:24    241
 02   10.8   13.9  13:03    6.6  00:03    7.6    0.0    0.0    0.4   11.3  16:20      7
 03   12.6   16.4  17:28    9.7  04:29    5.7    0.0    0.4    0.9   25.7  22:03      5
 04   13.9   20.0  17:30    9.8  22:52    4.4    0.0    0.0    6.0   40.2  13:21    265
 05   13.4   17.2  10:12    9.2  00:29    5.0    0.0    0.0    2.1   22.5  04:40    295
 06   13.7   16.8  14:30   11.2  23:38    4.6    0.0    3.6    2.7   32.2  14:56    245
 07   12.1   17.5  10:36    7.3  23:59    6.2    0.0    0.2    1.2   20.9  11:32    337
 08   12.2   18.1  17:13    4.1  05:27    6.1    0.0    0.0    3.0   29.0  12:59    100
 09   13.2   16.3  14:54   10.2  00:43    5.1    0.0    0.8    8.3   40.2  06:54    149
 10   14.2   19.9  16:09   10.7  04:32    4.2    0.0    0.0    9.1   45.1  10:19    218
 11   13.1   18.9  14:20    9.3  05:26    5.3    0.0    0.8    8.9   41.8  14:10    246
 12   12.1   17.6  12:11    5.4  05:41    6.2    0.0    0.0    6.9   38.6  19:02    224
 13   15.1   20.6  17:40   11.1  06:01    3.2    0.0    0.0    8.9   41.8  03:29    235
 14   12.6   17.1  08:50    8.4  05:40    5.7    0.0    0.0    1.7   27.4  00:20     77
 15   13.3   17.8  18:41    8.7  04:33    5.1    0.0    0.0    0.6   14.5  11:21     31
 16   14.7   19.2  18:34   11.8  04:57    3.6    0.0    5.6    3.9   30.6  18:30    117
 17   12.7   15.3  11:02   10.1  00:00    5.6    0.0    9.0    5.4   40.2  23:32    121
 18   12.8   17.3  15:56    8.9  02:06    5.5    0.0    1.0    8.3   49.9  18:46    138
 19   14.4   20.9  15:45    7.2  05:54    3.9    0.0    0.0    5.0   40.2  10:08    181
 20   13.8   20.1  15:14   10.4  04:54    4.5    0.0    0.2    7.7   38.6  15:44    206
 21   14.5   20.4  17:16   10.9  00:34    3.8    0.0    0.0    3.8   27.4  15:49    204
 22   14.4   19.4  14:31    9.9  23:55    3.9    0.0    4.4    5.4   33.8  14:35    207
 23   12.3   18.8  12:23    8.4  22:19    6.0    0.0    4.8    4.5   30.6  11:28    265
 24   13.1   19.4  15:22    7.9  02:29    5.3    0.0    0.0    6.9   30.6  12:44    259
 25   14.5   18.8  13:52   10.9  04:48    3.9    0.0    0.0   10.6   40.2  12:37    239
 26   15.3   20.4  15:49    9.9  23:47    3.0    0.0    0.0    9.5   51.5  15:06    244
 27   13.5   20.9  15:29    8.1  02:49    4.8    0.0    0.0    5.8   41.8  07:40    267
 28   12.6   17.9  09:00    5.9  05:17    5.7    0.0    0.0    1.4   17.7  11:53     14
 29   11.3   16.4  11:52    5.7  01:53    7.1    0.0    0.0    3.4   24.1  12:07    339
 30   10.7   15.8  12:38    7.6  22:56    7.6    0.0    2.4    5.5   29.0  11:16    269
 31   11.0   17.4  13:50    6.3  05:14    7.4    0.0    3.4    6.7   33.8  14:40    268
---------------------------------------------------------------------------------------
      13.0   20.9     27    4.1     08  164.0    0.0   39.8    5.1   51.5     26    228
    
Updated: 06/01/22 00:00:00