Loughlinstown, Co Dublin, Ireland

53° 14.91' N | 006° 08.15' W | 24 meter | Show on map

Climate Summary April 2022

18/07/24 19:20:00 IST

Station: Vantage Vue
Software: WeeWX v5.1.0
WeeWX uptime: 7 days, 7 hours, 37 minutes
Server uptime: 7 days, 7 hours, 37 minutes
                   MONTHLY CLIMATOLOGICAL SUMMARY for Apr 2022


NAME: Loughlinstown, Co Dublin, Ireland                  
ELEV: 24 meter    LAT: 53-14.91 N    LONG: 006-08.15 W


                   TEMPERATURE (°C), RAIN (mm), WIND SPEED (km/h)

                                         HEAT   COOL         AVG
      MEAN                               DEG    DEG          WIND                   DOM
DAY   TEMP   HIGH   TIME    LOW   TIME   DAYS   DAYS   RAIN  SPEED   HIGH   TIME    DIR
---------------------------------------------------------------------------------------
 01    5.1   10.6  15:30    0.2  05:30   13.2    0.0    1.6    5.0   25.7  02:30    294
 02    6.2   10.4  13:57    2.6  23:23   12.1    0.0    0.4    5.1   29.0  09:18    306
 03    7.6   14.9  17:16   -1.5  06:50   10.8    0.0    0.0    5.1   49.9  23:50    251
 04   11.7   14.9  16:03    9.6  00:00    6.6    0.0    0.2   17.9   61.2  01:16    266
 05   11.4   15.6  15:46    9.6  05:59    7.0    0.0    0.0   14.9   49.9  03:29    245
 06    9.3   14.6  15:53    6.0  07:09    9.1    0.0    2.0   15.1   64.4  19:43    225
 07    8.4   13.1  15:32    5.1  23:40    9.9    0.0    0.4   18.2   82.1  03:26    254
 08    5.1   11.7  11:44    1.5  06:43   13.3    0.0    1.0    4.8   32.2  18:07    293
 09    6.1   12.9  15:57    1.4  23:58   12.2    0.0    0.0    4.5   30.6  08:37    268
 10    7.2   10.1  13:10    1.2  00:06   11.1    0.0    0.0    7.3   40.2  15:30    127
 11    9.9   12.2  11:21    8.2  05:34    8.4    0.0    1.6    6.2   35.4  08:50    115
 12    9.0   10.2  00:57    7.2  22:56    9.3    0.0    7.0    1.3   17.7  00:00    317
 13   11.3   18.7  12:16    6.7  00:42    7.1    0.0    0.0    1.3   24.1  10:02    247
 14   10.8   15.8  13:34    4.2  04:31    7.6    0.0    0.0    2.7   30.6  13:07    128
 15   12.4   16.5  17:04   10.3  23:55    5.9    0.0    0.0    2.6   29.0  13:50    105
 16   11.5   16.8  15:33    5.5  04:49    6.9    0.0    0.0    4.0   40.2  15:57    146
 17   10.8   13.4  18:39    9.2  23:45    7.6    0.0    0.8    3.9   29.0  22:52    142
 18    8.4   13.6  10:12    3.0  23:58   10.0    0.0    3.0    2.6   29.0  04:14    226
 19    8.2   15.6  13:16    1.8  04:23   10.1    0.0    0.0    1.8   19.3  12:23    322
 20    8.1   14.1  12:50   -0.1  06:13   10.3    0.0    0.0    0.9   14.5  15:34     48
 21   10.0   15.6  16:28    3.3  02:30    8.3    0.0    0.0    3.2   29.0  21:28     31
 22   10.9   15.1  16:20    8.3  06:03    7.4    0.0    0.0    6.9   32.2  06:10      9
 23   10.8   14.7  10:57    7.7  03:57    7.5    0.0    0.0    8.0   33.8  13:08      3
 24   11.1   14.4  16:50    7.6  05:25    7.3    0.0    0.0    7.8   35.4  15:42      7
 25    9.8   13.8  14:31    4.4  23:50    8.5    0.0    0.0    3.2   20.9  00:53     30
 26    8.5   14.5  14:36    2.4  05:47    9.8    0.0    0.0    1.5   17.7  11:03     53
 27    8.1   13.8  14:06    2.3  05:45   10.2    0.0    0.0    1.9   20.9  14:58     48
 28    7.6   12.9  15:37    2.4  04:03   10.8    0.0    0.0    1.6   20.9  11:35     78
 29    8.6   14.9  10:05    1.5  04:09    9.8    0.0    0.0    1.4   19.3  14:14     43
 30   10.3   13.1  14:37    6.5  00:14    8.0    0.0    5.4    0.4   17.7  14:41    241
---------------------------------------------------------------------------------------
       9.1   18.7     13   -1.5     03  276.0    0.0   23.4    5.4   82.1     07    268
    
Updated: 05/14/22 16:30:00