Loughlinstown, Co Dublin, Ireland

53° 14.91' N | 006° 08.15' W | 24 meter | Show on map

Climate Summary March 2022

18/07/24 18:00:00 IST

Station: Vantage Vue
Software: WeeWX v5.1.0
WeeWX uptime: 7 days, 6 hours, 17 minutes
Server uptime: 7 days, 6 hours, 17 minutes
                   MONTHLY CLIMATOLOGICAL SUMMARY for Mar 2022


NAME: Loughlinstown, Co Dublin, Ireland                  
ELEV: 24 meter    LAT: 53-14.91 N    LONG: 006-08.15 W


                   TEMPERATURE (°C), RAIN (mm), WIND SPEED (km/h)

                                         HEAT   COOL         AVG
      MEAN                               DEG    DEG          WIND                   DOM
DAY   TEMP   HIGH   TIME    LOW   TIME   DAYS   DAYS   RAIN  SPEED   HIGH   TIME    DIR
---------------------------------------------------------------------------------------
 01    4.6    9.3  13:34   -1.9  06:28   13.8    0.0    0.0    3.4   30.6  23:34     34
 02    7.7    9.1  18:28    6.5  00:47   10.7    0.0   10.6    8.7   41.8  15:44    115
 03    7.3   11.6  13:25    4.7  05:25   11.1    0.0    0.4    4.9   25.7  00:02    280
 04    5.6   11.0  14:33    1.6  23:45   12.7    0.0    0.0    6.9   38.6  05:14    275
 05    4.3    9.3  15:13    0.3  00:00   14.1    0.0    0.0    3.9   27.4  13:44    327
 06    4.0    9.3  14:30   -1.3  03:36   14.3    0.0    0.0    1.4   20.9  08:59     65
 07    5.6    6.9  21:04    2.7  00:00   12.8    0.0    0.0    9.4   43.5  13:31    117
 08    6.7   10.1  15:25    5.1  01:58   11.6    0.0    4.2   14.1   61.2  06:43    127
 09    7.1    9.3  05:17    3.9  19:17   11.3    0.0   29.8    9.5   53.1  04:51    143
 10    7.3   11.1  14:28    4.4  06:08   11.0    0.0    2.0    6.3   43.5  22:59    136
 11    8.1   12.4  16:31    5.2  21:00   10.2    0.0    9.2    7.5   45.1  00:09    122
 12    7.4   11.4  11:03    4.9  06:57   10.9    0.0    8.8    8.0   51.5  17:49    127
 13    8.5   12.4  15:03    6.1  23:49    9.8    0.0    5.2   11.0   62.8  07:08    142
 14    7.0   11.7  17:03    3.0  21:59   11.4    0.0    0.2    7.4   45.1  05:11    233
 15    8.2   11.8  12:53    3.7  00:24   10.1    0.0    0.0    4.1   35.4  09:23    146
 16    7.4   11.8  15:02    3.4  23:46   10.9    0.0    1.8    3.4   29.0  11:18    274
 17    8.8   16.4  15:21    1.4  02:29    9.5    0.0    0.0    6.7   43.5  09:50    221
 18    7.3   12.8  12:58   -0.1  06:52   11.0    0.0    0.0    3.8   37.0  13:36    131
 19   10.0   13.7  16:17    5.2  05:05    8.4    0.0    0.0    6.6   43.5  21:28    114
 20    8.8   10.9  15:29    6.9  06:55    9.5    0.0    0.0    5.8   33.8  10:49    111
 21    8.9   11.8  13:05    4.4  23:48    9.5    0.0    0.0    3.3   27.4  12:06    104
 22    9.5   17.0  14:08    2.9  02:57    8.8    0.0    0.0    2.2   25.7  10:34    104
 23    9.9   15.0  14:36    1.4  06:12    8.4    0.0    0.0    1.6   22.5  14:20     88
 24   10.7   16.1  14:16    7.2  22:08    7.6    0.0    0.0    0.3   11.3  11:05     48
 25    9.7   15.3  10:54    3.2  23:58    8.6    0.0    0.0    0.4   12.9  11:46     46
 26    9.0   16.6  15:47    1.3  06:16    9.4    0.0    0.0    0.4   14.5  13:34     40
 27    8.9   15.3  13:39    2.5  07:22    9.5    0.0    0.0    0.7   16.1  14:11     49
 28    8.4   16.3  13:11    2.3  07:05   10.0    0.0    0.0    0.6   16.1  13:51      5
 29    9.2   14.2  17:28    3.8  00:00    9.1    0.0    0.0    1.1   16.1  13:08    332
 30    6.4    8.6  14:24    2.6  23:19   11.9    0.0    1.0    6.1   41.8  22:31    352
 31    5.9    9.8  16:29    2.8  23:58   12.4    0.0    0.0    9.7   38.6  09:36    352
---------------------------------------------------------------------------------------
       7.7   17.0     22   -1.9     01  330.3    0.0   73.2    5.1   62.8     13    125
    
Updated: 05/14/22 16:30:00