Loughlinstown, Co Dublin, Ireland

53° 14.91' N | 006° 08.15' W | 24 meter | Show on map

Climate Summary February 2022

18/07/24 18:50:00 IST

Station: Vantage Vue
Software: WeeWX v5.1.0
WeeWX uptime: 7 days, 7 hours, 7 minutes
Server uptime: 7 days, 7 hours, 7 minutes
                   MONTHLY CLIMATOLOGICAL SUMMARY for Feb 2022


NAME: Loughlinstown, Co Dublin, Ireland                  
ELEV: 24 meter    LAT: 53-14.91 N    LONG: 006-08.15 W


                   TEMPERATURE (°C), RAIN (mm), WIND SPEED (km/h)

                                         HEAT   COOL         AVG
      MEAN                               DEG    DEG          WIND                   DOM
DAY   TEMP   HIGH   TIME    LOW   TIME   DAYS   DAYS   RAIN  SPEED   HIGH   TIME    DIR
---------------------------------------------------------------------------------------
 01   10.9   13.3  14:34    9.5  00:00    7.5    0.0    0.0   17.3   72.4  00:49    267
 02   10.1   13.1  13:06    8.8  22:56    8.2    0.0    0.0    6.4   45.1  02:51    256
 03    9.6   13.4  13:27    4.8  23:57    8.7    0.0    6.2    7.9   43.5  19:14    222
 04    4.6    8.2  14:01    1.9  05:40   13.8    0.0    0.4   11.2   51.5  08:15    254
 05    7.6    9.9  12:35    3.5  00:00   10.7    0.0    4.0   20.7   69.2  21:21    231
 06    6.9    9.8  13:10    4.7  23:42   11.4    0.0   10.4   17.7   62.8  10:49    257
 07    9.4   13.9  12:24    3.5  03:04    8.9    0.0    0.0    5.5   41.8  10:52    223
 08   11.0   12.6  10:18    7.3  23:46    7.4    0.0    3.0    3.9   33.8  03:37    212
 09    6.7    9.2  11:02    4.1  23:55   11.6    0.0    0.0    6.8   32.2  14:30    244
 10    4.6    8.5  14:51    2.8  05:30   13.7    0.0    0.0   11.6   43.5  11:33    251
 11    5.4    9.6  13:37   -0.4  08:09   12.9    0.0    0.0    7.7   49.9  22:03    177
 12    9.3   13.7  13:41    7.1  02:24    9.0    0.0    1.4    8.7   41.8  00:09    169
 13    7.7    9.4  14:36    4.8  22:32   10.7    0.0   10.8    6.3   40.2  14:13    259
 14    5.8    9.8  15:01    3.7  20:39   12.6    0.0    0.8   10.9   45.1  12:05    272
 15    8.4   11.7  23:56    6.6  00:00    9.9    0.0    2.4   11.4   54.7  06:28    227
 16   11.3   15.4  10:53    7.1  23:35    7.0    0.0    6.4   27.1   78.9  03:58    242
 17    6.5    8.7  12:17    4.3  23:21   11.8    0.0    5.4   12.9   53.1  05:01    240
 18    4.2    7.0  03:07    2.3  17:59   14.1    0.0    8.8   17.4   67.6  11:37    242
 19    5.9   10.5  22:43    2.4  00:06   12.5    0.0    8.0   12.0   70.8  23:08    236
 20    8.0   12.1  09:53    1.7  20:57   10.4    0.0   19.2   25.3   72.4  01:34    237
 21    8.2   11.8  13:50    3.4  00:00   10.1    0.0    0.6   18.3   82.1  04:40    249
 22    9.2   11.9  05:16    6.3  23:24    9.1    0.0    3.8   13.5   62.8  10:15    237
 23    8.3   13.1  12:00    3.9  23:26   10.0    0.0    0.6   13.3   61.2  13:58    211
 24    4.0    7.0  14:58    1.6  09:18   14.3    0.0    0.2   18.6   57.9  14:24    235
 25    7.9   13.0  14:07    4.6  03:17   10.4    0.0    0.0    8.1   43.5  04:05    239
 26    8.7   10.2  13:21    7.7  02:54    9.6    0.0    0.0   13.1   56.3  11:50    136
 27    8.2    8.8  17:05    7.4  08:48   10.2    0.0    0.0   11.5   51.5  07:43    132
 28    7.6   10.2  13:14    2.0  22:32   10.7    0.0    0.6    4.5   40.2  01:00    205
---------------------------------------------------------------------------------------
       7.7   15.4     16   -0.4     11  297.3    0.0   93.0   12.5   82.1     21    235
    
Updated: 05/14/22 16:30:00