Loughlinstown, Co Dublin, Ireland

53° 14.91' N | 006° 08.15' W | 24 meter | Show on map

Climate Summary December 2021

18/07/24 18:10:00 IST

Station: Vantage Vue
Software: WeeWX v5.1.0
WeeWX uptime: 7 days, 6 hours, 27 minutes
Server uptime: 7 days, 6 hours, 27 minutes
                   MONTHLY CLIMATOLOGICAL SUMMARY for Dec 2021


NAME: Loughlinstown, Co Dublin, Ireland                  
ELEV: 24 meter    LAT: 53-14.91 N    LONG: 006-08.15 W


                   TEMPERATURE (°C), RAIN (mm), WIND SPEED (km/h)

                                         HEAT   COOL         AVG
      MEAN                               DEG    DEG          WIND                   DOM
DAY   TEMP   HIGH   TIME    LOW   TIME   DAYS   DAYS   RAIN  SPEED   HIGH   TIME    DIR
---------------------------------------------------------------------------------------
 01    6.6    8.7  00:00    3.6  23:59   11.7    0.0    0.0   15.1   54.7  08:26    271
 02    4.5    9.1  23:59    2.5  07:39   13.8    0.0    7.6    5.5   33.8  01:11    268
 03    7.8    9.8  02:06    6.2  17:44   10.6    0.0    0.2    6.1   49.9  23:40    259
 04    5.0    7.1  13:20    3.3  20:26   13.3    0.0    0.0   18.5   64.4  04:16    258
 05    4.0    7.6  13:28    0.4  18:26   14.4    0.0    0.0    9.0   43.5  09:16    264
 06    5.8    8.1  06:10    3.7  23:47   12.5    0.0    1.0   14.2   48.3  16:25    239
 07    5.5    8.4  09:25    3.4  22:14   12.9    0.0   24.2   18.9   86.9  08:41    188
 08    4.9    6.7  13:18    3.1  03:18   13.4    0.0   11.8   28.7   78.9  02:48    251
 09    6.6   10.8  12:59    4.7  06:30   11.7    0.0    1.4   10.2   62.8  00:00    256
 10    5.3    6.9  23:05    3.4  03:15   13.1    0.0    0.0   14.9   54.7  06:11    255
 11   10.3   13.9  17:56    6.7  00:00    8.1    0.0    0.2    3.9   30.6  14:30    212
 12   11.2   13.7  12:41    8.5  23:58    7.1    0.0    0.2    6.3   43.5  17:34    154
 13    6.2    8.9  12:29    0.5  23:38   12.1    0.0    0.8    0.9   30.6  00:27    244
 14    5.5   10.6  14:04    0.3  00:56   12.8    0.0    0.0    1.9   27.4  15:49    202
 15    8.8   14.3  13:54    2.4  23:57    9.6    0.0    0.0    5.8   41.8  02:42    216
 16    5.6    9.7  13:15    0.6  07:20   12.7    0.0    0.2    0.5   12.9  15:15    139
 17    8.3    9.5  00:18    6.3  23:58   10.0    0.0    0.0    3.2   22.5  15:13    129
 18    5.4   10.0  13:57    1.3  05:03   12.9    0.0    0.0    0.3   14.5  12:59    118
 19    5.7    8.3  11:49    1.7  04:51   12.6    0.0    0.0    0.2   11.3  21:49      8
 20    7.0    8.1  12:09    6.4  00:00   11.4    0.0    0.0    1.8   20.9  19:15    120
 21    6.4    6.9  13:47    5.4  10:22   11.9    0.0    0.0    6.5   32.2  18:23    128
 22    7.5   10.4  23:51    6.0  07:39   10.9    0.0    4.4    8.9   40.2  10:10    127
 23   10.4   13.4  14:05    7.2  22:34    7.9    0.0    1.2    3.0   29.0  04:43    133
 24    8.4   10.2  11:34    4.6  02:41   10.0    0.0    1.8    4.3   33.8  12:15    102
 25    8.6    9.4  01:56    5.9  00:48    9.7    0.0   30.4   12.6   53.1  11:26    102
 26    7.4    9.3  11:52    2.8  23:06   10.9    0.0    0.2    0.5   16.1  00:43    140
 27    6.9    9.7  14:27    1.3  03:01   11.4    0.0    0.4    2.5   27.4  11:01     61
 28    6.9    8.7  00:00    4.4  20:07   11.4    0.0    8.4    4.3   32.2  14:51    276
 29   11.0   13.9  08:50    6.6  00:00    7.4    0.0    2.0   11.6   74.0  10:58    220
 30   12.7   14.0  07:18   11.4  18:47    5.6    0.0    4.8    2.4   40.2  23:07    164
 31   13.6   15.7  13:37   12.4  21:25    4.7    0.0    0.0    7.8   41.8  00:48    161
---------------------------------------------------------------------------------------
       7.4   15.7     31    0.3     14  338.7    0.0  101.2    7.4   86.9     07    228
    
Updated: 05/14/22 16:30:00