Loughlinstown, Co Dublin, Ireland

53° 14.91' N | 006° 08.15' W | 24 meter | Show on map

Climate Summary November 2021

04/12/21 23:20:00 GMT

Station: Vantage Vue
Software: WeeWX v4.5.1
WeeWX uptime: 241 days, 8 hours, 51 minutes
Server uptime: 241 days, 8 hours, 51 minutes
                   MONTHLY CLIMATOLOGICAL SUMMARY for Nov 2021


NAME: Loughlinstown, Co Dublin, Ireland                  
ELEV: 24 meter    LAT: 53-14.91 N    LONG: 006-08.15 W


                   TEMPERATURE (°C), RAIN (mm), WIND SPEED (km/h)

                                         HEAT   COOL         AVG
      MEAN                               DEG    DEG          WIND                   DOM
DAY   TEMP   HIGH   TIME    LOW   TIME   DAYS   DAYS   RAIN  SPEED   HIGH   TIME    DIR
---------------------------------------------------------------------------------------
 01    8.3   10.2  15:36    5.5  18:45   10.0    0.0    0.0   13.5   59.5  01:57    252
 02    7.6   11.8  14:55    4.1  05:24   10.7    0.0    0.0    6.6   27.4  15:22    268
 03    7.6   11.6  13:28    5.7  06:54   10.7    0.0    0.0    9.7   37.0  02:27    279
 04    7.2   10.2  13:13    4.7  03:59   11.2    0.0    0.0    8.7   33.8  13:21    277
 05   10.2   12.8  13:28    8.1  00:00    8.2    0.0    0.0    6.7   33.8  09:44    260
 06   11.3   15.3  13:29    8.8  23:56    7.0    0.0    0.0   11.3   57.9  13:30    241
 07    8.4   12.4  14:56    3.8  21:18    9.9    0.0    0.0    7.1   40.2  00:31    266
 08   12.8   17.9  14:53    5.8  00:01    5.5    0.0    1.2    2.5   29.0  23:21    187
 09   13.2   15.7  10:49   10.2  23:57    5.1    0.0    0.2    2.8   33.8  02:05    207
 10    9.7   11.9  12:08    6.1  07:57    8.6    0.0    0.0    0.9   20.9  02:39    260
 11   10.4   13.3  12:24    4.2  05:30    7.9    0.0    1.2    5.6   40.2  15:53    131
 12   12.3   14.4  13:42   11.1  23:29    6.1    0.0    0.0   13.4   54.7  17:08    241
 13   11.8   15.5  13:05   10.6  05:20    6.5    0.0    0.0    3.7   40.2  00:02    274
 14   12.0   14.9  11:18    9.1  07:25    6.3    0.0    0.0    0.3   12.9  11:03     79
 15    9.8   13.8  14:19    4.1  22:46    8.5    0.0    0.6    2.6   24.1  04:24    279
 16    9.0   12.4  15:29    5.1  05:21    9.4    0.0    0.0    3.3   29.0  17:40    239
 17   10.3   12.9  11:41    8.0  07:59    8.1    0.0    0.0    6.5   29.0  04:44    245
 18   13.4   15.5  12:11   11.3  00:00    4.9    0.0    0.0    9.0   38.6  05:19    225
 19   11.5   13.8  12:49    8.2  20:20    6.8    0.0    0.0    4.0   22.5  00:00    232
 20   10.1   13.3  13:10    5.3  23:49    8.3    0.0    0.2    6.6   41.8  11:58    254
 21    5.9    8.9  13:53    4.2  08:12   12.4    0.0    0.0    7.9   35.4  03:11    294
 22    5.0    9.9  13:53    1.7  08:26   13.3    0.0    0.2    1.8   16.1  01:10    284
 23    6.2    8.2  12:29    2.7  00:03   12.1    0.0    0.0    2.5   19.3  15:08    271
 24    5.0    8.4  09:49    0.9  02:55   13.3    0.0    1.0    5.5   40.2  21:26    267
 25    4.8    7.4  23:58    2.7  00:01   13.5    0.0    0.0   10.2   48.3  23:41    264
 26    6.1    8.6  04:53    2.9  19:46   12.2    0.0    0.4   16.9   53.1  04:05    267
 27    3.4    5.8  14:09    1.6  23:56   14.9    0.0    0.0   12.0   48.3  03:52    285
 28    4.1    7.9  12:43    1.6  00:12   14.2    0.0    0.0    5.8   33.8  13:02    274
 29    7.1   10.5  13:03    2.4  01:45   11.2    0.0    0.0    7.7   43.5  20:07    264
 30   10.9   12.1  14:52    8.7  23:57    7.5    0.0    2.2   14.0   59.5  21:05    257
---------------------------------------------------------------------------------------
       8.9   17.9     08    0.9     24  284.4    0.0    7.2    7.0   59.5     01    259
    
Updated: 01/12/21 00:00:00