Loughlinstown, Co Dublin, Ireland

53° 14.91' N | 006° 08.15' W | 24 meter | Show on map

Climate Summary October 2021

04/12/21 22:00:00 GMT

Station: Vantage Vue
Software: WeeWX v4.5.1
WeeWX uptime: 241 days, 7 hours, 31 minutes
Server uptime: 241 days, 7 hours, 31 minutes
                   MONTHLY CLIMATOLOGICAL SUMMARY for Oct 2021


NAME: Loughlinstown, Co Dublin, Ireland                  
ELEV: 24 meter    LAT: 53-14.91 N    LONG: 006-08.15 W


                   TEMPERATURE (°C), RAIN (mm), WIND SPEED (km/h)

                                         HEAT   COOL         AVG
      MEAN                               DEG    DEG          WIND                   DOM
DAY   TEMP   HIGH   TIME    LOW   TIME   DAYS   DAYS   RAIN  SPEED   HIGH   TIME    DIR
---------------------------------------------------------------------------------------
 01   12.2   15.3  14:49    8.6  23:14    6.1    0.0    0.8   11.4   49.9  10:44    236
 02   10.6   15.3  11:24    7.7  01:45    7.7    0.0    0.0    5.3   29.0  15:13    233
 03   11.7   16.7  14:26    8.4  00:00    6.7    0.0    1.2   10.7   45.1  05:38    235
 04   11.6   16.8  14:53    9.3  07:19    6.7    0.0    0.8    5.3   25.7  03:10    214
 05   11.1   15.9  15:59    8.2  08:05    7.2    0.0    0.8   11.8   38.6  15:04    271
 06   12.6   16.9  17:19    8.9  07:06    5.7    0.0    0.0    4.2   25.7  02:57    208
 07   17.6   22.2  12:31   15.4  07:51    0.8    0.0    0.0    5.4   29.0  12:40    117
 08   16.1   19.0  15:36   14.6  08:46    2.2    0.0    5.0    6.4   40.2  16:30    127
 09   15.5   20.3  15:54   12.0  23:37    2.8    0.0    3.4    4.0   25.7  03:43    199
 10   12.0   16.8  14:52    8.4  23:47    6.3    0.0    0.2    4.5   24.1  13:30    274
 11   11.2   17.5  13:54    6.9  04:40    7.2    0.0    0.0    1.9   17.7  12:04    276
 12   12.9   17.0  14:56   10.2  03:47    5.4    0.0    0.0    7.5   30.6  10:43    272
 13   10.9   14.6  15:30    4.9  23:59    7.4    0.0    0.0    2.4   19.3  16:07    272
 14   11.2   17.4  12:43    4.2  01:18    7.1    0.0    0.0    4.8   29.0  10:57    246
 15   11.6   16.2  11:45    9.2  08:59    6.7    0.0    0.8    1.7   24.1  00:00    295
 16   12.4   16.0  14:07    7.7  08:27    5.9    0.0    2.4    3.2   30.6  14:06    135
 17   16.1   20.9  12:15   13.0  00:00    2.3    0.0    0.0    3.0   27.4  00:00    189
 18   16.6   23.1  15:19   14.2  23:53    1.8    0.0    0.4    6.6   48.3  09:20    140
 19   16.2   20.1  12:20   11.6  23:58    2.1    0.0    0.8    5.6   37.0  16:51    171
 20    9.9   13.4  15:27    7.7  18:48    8.4    0.0    5.6    4.6   45.1  22:58    264
 21    8.3   13.4  16:05    4.9  06:23   10.0    0.0    0.0    9.9   40.2  00:10    270
 22   10.7   14.4  13:19    8.4  01:31    7.6    0.0    0.0    8.4   40.2  00:18    260
 23   11.8   14.1  14:07    8.6  01:13    6.6    0.0    0.0    8.2   46.7  18:47    138
 24   13.3   17.4  14:14    9.7  08:27    5.0    0.0    1.8    6.0   37.0  02:50    179
 25   10.8   14.7  15:03    8.7  19:26    7.6    0.0    0.0    5.9   33.8  10:32    221
 26   15.0   17.8  16:07   10.4  00:00    3.4    0.0    0.0   12.6   59.5  13:10    204
 27   15.9   18.2  14:44   14.8  05:32    2.4    0.0   12.0    8.0   43.5  01:40    152
 28   13.2   15.4  14:52   10.1  23:21    5.1    0.0   17.2    1.2   24.1  00:01    141
 29   10.2   13.3  16:08    7.7  10:04    8.2    0.0   10.0    4.4   24.1  07:33    236
 30    8.9   14.5  16:21    4.6  07:05    9.5    0.0    0.4    3.5   27.4  23:29    225
 31    9.9   12.6  01:23    7.1  07:44    8.4    0.0   11.6    9.8   57.9  01:56    215
---------------------------------------------------------------------------------------
      12.5   23.1     18    4.2     14  180.4    0.0   75.2    6.1   59.5     26    221
    
Updated: 01/11/21 00:00:00