Loughlinstown, Co Dublin, Ireland

53° 14.91' N | 006° 08.15' W | 24 meter | Show on map

Climate Summary September 2021

26/09/21 20:10:00 IST

Station: Vantage Vue
Software: WeeWX v4.5.1
WeeWX uptime: 172 days, 4 hours, 41 minutes
Server uptime: 172 days, 4 hours, 41 minutes
                   MONTHLY CLIMATOLOGICAL SUMMARY for Sep 2021


NAME: Loughlinstown, Co Dublin, Ireland                  
ELEV: 24 meter    LAT: 53-14.91 N    LONG: 006-08.15 W


                   TEMPERATURE (°C), RAIN (mm), WIND SPEED (km/h)

                                         HEAT   COOL         AVG
      MEAN                               DEG    DEG          WIND                   DOM
DAY   TEMP   HIGH   TIME    LOW   TIME   DAYS   DAYS   RAIN  SPEED   HIGH   TIME    DIR
---------------------------------------------------------------------------------------
 01   16.0   18.3  10:21   14.2  23:26    2.4    0.0    0.0    5.0   19.3  06:26     27
 02   14.5   16.4  16:01   11.4  03:21    3.8    0.0    0.0    3.2   19.3  08:01     27
 03   15.1   17.7  14:11   12.6  00:18    3.3    0.0    0.0    2.5   16.1  17:05     34
 04   15.7   19.2  13:32   11.7  06:24    2.6    0.0    0.4    2.6   25.7  12:10    100
 05   17.0   21.9  15:14   13.4  00:32    1.3    0.0    0.0    1.9   25.7  11:55    123
 06   17.7   22.7  16:24   12.1  06:55    0.6    0.0    0.0    0.0    0.0  00:00    N/A
 07   16.7   20.6  13:29   13.2  02:17    1.6    0.0    0.0    0.7   14.5  13:23     64
 08   17.9   22.2  15:22   14.2  06:45    0.5    0.0    0.0    0.6   16.1  13:23     94
 09   17.5   21.2  13:19   14.1  23:59    0.8    0.0    7.0    1.7   19.3  13:09     94
 10   17.6   22.7  16:04   12.6  01:37    0.7    0.0    0.0    3.2   29.0  18:11    269
 11   17.3   22.4  17:13   14.3  23:57    1.0    0.0    0.0    4.4   25.7  00:04    269
 12   14.1   16.1  14:43   12.7  23:35    4.2    0.0    0.0    2.1   14.5  01:24    314
 13   15.4   17.9  15:43   13.2  00:00    3.0    0.0    0.2    2.3   20.9  14:10    109
 14   16.3   20.0  10:32   13.8  00:18    2.0    0.0    0.0    1.2   19.3  13:08     67
 15   15.9   18.8  14:42   13.4  23:28    2.4    0.0    0.0    0.3   14.5  18:56    320
 16   15.8   21.8  16:00    7.9  06:58    2.5    0.0    0.0    3.2   30.6  21:14    134
 17   16.2   18.7  15:47   12.9  23:59    2.1    0.0    4.0    3.9   33.8  01:20    131
 18   14.2   20.3  12:46    9.6  05:41    4.2    0.0    0.0    1.8   16.1  10:58    328
 19   15.6   21.5  17:39   11.4  06:53    2.8    0.0    0.2    5.2   29.0  07:51    259
 20   14.7   20.3  10:03    7.4  05:39    3.6    0.0    0.0    1.5   16.1  15:58    285
 21   15.6   21.6  16:38    9.1  07:29    2.7    0.0    0.0    2.0   22.5  17:24    245
 22   18.0   22.7  14:58   14.3  07:44    0.4    0.0    0.0    6.8   30.6  15:39    235
 23   16.3   21.6  14:23   11.1  23:05    2.0    0.0    0.0    6.6   45.1  10:40    256
 24   18.7   24.1  10:36   11.3  00:01    0.0    0.4    0.0    5.7   33.8  15:51    248
 25   17.7   22.9  15:31   14.6  07:26    0.7    0.0    0.0    1.9   25.7  16:27    104
 26   17.2   20.9  11:43   13.1  19:46    1.1    0.0    6.2    7.0   38.6  13:40    142
 27
 28
 29
 30
---------------------------------------------------------------------------------------
      16.3   24.1     24    7.4     20   52.3    0.4   18.0    2.9   45.1     23    230
    
Updated: 26/09/21 20:10:00