Loughlinstown, Co Dublin, Ireland

53° 14.91' N | 006° 08.15' W | 24 meter | Show on map

Climate Summary July 2021

16/10/21 00:20:00 IST

Station: Vantage Vue
Software: WeeWX v4.5.1
WeeWX uptime: 191 days, 8 hours, 51 minutes
Server uptime: 191 days, 8 hours, 51 minutes
                   MONTHLY CLIMATOLOGICAL SUMMARY for Jul 2021


NAME: Loughlinstown, Co Dublin, Ireland                  
ELEV: 24 meter    LAT: 53-14.91 N    LONG: 006-08.15 W


                   TEMPERATURE (°C), RAIN (mm), WIND SPEED (km/h)

                                         HEAT   COOL         AVG
      MEAN                               DEG    DEG          WIND                   DOM
DAY   TEMP   HIGH   TIME    LOW   TIME   DAYS   DAYS   RAIN  SPEED   HIGH   TIME    DIR
---------------------------------------------------------------------------------------
 01   14.1   18.1  15:00    9.2  04:14    4.3    0.0    0.0    1.7   19.3  15:11     77
 02   16.2   20.2  17:19   12.4  05:28    2.1    0.0    0.0    3.8   27.4  16:01    120
 03   15.7   21.3  18:12   13.5  06:03    2.6    0.0    0.8    4.4   27.4  12:02    114
 04   16.5   21.4  09:37   12.7  23:52    1.9    0.0    8.4    4.1   29.0  13:18    124
 05   15.6   20.2  12:41   11.8  06:38    2.8    0.0    0.4    5.1   27.4  14:20    183
 06   15.0   19.8  10:20   11.6  03:13    3.3    0.0   19.4    4.4   25.7  05:45    261
 07   16.2   20.3  19:24   12.5  05:20    2.2    0.0    0.0    3.0   20.9  07:29    276
 08   16.3   21.0  13:19   13.3  04:05    2.0    0.0    0.0    2.8   19.3  00:06    262
 09   16.0   19.6  10:04   14.2  05:20    2.4    0.0    0.0    2.9   25.7  13:40    130
 10   16.6   19.6  12:19   13.5  05:11    1.7    0.0    0.2    3.3   20.9  16:21     88
 11   14.9   17.2  12:31   13.7  23:18    3.5    0.0    2.4    5.2   32.2  12:43    111
 12   16.9   22.7  17:43   13.7  04:53    1.5    0.0    0.6    1.2   16.1  12:27    344
 13   17.8   23.9  15:45   12.4  23:54    0.5    0.0    0.0    5.0   29.0  08:46    279
 14   19.0   25.3  17:00   10.8  03:03    0.0    0.7    0.0    5.9   27.4  12:40    267
 15   18.6   24.7  13:11   14.2  23:59    0.0    0.3    0.0    4.9   29.0  00:21    291
 16   20.3   26.3  09:58   13.5  04:57    0.0    1.9    0.0    1.5   14.5  11:07     36
 17   20.7   26.4  15:25   13.6  05:16    0.0    2.4    0.0    0.9   17.7  14:13     53
 18   18.9   23.4  09:04   14.4  05:32    0.0    0.6    0.0    1.6   16.1  13:59     46
 19   18.4   22.8  12:49   13.3  05:11    0.0    0.1    0.0    0.9   16.1  14:28     49
 20   18.9   23.5  16:23   12.8  05:45    0.0    0.6    0.0    1.3   14.5  11:39     49
 21   19.1   24.4  15:07   11.9  05:05    0.0    0.8    0.0    1.1   14.5  11:14     58
 22   19.3   24.7  13:32   11.7  05:31    0.0    1.0    0.0    0.6   12.9  15:58     58
 23   20.5   26.8  13:31   14.9  05:39    0.0    2.2    0.0    1.0   17.7  14:36    343
 24   17.6   20.9  14:41   12.7  23:55    0.7    0.0    0.0    4.4   22.5  08:27     14
 25   18.0   23.6  10:15   11.2  05:59    0.3    0.0    0.0    1.0   14.5  13:12     59
 26   18.3   22.9  12:08   12.6  05:11    0.0    0.0    0.0    4.6   33.8  13:39    272
 27   16.8   22.4  12:29   11.5  23:15    1.6    0.0   13.8    3.8   32.2  17:44    274
 28   13.8   18.9  14:45   11.6  04:22    4.5    0.0    5.0    7.5   38.6  17:04    257
 29   16.0   21.3  14:24   11.9  04:01    2.3    0.0    0.0    8.6   49.9  01:38    257
 30   14.7   18.1  16:53   12.4  02:55    3.6    0.0   24.4    4.2   24.1  12:43    284
 31   15.7   20.4  14:10   12.8  06:31    2.6    0.0    2.0    4.4   25.7  01:23    274
---------------------------------------------------------------------------------------
      17.2   26.8     23    9.2     01   46.3   10.5   77.4    3.4   49.9     29    270
    
Updated: 01/08/21 00:00:00