Loughlinstown, Co Dublin, Ireland

53° 14.91' N | 006° 08.15' W | 24 meter | Show on map

Climate Summary June 2021

26/09/21 20:40:00 IST

Station: Vantage Vue
Software: WeeWX v4.5.1
WeeWX uptime: 172 days, 5 hours, 11 minutes
Server uptime: 172 days, 5 hours, 11 minutes
                   MONTHLY CLIMATOLOGICAL SUMMARY for Jun 2021


NAME: Loughlinstown, Co Dublin, Ireland                  
ELEV: 24 meter    LAT: 53-14.91 N    LONG: 006-08.15 W


                   TEMPERATURE (°C), RAIN (mm), WIND SPEED (km/h)

                                         HEAT   COOL         AVG
      MEAN                               DEG    DEG          WIND                   DOM
DAY   TEMP   HIGH   TIME    LOW   TIME   DAYS   DAYS   RAIN  SPEED   HIGH   TIME    DIR
---------------------------------------------------------------------------------------
 01   16.1   22.9  18:19   11.7  05:12    2.2    0.0    0.0    1.8   16.1  02:10     73
 02   15.2   19.8  09:36   10.8  05:07    3.1    0.0    0.0    1.3   17.7  18:05     29
 03   15.2   19.4  16:36   10.3  23:57    3.1    0.0    0.0    6.9   35.4  15:46    131
 04   14.2   19.3  16:55    8.3  02:23    4.2    0.0    0.0    5.2   37.0  12:21    119
 05   14.4   18.3  13:15   12.1  22:41    3.9    0.0    0.0    4.9   24.1  16:41    150
 06   13.8   20.9  10:26    8.2  01:40    4.6    0.0    0.0    2.2   16.1  11:44      8
 07   15.1   20.8  12:18    9.4  04:22    3.2    0.0    0.0    3.6   35.4  15:32    135
 08   16.0   21.0  16:35   12.7  03:19    2.3    0.0    0.0    5.3   27.4  14:50    118
 09   17.4   22.6  14:20   13.9  05:22    1.0    0.0    0.2    5.1   27.4  13:20    139
 10   19.0   25.5  17:36   13.0  02:21    0.0    0.7    0.0    5.3   32.2  08:02    157
 11   17.2   20.3  16:21   13.0  23:59    1.1    0.0    0.0    6.5   30.6  11:13    250
 12   15.4   20.9  13:13   11.2  04:01    3.0    0.0    0.0    4.7   25.7  01:55    260
 13   18.8   25.4  11:30   14.7  04:42    0.0    0.5    0.0    1.9   20.9  11:00     49
 14   16.8   21.5  15:08   12.4  06:36    1.6    0.0    0.0    7.2   40.2  07:27    264
 15   16.0   22.6  15:55    7.6  04:51    2.4    0.0    0.0    5.3   30.6  10:59    117
 16   15.7   20.6  18:15   12.6  07:20    2.7    0.0    0.0    3.9   25.7  08:32    241
 17   15.8   22.9  14:40   10.9  05:09    2.5    0.0    0.0    5.9   30.6  08:30    279
 18   13.7   18.3  12:46    7.4  23:57    4.6    0.0    0.0    4.4   25.7  11:28    343
 19   12.3   17.4  11:50    5.4  04:41    6.0    0.0    0.0    2.2   20.9  13:27     68
 20   15.0   18.8  11:08   11.7  03:51    3.4    0.0    0.0    3.4   25.7  16:18     15
 21   14.3   19.2  12:56   10.4  04:51    4.0    0.0    0.0    7.6   32.2  13:13    339
 22   13.9   20.2  12:05    7.9  04:32    4.5    0.0    0.0    4.5   22.5  12:53    296
 23   14.0   18.7  18:04   10.9  01:50    4.4    0.0    5.0    1.3   20.9  02:12    287
 24   17.1   22.3  12:50   12.8  23:57    1.2    0.0    1.2    7.6   33.8  21:02    268
 25   11.7   14.1  16:34    9.9  23:10    6.6    0.0    2.6    7.2   35.4  02:55    305
 26   13.3   16.6  11:55   10.5  00:00    5.0    0.0    0.0    7.2   29.0  08:51    357
 27   15.0   19.8  17:59   10.9  00:00    3.4    0.0    0.0    5.1   30.6  15:28    348
 28   16.0   22.1  14:59   12.6  05:45    2.3    0.0    0.0    2.3   19.3  13:20    334
 29   16.4   23.7  12:58   11.4  01:41    2.0    0.0    0.0    3.5   22.5  05:08    308
 30   15.0   20.4  14:16   10.0  03:06    3.3    0.0    0.0    3.3   29.0  11:26    326
---------------------------------------------------------------------------------------
      15.3   25.5     10    5.4     19   91.5    1.2    9.0    4.6   40.2     14    317
    
Updated: 01/07/21 00:00:00