Loughlinstown, Co Dublin, Ireland

53° 14.91' N | 006° 08.15' W | 24 meter | Show on map

Climate Summary May 2021

23/07/21 16:10:00 IST

Station: Vantage Vue
Software: WeeWX v4.5.1
WeeWX uptime: 107 days, 0 hours, 41 minutes
Server uptime: 107 days, 0 hours, 41 minutes
                   MONTHLY CLIMATOLOGICAL SUMMARY for May 2021


NAME: Loughlinstown, Co Dublin, Ireland                  
ELEV: 24 meter    LAT: 53-14.91 N    LONG: 006-08.15 W


                   TEMPERATURE (°C), RAIN (mm), WIND SPEED (km/h)

                                         HEAT   COOL         AVG
      MEAN                               DEG    DEG          WIND                   DOM
DAY   TEMP   HIGH   TIME    LOW   TIME   DAYS   DAYS   RAIN  SPEED   HIGH   TIME    DIR
---------------------------------------------------------------------------------------
 01    7.6   13.8  11:06    1.6  05:55   10.7    0.0    0.8    1.5   24.1  01:18     36
 02    8.7   14.2  09:36    3.1  06:43    9.7    0.0    0.0    1.5   17.7  13:10     78
 03    8.7   13.3  16:28    5.8  03:26    9.6    0.0   10.2   12.6   64.4  19:47    221
 04    7.7   13.1  13:41    4.7  23:51   10.6    0.0    1.6   15.7   66.0  18:14    271
 05    6.1   14.2  14:30    0.9  23:48   12.3    0.0    1.8    6.0   37.0  14:34    279
 06    7.1   14.2  15:35   -0.1  05:51   11.2    0.0    0.2    4.6   27.4  16:35    290
 07    8.2   14.2  11:37    2.8  04:25   10.1    0.0    0.0    5.4   29.0  00:00     93
 08   12.0   19.4  15:13    5.8  03:35    6.4    0.0   20.4    8.5   41.8  06:46    135
 09   12.1   15.1  12:51    9.7  02:20    6.2    0.0    0.0    8.6   43.5  11:00    130
 10   11.0   14.7  16:30    9.1  06:32    7.3    0.0    1.8    7.0   38.6  14:20    143
 11   10.5   14.1  13:43    6.9  05:41    7.8    0.0    0.0    7.1   40.2  13:07    116
 12    8.7   13.0  10:50    3.0  04:48    9.6    0.0    1.2    1.5   17.7  09:11     87
 13    9.7   17.1  11:09    2.0  05:52    8.6    0.0    0.0    1.6   20.9  12:08     30
 14   10.0   15.9  10:10    3.2  05:27    8.3    0.0    0.0    3.3   25.7  14:02     97
 15    9.8   13.5  15:01    7.8  04:25    8.5    0.0    3.4    3.5   32.2  01:53     83
 16   10.9   15.3  15:01    4.3  05:31    7.4    0.0    0.0    2.0   19.3  17:15     40
 17   11.7   17.9  14:03    7.4  23:32    6.6    0.0    0.0    6.7   33.8  16:43    262
 18   10.3   15.4  08:36    5.8  05:31    8.1    0.0    4.0    3.9   24.1  13:40    192
 19   12.4   18.7  13:02    6.0  05:44    5.9    0.0    0.0    4.9   24.1  02:17    253
 20   11.0   15.0  17:46    8.9  08:48    7.4    0.0   25.8   12.1   54.7  08:06    146
 21    9.7   10.6  02:17    8.4  23:58    8.7    0.0   10.4   12.0   46.7  00:05    268
 22   10.3   16.1  15:21    4.8  05:37    8.0    0.0    0.0    7.3   32.2  00:00    274
 23    8.5   13.8  17:10    4.4  23:58    9.9    0.0    2.4    4.7   35.4  08:12    161
 24    9.9   16.9  16:37    2.6  01:57    8.4    0.0    0.2    7.3   40.2  15:24    271
 25   11.1   16.7  12:34    6.9  23:57    7.2    0.0    4.8    6.3   37.0  03:00    273
 26   12.4   18.0  11:54    6.6  00:14    5.9    0.0    0.0    3.9   20.9  11:54    305
 27   11.4   16.6  14:02    4.9  05:04    6.9    0.0    3.8    3.4   30.6  12:14    101
 28   11.3   12.2  10:21   10.8  01:36    7.1    0.0   10.2    3.2   22.5  15:37     95
 29   13.1   17.1  12:59    9.3  23:31    5.2    0.0    0.0    1.7   19.3  14:45     57
 30   13.8   19.6  15:30    6.7  04:17    4.5    0.0    0.0    1.6   17.7  13:30     59
 31   13.8   20.1  13:33    6.5  05:09    4.6    0.0    0.0    4.3   27.4  14:20     98
---------------------------------------------------------------------------------------
      10.3   20.1     31   -0.1     06  248.8    0.0  103.0    5.6   66.0     04    215
    
Updated: 01/06/21 00:00:00