Loughlinstown, Co Dublin, Ireland

53° 14.91' N | 006° 08.15' W | 24 meter | Show on map

Climate Summary April 2021

16/10/21 01:00:00 IST

Station: Vantage Vue
Software: WeeWX v4.5.1
WeeWX uptime: 191 days, 9 hours, 31 minutes
Server uptime: 191 days, 9 hours, 31 minutes
                   MONTHLY CLIMATOLOGICAL SUMMARY for Apr 2021


NAME: Loughlinstown, Co Dublin, Ireland                  
ELEV: 24 meter    LAT: 53-14.91 N    LONG: 006-08.15 W


                   TEMPERATURE (°C), RAIN (mm), WIND SPEED (km/h)

                                         HEAT   COOL         AVG
      MEAN                               DEG    DEG          WIND                   DOM
DAY   TEMP   HIGH   TIME    LOW   TIME   DAYS   DAYS   RAIN  SPEED   HIGH   TIME    DIR
---------------------------------------------------------------------------------------
 01    8.5    9.7  12:51    6.4  23:14    9.9    0.0    0.0    4.4   25.7  13:51      6
 02    7.4   11.4  16:13    2.9  23:58   10.9    0.0    0.0    4.3   24.1  14:21     11
 03    6.9   12.9  18:08    0.5  05:37   11.4    0.0    0.0    1.7   17.7  10:36     38
 04    8.8   16.4  13:45    0.1  06:30    9.5    0.0    0.0    6.9   40.2  21:02    270
 05    5.8    8.8  00:00    1.3  23:51   12.6    0.0    0.0   10.5   41.8  02:32    309
 06    4.4    9.8  16:40    0.1  03:24   14.0    0.0    0.4   10.3   43.5  14:57    290
 07    5.9   10.1  16:12    1.5  04:30   12.5    0.0    0.0    4.8   37.0  23:53    270
 08    8.8   12.9  17:09    6.1  07:17    9.6    0.0    0.0   12.0   40.2  15:29    236
 09    6.2   10.7  11:18    2.2  23:56   12.1    0.0    2.4    3.5   29.0  00:19    302
 10    4.3    9.8  15:32   -1.2  06:42   14.0    0.0    0.0    4.2   22.5  23:26    319
 11    4.8   10.6  13:50    0.1  06:52   13.5    0.0    2.6    5.5   29.0  15:52    279
 12    6.6   12.5  12:58    3.2  04:55   11.7    0.0    0.2    2.9   22.5  00:00    282
 13    7.7   13.4  12:13    2.7  23:54   10.6    0.0    0.2    2.2   19.3  04:05    307
 14    7.9   12.4  08:54    2.4  06:57   10.5    0.0    0.0    1.4   17.7  13:34     57
 15    7.1   13.1  15:10    0.2  06:44   11.2    0.0    0.0    3.3   25.7  11:59     96
 16    6.1   11.4  17:07   -1.5  06:18   12.2    0.0    0.0    3.3   29.0  17:26    112
 17    7.2   12.0  13:27   -1.2  06:41   11.2    0.0    0.0    4.6   35.4  12:57    122
 18    9.5   13.3  11:32    7.1  05:46    8.8    0.0    0.2    2.7   22.5  11:35    130
 19    9.4   12.7  12:08    6.0  05:20    8.9    0.0    0.0    3.4   30.6  15:15    109
 20    9.8   13.7  16:05    6.9  21:14    8.5    0.0    1.0    1.3   14.5  22:34     39
 21    9.8   14.7  14:36    4.6  23:55    8.5    0.0    0.0    2.6   17.7  12:44     19
 22    8.5   13.6  12:56    2.4  23:57    9.8    0.0    0.0    2.6   22.5  10:31     92
 23    8.3   16.3  18:07   -0.3  06:05   10.0    0.0    0.0    2.8   27.4  13:34    106
 24    9.5   15.2  13:50    2.2  06:05    8.8    0.0    0.0    3.1   30.6  09:41     94
 25    8.3   12.8  16:02    2.6  06:29   10.0    0.0    0.0    3.1   20.9  12:31     33
 26   10.0   15.2  13:46    1.3  05:40    8.3    0.0    0.0    2.4   27.4  22:59     23
 27   10.5   14.1  13:10    7.7  06:05    7.9    0.0    0.0    7.1   32.2  23:10    322
 28    8.4   11.7  17:11    6.6  23:45    9.9    0.0    0.2   11.0   37.0  06:02      2
 29    7.7   12.3  13:40    2.3  06:15   10.7    0.0    0.2    2.1   29.0  10:14     23
 30    5.8   10.9  16:39    1.0  03:41   12.5    0.0    1.6    1.6   17.7  15:08      7
---------------------------------------------------------------------------------------
       7.7   16.4     04   -1.5     16  320.2    0.0    9.0    4.4   43.5     06    327
    
Updated: 01/05/21 00:00:00