Loughlinstown, Co Dublin, Ireland

53° 14.91' N | 006° 08.15' W | 24 meter | Show on map

Climate Summary March 2021

23/07/21 15:50:00 IST

Station: Vantage Vue
Software: WeeWX v4.5.1
WeeWX uptime: 107 days, 0 hours, 21 minutes
Server uptime: 107 days, 0 hours, 21 minutes
                   MONTHLY CLIMATOLOGICAL SUMMARY for Mar 2021


NAME: Loughlinstown, Co Dublin, Ireland                  
ELEV: 24 meter    LAT: 53-14.91 N    LONG: 006-08.15 W


                   TEMPERATURE (°C), RAIN (mm), WIND SPEED (km/h)

                                         HEAT   COOL         AVG
      MEAN                               DEG    DEG          WIND                   DOM
DAY   TEMP   HIGH   TIME    LOW   TIME   DAYS   DAYS   RAIN  SPEED   HIGH   TIME    DIR
---------------------------------------------------------------------------------------
 01    4.9   12.3  14:20   -0.4  04:10   13.4    0.0    0.2    1.0   16.1  14:28    336
 02    3.6    8.6  14:15   -1.6  06:00   14.8    0.0    0.0    0.9   11.3  14:58    348
 03    5.4    6.6  11:24    4.7  20:37   12.9    0.0    0.0    2.4   16.1  18:57    335
 04    5.1    6.4  21:53    3.6  05:24   13.2    0.0    0.0    5.0   30.6  22:37     15
 05    4.1    6.6  14:45   -1.9  21:17   14.3    0.0    0.0    4.0   24.1  00:20     67
 06    4.0    7.9  12:10   -1.6  23:57   14.4    0.0    0.0    2.6   29.0  15:10    118
 07    2.8    9.4  13:19   -3.2  06:23   15.5    0.0    0.0    1.2   16.1  15:26     79
 08    7.6   14.8  13:12    0.7  00:00   10.7    0.0    0.0    1.9   24.1  14:42    221
 09    8.6   10.8  12:20    6.7  06:17    9.7    0.0    1.0    8.4   46.7  18:42    160
 10   10.2   14.0  15:06    7.5  07:39    8.2    0.0    4.4   12.3   66.0  16:43    200
 11    6.8    9.8  01:05    4.1  19:05   11.6    0.0    4.4   20.8   66.0  03:20    238
 12    6.1    9.4  15:12    3.2  05:21   12.2    0.0    3.8   19.0   57.9  13:44    231
 13    5.9    9.4  13:01    3.7  05:14   12.4    0.0    2.0   21.6   64.4  11:35    251
 14    8.4   12.2  15:11    5.2  05:02    9.9    0.0    0.4   18.2   69.2  13:34    258
 15   10.4   13.4  13:13    7.4  05:45    7.9    0.0    2.4    6.4   38.6  05:01    273
 16   12.0   16.6  14:52    7.3  23:54    6.3    0.0    0.2    9.9   45.1  05:15    278
 17   10.1   16.1  15:00    2.4  04:56    8.2    0.0    0.0    5.6   32.2  10:03    287
 18   11.6   17.4  16:12    8.9  06:52    6.8    0.0    0.0    9.5   35.4  22:07    286
 19    9.1   14.4  16:46    3.5  23:57    9.2    0.0    0.0    3.8   30.6  01:07    302
 20    9.7   14.4  14:48    3.5  00:00    8.7    0.0    0.0    4.4   29.0  19:56    286
 21    9.3   14.1  14:19    6.9  19:07    9.0    0.0    0.0    4.8   22.5  11:00    305
 22    7.8   10.3  11:39    3.3  05:24   10.6    0.0    0.0    2.0   16.1  10:14    236
 23    9.5   13.9  14:21    6.8  23:42    8.8    0.0    0.0    6.5   38.6  15:17    189
 24    9.7   14.9  12:28    5.3  05:59    8.7    0.0    0.0    7.8   33.8  10:22    212
 25   10.0   14.1  12:01    6.8  02:31    8.4    0.0    0.0    7.3   40.2  12:15    183
 26    6.0    9.6  14:50    2.5  22:53   12.3    0.0    5.6   14.5   51.5  18:02    230
 27    8.0   11.9  14:03    2.6  00:00   10.4    0.0    0.2   11.3   51.5  18:25    204
 28   13.9   17.8  15:28   10.9  00:00    4.4    0.0    0.2   13.5   49.9  18:13    194
 29   15.1   19.4  16:45   11.6  23:58    3.3    0.0    0.0   11.4   48.3  13:34    197
 30   10.3   13.7  13:07    4.9  07:18    8.0    0.0    0.0    2.0   24.1  01:00     70
 31    9.5   14.7  14:37    4.5  04:43    8.8    0.0    0.0    0.9   16.1  13:08     61
---------------------------------------------------------------------------------------
       8.2   19.4     29   -3.2     07  312.8    0.0   24.8    7.8   69.2     14    235
    
Updated: 07/04/21 15:40:00