Loughlinstown, Co Dublin, Ireland

53° 14.91' N | 006° 08.15' W | 24 meter | Show on map

Climate Summary February 2021

16/10/21 00:40:00 IST

Station: Vantage Vue
Software: WeeWX v4.5.1
WeeWX uptime: 191 days, 9 hours, 11 minutes
Server uptime: 191 days, 9 hours, 11 minutes
                   MONTHLY CLIMATOLOGICAL SUMMARY for Feb 2021


NAME: Loughlinstown, Co Dublin, Ireland                  
ELEV: 24 meter    LAT: 53-14.91 N    LONG: 006-08.15 W


                   TEMPERATURE (°C), RAIN (mm), WIND SPEED (km/h)

                                         HEAT   COOL         AVG
      MEAN                               DEG    DEG          WIND                   DOM
DAY   TEMP   HIGH   TIME    LOW   TIME   DAYS   DAYS   RAIN  SPEED   HIGH   TIME    DIR
---------------------------------------------------------------------------------------
 01    4.9    6.3  23:32    3.3  05:53   13.5    0.0    4.4    5.1   35.4  19:55    124
 02    7.8   10.0  14:19    5.5  08:12   10.6    0.0   12.6    3.7   37.0  00:16    124
 03    8.0   10.4  11:12    6.7  22:01   10.3    0.0    0.0    4.9   33.8  07:14    214
 04    7.9   11.0  15:27    6.5  04:57   10.5    0.0    1.2    3.7   30.6  02:45    149
 05    5.0    7.6  14:34    2.8  20:48   13.3    0.0    0.0    2.7   20.9  07:19    270
 06    5.9    7.4  13:34    4.5  00:00   12.5    0.0    4.0    6.6   33.8  23:59     10
 07    4.0    5.2  00:00    2.7  22:53   14.3    0.0    0.0   14.9   43.5  07:52     48
 08    2.7    3.3  14:11    1.3  21:05   15.6    0.0    0.2   14.2   45.1  08:10     48
 09    2.3    3.4  12:24    1.6  04:33   16.0    0.0    0.0   13.8   45.1  07:50     54
 10    2.5    4.5  12:21    1.8  01:28   15.8    0.0    0.0    9.4   37.0  00:32     58
 11    1.9    2.7  11:29    1.2  05:45   16.4    0.0    0.0   15.4   56.3  11:11    102
 12    3.1    5.1  11:41    1.5  23:46   15.2    0.0    0.0   16.9   57.9  14:10    120
 13    2.4    4.6  23:54    0.6  04:59   15.9    0.0    5.8   20.9   67.6  06:20    134
 14    8.1   11.9  16:01    4.6  00:00   10.2    0.0   13.2   12.2   56.3  05:09    143
 15    9.1   13.9  14:30    5.3  02:21    9.2    0.0    1.8    6.1   38.6  22:17    139
 16    9.3   12.5  11:03    6.1  20:37    9.0    0.0    1.8    8.8   43.5  00:19    190
 17    8.5   11.8  14:31    6.1  08:15    9.8    0.0    2.8    9.3   43.5  23:23    177
 18    6.5   11.3  15:27    3.2  04:17   11.8    0.0    6.2    9.9   57.9  02:14    194
 19    9.3   11.1  12:06    6.8  01:30    9.0    0.0   12.8   10.9   57.9  03:36    137
 20    8.9   10.9  15:15    7.0  22:46    9.4    0.0   11.4   11.7   64.4  13:17    152
 21    8.9   12.8  13:01    6.0  22:23    9.5    0.0    0.0    6.9   41.8  02:47    162
 22    7.6   12.8  13:46    1.8  06:38   10.7    0.0    0.0    6.5   45.1  21:53    138
 23   10.3   12.2  12:17    8.4  01:59    8.1    0.0   16.2   14.7   56.3  08:27    155
 24    9.8   13.1  14:59    7.7  23:28    8.6    0.0    0.0    7.0   32.2  00:45    171
 25    7.1   11.9  15:41    2.6  23:54   11.3    0.0    0.0    6.8   32.2  12:17    242
 26    6.7   14.8  14:22    0.3  06:55   11.6    0.0    0.0    1.6   20.9  16:43    197
 27    7.0   11.8  13:29    0.6  07:36   11.3    0.0    0.0    0.2    9.7  01:58    101
 28    5.8   10.4  12:38    0.6  07:27   12.5    0.0    0.0    0.6   12.9  12:48     49
---------------------------------------------------------------------------------------
       6.5   14.8     26    0.3     26  331.9    0.0   94.4    8.8   67.6     13    125
    
Updated: 07/04/21 15:40:00