Loughlinstown, Co Dublin, Ireland

53° 14.91' N | 006° 08.15' W | 24 meter | Show on map

Climate Summary 2020

13/07/20 10:10:00 IST

Station: Vantage Vue
Software: WeeWX v4.1.1
WeeWX uptime: 5 days, 16 hours, 24 minutes
Server uptime: 5 days, 16 hours, 26 minutes
                     CLIMATOLOGICAL SUMMARY FOR 2020


NAME: Loughlinstown, Co Dublin, Ireland                  
ELEV: 24 meter    LAT: 53-14.91 N    LONG: 006-08.15 W


                                       TEMPERATURE (°C)

                              HEAT    COOL                              MAX    MAX    MIN    MIN
          MEAN   MEAN         DEG     DEG                                >=     <=     <=     <=
 YR  MO   MAX    MIN    MEAN  DAYS    DAYS      HI  DAY     LOW  DAY     25      0      0     -3
------------------------------------------------------------------------------------------------
2020 01   10.2    3.6    6.9  354.1    0.0    17.6   07    -3.0   19      0      0      3      1
2020 02   10.2    3.4    6.5  343.8    0.0    15.5   28    -2.3   06      0      0      2      0
2020 03   11.6    3.3    7.3  342.0    0.0    17.4   17    -0.6   22      0      0      4      0
2020 04   14.7    5.2    9.7  257.9    0.0    20.6   11    -0.2   14      0      0      1      0
2020 05   17.6    7.3   12.5  179.7    0.0    23.0   24     0.7   14      0      0      0      0
2020 06   19.1   10.6   14.5  114.0    0.2    27.1   02     6.4   06      2      0      0      0
2020 07   19.2   11.6   14.9   43.2    0.1    22.7   04     8.3   12      0      0      0      0
2020 08
2020 09
2020 10
2020 11
2020 12
------------------------------------------------------------------------------------------------
          14.3    6.0    9.9 1634.6    0.3    27.1  Jun    -3.0  Jan      2      0     10      1


                  PRECIPITATION (mm)

                  MAX         ---DAYS OF RAIN---
                  OBS.               OVER
 YR  MO  TOTAL    DAY  DATE   0.30   3.00  20.00
------------------------------------------------
2020 01   49.4   10.4    13     11      6      0
2020 02  130.4   31.0    09     24     14      1
2020 03   26.0    7.4    09     11      2      0
2020 04   22.2    7.4    29      6      3      0
2020 05    9.4    5.4    22      4      1      0
2020 06   67.8   17.4    17     18      9      0
2020 07   34.0   11.6    08      6      3      0
2020 08
2020 09
2020 10
2020 11
2020 12
------------------------------------------------
         339.2   31.0   Feb     80     38      1


           WIND SPEED (km/h)

                                DOM
 YR  MO    AVG     HI   DATE    DIR
-----------------------------------
2020 01    7.2   77.2     13    207 
2020 02   14.0   83.7     01    222 
2020 03    8.5   83.7     01    227 
2020 04    3.4   54.7     05    330 
2020 05    4.4   64.4     22    242 
2020 06    5.8   53.1     28    258 
2020 07    5.1   67.6     05    246 
2020 08
2020 09
2020 10
2020 11
2020 12
-----------------------------------
           7.0   83.7    Feb    225

Updated: 13/07/20 10:10:00