Loughlinstown, Co Dublin, Ireland

53° 14.91' N | 006° 08.15' W | 24 meter | Show on map

Climate Summary December 2020

12/04/21 19:10:00 IST

Station: Vantage Vue
Software: WeeWX v4.5.1
WeeWX uptime: 5 days, 3 hours, 41 minutes
Server uptime: 5 days, 3 hours, 41 minutes
                   MONTHLY CLIMATOLOGICAL SUMMARY for Dec 2020


NAME: Loughlinstown, Co Dublin, Ireland                  
ELEV: 24 meter    LAT: 53-14.91 N    LONG: 006-08.15 W


                   TEMPERATURE (°C), RAIN (mm), WIND SPEED (km/h)

                                         HEAT   COOL         AVG
      MEAN                               DEG    DEG          WIND                   DOM
DAY   TEMP   HIGH   TIME    LOW   TIME   DAYS   DAYS   RAIN  SPEED   HIGH   TIME    DIR
---------------------------------------------------------------------------------------
 01    7.6   10.3  12:25    5.2  00:03   10.8    0.0    0.0    2.3   25.7  20:50    278
 02    7.2    9.2  03:03    5.7  17:20   11.2    0.0    0.0    6.7   40.2  06:14    239
 03    3.1    6.1  00:00    0.6  21:11   15.2    0.0    0.4    5.4   29.0  19:56    266
 04    3.4    7.0  22:27    0.3  01:18   14.9    0.0    4.2   15.2   53.1  08:20    278
 05    5.7    7.5  12:57    2.1  23:27   12.6    0.0    2.2    7.6   40.2  02:22    311
 06    1.6    6.8  13:39   -1.8  21:27   16.8    0.0    0.2    1.0   14.5  01:25    286
 07    2.2    6.1  13:17   -2.1  00:51   16.1    0.0    1.4    4.1   35.4  22:00    272
 08    4.7    7.6  14:06    2.8  00:12   13.6    0.0    0.0   13.6   48.3  10:28    265
 09    6.1    8.3  21:54    3.6  05:22   12.2    0.0    6.0    6.3   38.6  19:10    143
 10    8.1    9.4  13:18    7.1  08:31   10.2    0.0    6.4    2.8   33.8  15:15    138
 11    8.0    9.3  12:15    5.9  23:56   10.3    0.0    0.8    3.9   37.0  20:13    262
 12    5.2    8.3  13:27    2.3  20:51   13.1    0.0    0.0    8.1   46.7  03:52    260
 13    9.6   11.8  13:22    5.9  00:00    8.7    0.0   10.6    9.1   48.3  02:57    131
 14    8.7   10.9  11:21    7.2  22:17    9.6    0.0    0.4    5.9   33.8  04:30    174
 15    6.9    9.9  14:06    3.2  08:12   11.4    0.0    0.6    3.7   38.6  23:59    130
 16    8.5   10.2  13:08    4.6  23:59    9.9    0.0   21.2    9.2   49.9  00:50    143
 17    8.7   12.0  20:03    4.2  08:38    9.6    0.0    1.0    7.1   40.2  13:46    155
 18   10.5   12.8  12:16    7.4  23:11    7.8    0.0    3.6    5.5   35.4  05:37    140
 19    7.8    9.3  12:25    6.4  23:21   10.6    0.0    1.8    7.3   46.7  14:23    183
 20    6.6    8.6  13:30    3.2  23:59   11.8    0.0    0.0    4.9   33.8  03:20    203
 21    7.3    9.5  13:41    2.1  01:26   11.0    0.0    3.8    3.3   25.7  06:11    257
 22    4.2    6.8  13:52    0.3  08:46   14.1    0.0    2.0    2.1   27.4  21:18    353
 23    5.2    6.0  00:21    3.2  23:57   13.1    0.0   16.2   13.8   48.3  17:07    349
 24    3.0    5.9  13:36    1.1  22:29   15.3    0.0    0.0    8.4   37.0  07:29    280
 25    5.1    7.9  11:59    1.1  01:18   13.3    0.0    0.0    7.1   38.6  20:24    241
 26    7.7    8.9  15:53    5.5  23:29   10.7    0.0   15.0   15.9   69.2  17:33    225
 27    3.6    5.9  00:23    1.6  03:59   14.8    0.0    3.4   15.6   61.2  03:17    247
 28    4.1    4.9  11:20    3.1  00:25   14.3    0.0    2.4   14.5   46.7  00:02    274
 29    3.5    6.2  13:45    2.1  09:17   14.8    0.0    0.2   11.0   40.2  15:48    277
 30    2.3    5.2  13:26    0.6  21:50   16.1    0.0    0.0    6.8   27.4  01:04    269
 31    2.3    4.4  21:37    0.4  01:17   16.1    0.0    7.4    9.1   35.4  08:39    274
---------------------------------------------------------------------------------------
       5.8   12.8     18   -2.1     07  389.9    0.0  111.2    7.7   69.2     26    250
    
Updated: 07/04/21 15:40:00