Loughlinstown, Co Dublin, Ireland

53° 14.91' N | 006° 08.15' W | 24 meter | Show on map

Climate Summary October 2020

29/10/20 04:00:00 GMT

Station: Vantage Vue
Software: WeeWX v4.1.1
WeeWX uptime: 27 days, 18 hours, 12 minutes
Server uptime: 27 days, 18 hours, 12 minutes
                   MONTHLY CLIMATOLOGICAL SUMMARY for Oct 2020


NAME: Loughlinstown, Co Dublin, Ireland                  
ELEV: 24 meter    LAT: 53-14.91 N    LONG: 006-08.15 W


                   TEMPERATURE (°C), RAIN (mm), WIND SPEED (km/h)

                                         HEAT   COOL         AVG
      MEAN                               DEG    DEG          WIND                   DOM
DAY   TEMP   HIGH   TIME    LOW   TIME   DAYS   DAYS   RAIN  SPEED   HIGH   TIME    DIR
---------------------------------------------------------------------------------------
 01    8.7   13.8  13:26    2.9  07:44    9.6    0.0    6.6    2.3   20.9  14:38    168
 02   10.7   14.5  15:43    7.6  07:47    7.6    0.0    4.6    7.5   35.4  14:28    334
 03    9.4   13.2  13:04    6.8  07:20    8.9    0.0    0.0    8.2   41.8  23:48    278
 04    9.5   11.7  16:35    7.7  05:09    8.8    0.0   19.2   10.5   56.3  05:26    269
 05   11.7   14.2  13:39    8.6  00:00    6.6    0.0    2.2    8.4   40.2  11:17    260
 06   12.0   16.2  14:07    9.6  23:44    6.3    0.0    1.0   12.7   46.7  09:10    257
 07   11.6   16.8  12:40    9.0  04:41    6.7    0.0    6.6    4.8   40.2  00:03    253
 08   10.9   14.7  15:35    6.8  20:16    7.5    0.0    7.8    5.8   32.2  14:29    270
 09    9.5   13.6  15:01    7.5  23:09    8.8    0.0    0.2    8.9   35.4  01:26    254
 10   10.4   15.1  15:22    7.7  00:00    7.9    0.0    0.0   12.2   53.1  07:29    268
 11   10.0   15.7  14:57    7.6  22:23    8.3    0.0    0.0    5.3   32.2  03:08    266
 12   10.9   14.6  15:07    7.7  00:00    7.5    0.0    2.2    7.0   43.5  12:13    271
 13   10.3   13.8  14:18    7.6  05:42    8.0    0.0    0.8   10.1   40.2  04:24    314
 14   12.3   15.1  14:46   10.6  00:44    6.0    0.0    2.0    5.9   38.6  00:18     11
 15   10.9   14.2  15:05    7.3  08:19    7.5    0.0    0.4    1.6   17.7  13:28     38
 16   10.6   12.8  12:44    7.6  05:54    7.8    0.0    0.0    2.4   22.5  23:35     72
 17   10.8   13.5  12:10    7.6  23:59    7.5    0.0    0.4    3.7   22.5  00:00     43
 18    8.8   13.9  15:29    3.2  07:55    9.5    0.0    0.0    1.4   27.4  23:52    123
 19   12.1   13.1  13:41   11.3  18:33    6.3    0.0    3.2    9.9   40.2  11:00    129
 20   12.9   14.6  14:57   10.6  23:57    5.4    0.0    6.0   10.7   48.3  12:25    133
 21   11.1   15.1  10:19    7.9  23:48    7.3    0.0    0.0    6.4   32.2  19:11    252
 22    8.7   12.8  14:52    5.9  19:13    9.6    0.0    0.0    7.3   41.8  03:54    257
 23    9.7   13.2  15:52    7.6  00:00    8.6    0.0    0.6    5.9   38.6  23:01    209
 24    9.7   12.3  05:39    6.1  22:48    8.6    0.0    3.6    6.4   40.2  07:54    168
 25    9.8   13.5  14:10    7.2  00:00    8.5    0.0    0.0    8.2   38.6  05:28    210
 26    9.7   13.9  14:19    7.3  23:49    8.6    0.0    0.8   12.1   48.3  06:58    255
 27    9.6   13.1  12:38    6.8  00:44    8.7    0.0    0.2    8.1   49.9  11:31    209
 28    8.9   12.2  13:44    6.8  18:40    9.5    0.0    0.0   12.7   46.7  14:32    221
 29    8.4    8.7  03:06    7.9  00:22    9.9    0.0    0.0    4.4   27.4  00:30    187
 30
 31
---------------------------------------------------------------------------------------
      10.4   16.8     07    2.9     01  231.9    0.0   68.4    7.4   56.3     04    251
    
Updated: 29/10/20 04:00:00