Loughlinstown, Co Dublin, Ireland

53° 14.91' N | 006° 08.15' W | 24 meter | Show on map

Climate Summary September 2020

01/12/20 08:30:00 GMT

Station: Vantage Vue
Software: WeeWX v4.1.1
WeeWX uptime: 60 days, 22 hours, 42 minutes
Server uptime: 60 days, 22 hours, 42 minutes
                   MONTHLY CLIMATOLOGICAL SUMMARY for Sep 2020


NAME: Loughlinstown, Co Dublin, Ireland                  
ELEV: 24 meter    LAT: 53-14.91 N    LONG: 006-08.15 W


                   TEMPERATURE (°C), RAIN (mm), WIND SPEED (km/h)

                                         HEAT   COOL         AVG
      MEAN                               DEG    DEG          WIND                   DOM
DAY   TEMP   HIGH   TIME    LOW   TIME   DAYS   DAYS   RAIN  SPEED   HIGH   TIME    DIR
---------------------------------------------------------------------------------------
 01   16.3   22.0  14:05   11.8  00:45    2.0    0.0    0.0    4.4   27.4  08:50    130
 02   17.5   22.2  18:33   13.5  08:24    0.9    0.0   23.8    8.1   40.2  14:29    142
 03   16.6   21.3  16:08   12.6  21:31    1.7    0.0    0.0    8.8   38.6  16:53    238
 04   14.4   19.1  17:01   11.4  05:33    3.9    0.0    0.0    9.1   35.4  12:24    234
 05   13.5   19.1  12:32   10.8  05:31    4.8    0.0    0.6    7.6   37.0  14:09    257
 06   15.6   21.4  16:34   11.5  03:04    2.7    0.0    0.0    3.9   27.4  00:00    265
 07   16.9   21.1  16:19   12.9  03:55    1.4    0.0    1.6    5.2   30.6  12:36    234
 08   20.3   25.3  16:01   17.0  02:59    0.0    1.9    0.0    6.8   33.8  13:51    230
 09   15.9   19.6  00:00   11.7  06:50    2.5    0.0    0.2    7.7   40.2  09:52    268
 10   13.4   16.7  14:30   11.0  01:46    4.9    0.0    0.0    2.8   25.7  12:41    222
 11   14.2   16.7  13:28   12.6  05:29    4.1    0.0    0.0    7.1   38.6  10:05    220
 12   15.3   19.9  13:37   11.0  05:42    3.0    0.0    0.0    8.2   45.1  00:00    210
 13   18.7   26.0  15:15   12.9  22:04    0.0    0.4    0.0    4.9   43.5  00:00    195
 14   16.6   23.4  13:20   11.3  02:02    1.7    0.0    0.0    1.3   22.5  11:05     84
 15   17.8   22.6  13:39   14.4  22:54    0.6    0.0    3.8    0.5   16.1  01:30     81
 16   16.6   21.7  12:01   13.6  03:08    1.7    0.0    0.0    0.8   17.7  15:17    352
 17   16.0   19.5  13:28   11.4  23:47    2.4    0.0    0.0    1.3   20.9  12:19     77
 18   13.0   16.3  14:28    9.1  05:13    5.4    0.0    0.0    3.4   25.7  15:37     17
 19   13.7   15.2  14:52   12.6  04:45    4.6    0.0    0.0    7.1   29.0  07:35     18
 20   13.4   15.8  12:53    7.8  23:58    4.9    0.0    0.0    3.7   29.0  07:59     16
 21   13.0   21.1  12:50    5.9  05:08    5.3    0.0    0.0    0.9   16.1  12:55      7
 22   15.3   21.1  13:32   11.1  06:48    3.1    0.0    0.4    4.3   33.8  11:52    217
 23   10.9   16.1  15:17    4.5  23:47    7.4    0.0    0.4    2.7   20.9  00:24    283
 24    8.9   12.9  13:32    4.5  00:00    9.5    0.0   10.6    3.8   30.6  20:53    295
 25    9.1   14.6  12:41    5.7  03:22    9.2    0.0    0.4    8.6   40.2  12:33    277
 26    9.0   15.6  14:47    4.1  06:34    9.3    0.0    0.0    4.5   30.6  09:37    303
 27    9.8   17.3  14:32    4.1  04:12    8.5    0.0    0.0    2.2   20.9  09:48    268
 28   13.4   19.4  16:19    7.9  00:43    4.9    0.0    1.0    2.5   32.2  16:04    271
 29   11.0   17.2  15:26    3.3  07:26    7.3    0.0    0.0    3.0   37.0  23:00    135
 30   12.3   17.1  14:21    7.0  23:58    6.0    0.0   10.2    6.9   38.6  00:39    201
---------------------------------------------------------------------------------------
      14.3   26.0     13    3.3     29  124.0    2.3   53.0    4.7   45.1     13    242
    
Updated: 01/10/20 10:50:00