Loughlinstown, Co Dublin, Ireland

53° 14.91' N | 006° 08.15' W | 24 meter | Show on map

Climate Summary August 2020

29/10/20 05:30:00 GMT

Station: Vantage Vue
Software: WeeWX v4.1.1
WeeWX uptime: 27 days, 19 hours, 42 minutes
Server uptime: 27 days, 19 hours, 42 minutes
                   MONTHLY CLIMATOLOGICAL SUMMARY for Aug 2020


NAME: Loughlinstown, Co Dublin, Ireland                  
ELEV: 24 meter    LAT: 53-14.91 N    LONG: 006-08.15 W


                   TEMPERATURE (°C), RAIN (mm), WIND SPEED (km/h)

                                         HEAT   COOL         AVG
      MEAN                               DEG    DEG          WIND                   DOM
DAY   TEMP   HIGH   TIME    LOW   TIME   DAYS   DAYS   RAIN  SPEED   HIGH   TIME    DIR
---------------------------------------------------------------------------------------
 01   16.7   22.0  15:20   13.4  04:43    1.7    0.0    0.6    4.8   27.4  19:16    255
 02   15.2   21.2  16:10   10.7  23:57    3.2    0.0    1.2    3.9   29.0  03:37    251
 03   15.0   21.0  16:38    9.3  02:48    3.3    0.0    0.0    2.8   27.4  10:31    256
 04   18.2   25.4  17:35   12.4  04:56    0.1    0.0    1.6    8.1   46.7  13:39    182
 05   19.3   26.4  16:02   14.0  23:57    0.0    0.9    0.0    5.4   37.0  16:11    194
 06   16.6   21.9  17:04   11.2  04:37    1.7    0.0    0.2    3.6   33.8  09:50    109
 07   19.7   27.9  15:36   13.4  05:29    0.0    1.4    0.0    3.6   30.6  12:56    178
 08   17.2   21.8  11:49   11.3  05:39    1.1    0.0    0.0    1.6   16.1  11:30    342
 09   16.2   19.5  12:16   12.4  02:31    2.2    0.0    0.0    2.1   14.5  05:13    329
 10   15.2   17.2  17:55   11.9  03:18    3.2    0.0    2.2    1.6   20.9  17:29    302
 11   17.5   21.2  14:10   12.8  04:52    0.8    0.0    0.0    1.8   14.5  09:06    313
 12   19.4   23.2  12:41   15.9  02:15    0.0    1.1    0.0    1.3   16.1  13:51    318
 13   18.9   24.3  16:45   16.0  23:58    0.0    0.5    0.0    2.2   24.1  03:25    299
 14   17.6   22.7  16:42   14.6  23:48    0.7    0.0    0.0    1.5   16.1  10:22    330
 15   17.5   22.4  15:01   13.4  02:35    0.9    0.0    0.0    1.1   24.1  14:00    339
 16   16.1   16.4  03:05   15.7  10:37    2.3    0.0    0.0    2.1   16.1  07:17      3
 17   15.6   16.4  14:18   15.2  05:58    2.7    0.0   24.2    1.3   17.7  11:17    335
 18   16.7   20.9  13:43   14.4  08:45    1.6    0.0    8.6    0.9   25.7  15:32    235
 19   15.4   17.0  20:18   12.2  03:00    2.9    0.0   22.6    5.3   61.2  23:54     94
 20   16.3   18.8  11:10   13.1  00:34    2.1    0.0   10.8   13.9   61.2  00:00    130
 21   17.2   21.7  16:46   13.9  03:08    1.1    0.0    5.0   10.7   53.1  00:50    184
 22   16.0   18.8  14:52   14.0  05:56    2.3    0.0    1.2    9.2   41.8  13:38    227
 23   16.5   20.2  13:32   13.6  23:49    1.8    0.0    0.0    9.1   43.5  18:22    247
 24   13.8   17.3  12:15    9.6  04:47    4.5    0.0    1.0    2.2   22.5  22:41     88
 25   15.1   18.6  13:35   13.3  23:48    3.2    0.0   30.6   16.6   74.0  16:59    224
 26   16.7   22.0  16:44   12.7  05:06    1.6    0.0    0.0    8.3   54.7  01:28    256
 27   13.6   14.9  10:09   11.7  06:46    4.8    0.0    5.6    0.8   16.1  10:18     30
 28   12.3   14.6  17:53   10.3  23:59    6.1    0.0   10.6    7.9   49.9  10:08    333
 29   12.1   15.8  15:55    8.9  23:57    6.3    0.0    0.0    5.7   29.0  15:20    300
 30   12.1   18.2  12:01    6.8  07:12    6.2    0.0    0.0    1.8   20.9  13:47    324
 31   13.5   19.7  13:49    7.6  00:27    4.8    0.0    0.0    3.8   27.4  10:32    126
---------------------------------------------------------------------------------------
      16.1   27.9     07    6.8     30   73.3    3.9  126.0    4.7   74.0     25    229
    
Updated: 01/10/20 10:50:00