Loughlinstown, Co Dublin, Ireland

53° 14.91' N | 006° 08.15' W | 24 meter | Show on map

Climate Summary July 2020

05/08/20 14:10:00 IST

Station: Vantage Vue
Software: WeeWX v4.1.1
WeeWX uptime: 28 days, 20 hours, 24 minutes
Server uptime: 28 days, 20 hours, 26 minutes
                   MONTHLY CLIMATOLOGICAL SUMMARY for Jul 2020


NAME: Loughlinstown, Co Dublin, Ireland                  
ELEV: 24 meter    LAT: 53-14.91 N    LONG: 006-08.15 W


                   TEMPERATURE (°C), RAIN (mm), WIND SPEED (km/h)

                                         HEAT   COOL         AVG
      MEAN                               DEG    DEG          WIND                   DOM
DAY   TEMP   HIGH   TIME    LOW   TIME   DAYS   DAYS   RAIN  SPEED   HIGH   TIME    DIR
---------------------------------------------------------------------------------------
 01   13.5   15.7  15:58   12.5  20:22    4.9    0.0    7.8    0.2   11.3  14:04     81
 02   15.3   21.3  14:53   11.3  07:20    3.0    0.0    1.4    4.7   29.0  13:46    263
 03   16.3   19.7  17:48   12.6  04:30    2.1    0.0    0.2    4.3   35.4  12:30    181
 04   18.4   22.7  16:38   15.9  07:40    0.0    0.1    0.0    6.5   35.4  22:01    217
 05   14.7   18.6  14:04   11.6  05:49    3.6    0.0    0.2   16.7   67.6  13:20    237
 06   15.2   22.3  16:04   10.9  04:49    3.1    0.0    0.0    9.6   46.7  03:59    263
 07   13.3   16.0  18:26   11.4  07:46    5.0    0.0   10.0    1.6   20.9  13:10    242
 08   12.6   14.3  12:36   11.7  06:10    5.7    0.0   11.6    1.2   14.5  04:06     22
 09   14.5   19.6  16:16   12.2  06:20    3.8    0.0    2.4    3.8   24.1  05:12    340
 10   14.5   20.3  17:28    8.8  05:12    3.8    0.0    0.0    7.2   32.2  00:09    274
 11   13.9   19.7  10:56    8.4  05:53    4.4    0.0    0.0    3.4   25.7  16:58    131
 12   16.0   20.5  11:21    8.3  06:03    2.3    0.0    0.0    2.0   25.7  14:07    170
 13   17.7   20.9  13:53   14.0  23:58    0.7    0.0    0.4    5.0   24.1  19:53    247
 14   13.8   16.4  10:07   11.6  06:20    4.6    0.0    1.8    6.3   32.2  23:21    263
 15   16.3   22.1  17:01   12.4  04:43    2.0    0.0    1.0    8.5   41.8  12:39    267
 16   19.3   25.2  15:33   14.4  05:25    0.0    0.9    0.0    8.7   33.8  15:58    257
 17   18.5   22.8  18:24   15.0  04:10    0.0    0.1    0.0    4.3   27.4  07:12    220
 18   16.4   22.3  15:36   13.1  08:58    1.9    0.0    0.8    3.0   22.5  01:47    267
 19   15.0   20.6  18:26    8.8  05:01    3.3    0.0    0.0    2.5   20.9  12:50    298
 20   14.1   20.3  12:42    7.6  05:49    4.3    0.0    0.0    2.4   20.9  17:10    315
 21   15.3   21.0  10:39    9.6  02:18    3.0    0.0    0.0    1.5   17.7  15:24     55
 22   17.6   22.2  18:55   13.4  07:06    0.7    0.0    2.2    4.0   33.8  15:48    231
 23   17.4   22.6  15:40   13.9  06:24    1.0    0.0    8.4    3.6   27.4  14:50    252
 24   16.1   19.7  13:51   11.4  06:06    2.2    0.0    2.4    3.2   32.2  12:31    115
 25   16.9   20.9  15:01   13.6  23:53    1.4    0.0    0.6    5.3   30.6  02:00    238
 26   16.6   22.1  16:25   12.9  04:52    1.8    0.0    0.4    7.3   37.0  06:10    232
 27   16.3   20.2  12:37   12.0  23:13    2.0    0.0    7.0    8.3   46.7  12:24    247
 28   14.9   20.2  16:05   11.1  06:15    3.4    0.0    0.0   10.1   38.6  09:39    263
 29   14.2   16.6  15:34   11.6  00:00    4.1    0.0    0.6    2.3   29.0  21:58    117
 30   17.1   20.1  16:06   14.2  00:00    1.2    0.0    3.8    6.9   38.6  09:22    119
 31   20.0   26.2  17:29   15.9  00:40    0.0    1.7    0.0    5.9   29.0  07:16    129
---------------------------------------------------------------------------------------
      15.9   26.2     31    7.6     20   79.4    2.8   63.0    5.2   67.6     05    244
    
Updated: 01/08/20 00:00:00