Loughlinstown, Co Dublin, Ireland

53° 14.91' N | 006° 08.15' W | 24 meter | Show on map

Climate Summary June 2020

19/09/20 17:10:00 IST

Station: Vantage Vue
Software: WeeWX v4.1.1
WeeWX uptime: 15 days, 5 hours, 23 minutes
Server uptime: 15 days, 5 hours, 19 minutes
                   MONTHLY CLIMATOLOGICAL SUMMARY for Jun 2020


NAME: Loughlinstown, Co Dublin, Ireland                  
ELEV: 24 meter    LAT: 53-14.91 N    LONG: 006-08.15 W


                   TEMPERATURE (°C), RAIN (mm), WIND SPEED (km/h)

                                         HEAT   COOL         AVG
      MEAN                               DEG    DEG          WIND                   DOM
DAY   TEMP   HIGH   TIME    LOW   TIME   DAYS   DAYS   RAIN  SPEED   HIGH   TIME    DIR
---------------------------------------------------------------------------------------
 01   15.8   22.4  19:32    8.7  04:10    2.6    0.0    0.0    1.4   17.7  10:02     52
 02   18.0   27.1  12:13    8.2  03:58    0.3    0.0    0.0    1.9   29.0  23:48    299
 03   13.2   15.9  15:41   10.0  23:56    5.1    0.0    0.4    8.8   38.6  09:28    331
 04   12.6   18.9  18:29    8.2  03:25    5.7    0.0    0.0    7.3   38.6  20:56    266
 05   11.7   17.9  13:18    6.7  23:45    6.6    0.0    1.0    9.0   40.2  20:04    278
 06   10.0   13.2  14:52    6.4  01:07    8.3    0.0    0.8   13.4   51.5  04:53    262
 07   13.2   19.5  17:15    9.7  04:04    5.1    0.0    0.2    5.2   32.2  09:49    289
 08   12.9   18.6  12:36    7.0  05:36    5.5    0.0    0.0    3.1   25.7  08:47    303
 09   11.6   16.1  10:05    6.5  01:13    6.7    0.0    0.6    0.5   22.5  03:00    282
 10   12.1   15.4  08:12    9.9  23:55    6.2    0.0    3.4    2.1   32.2  23:51    344
 11   12.0   14.2  09:46    9.8  00:01    6.3    0.0    8.4   10.3   45.1  06:47    358
 12   12.1   15.0  11:56   10.7  01:24    6.2    0.0    1.8   10.7   33.8  01:50    351
 13   14.9   20.1  18:42   11.9  03:22    3.5    0.0    3.8    1.8   20.9  00:09    337
 14   15.9   20.1  14:16   12.1  04:45    2.4    0.0    0.0    0.9   14.5  10:18    353
 15   16.8   23.0  18:21    9.3  05:00    1.5    0.0    0.0    1.3   22.5  16:17     62
 16   15.8   20.8  15:05   11.9  05:23    2.5    0.0    0.0    1.4   19.3  23:50    336
 17   15.5   18.3  19:00   13.4  06:59    2.8    0.0   17.4    1.8   19.3  00:00    313
 18   15.0   16.7  14:54   13.2  02:40    3.3    0.0    4.2    1.6   17.7  10:03    324
 19   13.3   15.1  16:29   11.9  05:55    5.0    0.0    4.0    5.0   35.4  13:16    258
 20   14.6   19.6  11:22    9.6  05:11    3.8    0.0    6.4    8.4   49.9  20:33    126
 21   15.9   20.9  16:45   10.3  23:59    2.4    0.0    1.2    9.1   41.8  13:42    215
 22   15.7   21.3  12:48    9.6  00:34    2.6    0.0    0.8    9.5   41.8  07:01    132
 23   17.6   21.2  13:54   15.1  23:17    0.7    0.0    0.0    6.6   40.2  06:18    138
 24   17.5   22.7  17:32   13.0  02:45    0.8    0.0    0.0    1.5   16.1  00:11     39
 25   18.5   25.7  13:17   13.4  03:38    0.0    0.2    0.0    1.7   19.3  09:35    323
 26   17.8   22.9  13:22   13.4  23:55    0.5    0.0    6.4    4.7   35.4  23:33    114
 27   14.8   18.2  11:23   11.7  23:40    3.5    0.0    4.6    9.0   43.5  16:15    212
 28   13.1   17.0  18:12   11.4  05:37    5.2    0.0    1.2   17.8   53.1  12:40    225
 29   13.9   17.9  19:27   11.6  05:01    4.4    0.0    0.2   15.8   53.1  08:06    234
 30   14.1   17.9  11:28   11.9  05:26    4.2    0.0    1.0    3.5   24.1  01:08    216
---------------------------------------------------------------------------------------
      14.5   27.1     02    6.4     06  114.0    0.2   67.8    5.8   53.1     28    258
    
Updated: 04/09/20 12:00:00