Loughlinstown, Co Dublin, Ireland

53° 14.91' N | 006° 08.15' W | 24 meter | Show on map

Climate Summary May 2020

19/09/20 15:40:00 IST

Station: Vantage Vue
Software: WeeWX v4.1.1
WeeWX uptime: 15 days, 3 hours, 53 minutes
Server uptime: 15 days, 3 hours, 49 minutes
                   MONTHLY CLIMATOLOGICAL SUMMARY for May 2020


NAME: Loughlinstown, Co Dublin, Ireland                  
ELEV: 24 meter    LAT: 53-14.91 N    LONG: 006-08.15 W


                   TEMPERATURE (°C), RAIN (mm), WIND SPEED (km/h)

                                         HEAT   COOL         AVG
      MEAN                               DEG    DEG          WIND                   DOM
DAY   TEMP   HIGH   TIME    LOW   TIME   DAYS   DAYS   RAIN  SPEED   HIGH   TIME    DIR
---------------------------------------------------------------------------------------
 01    9.4   15.7  13:46    5.7  05:49    8.9    0.0    1.0    8.0   48.3  15:48    260
 02   10.4   16.1  12:37    5.9  06:15    7.9    0.0    0.0    4.0   32.2  05:01    272
 03   10.8   15.9  15:19    4.7  05:59    7.5    0.0    0.0    0.8   17.7  11:52     28
 04   10.7   15.4  16:40    3.9  06:28    7.6    0.0    0.0    3.5   32.2  23:44     16
 05   11.2   14.5  13:57    7.1  23:59    7.2    0.0    0.0    5.1   29.0  00:34     37
 06   10.2   14.4  15:09    3.9  03:56    8.2    0.0    0.0    2.3   24.1  10:14     68
 07   13.1   17.0  17:29    8.8  23:58    5.2    0.0    0.2    4.5   33.8  07:42    107
 08   12.6   17.6  14:50    7.1  05:04    5.7    0.0    0.0    1.1   16.1  11:03     53
 09   12.9   18.1  15:38    5.9  05:42    5.5    0.0    0.0    0.7   12.9  10:18     36
 10    9.6   11.7  04:12    7.1  23:59    8.8    0.0    0.2    9.1   48.3  23:17    356
 11    7.7   11.7  14:33    2.3  23:57   10.6    0.0    0.0    8.3   40.2  00:59      5
 12    9.4   14.8  11:59    2.3  05:34    8.9    0.0    0.0    1.9   19.3  08:40    315
 13    8.4   12.0  09:07    4.0  23:59    9.9    0.0    0.4    4.8   29.0  14:14    349
 14    8.3   13.9  18:53    0.7  04:29   10.0    0.0    0.0    1.2   17.7  11:10     32
 15   10.5   15.5  17:06    3.2  01:20    7.8    0.0    0.0    2.4   24.1  09:31    271
 16   12.3   17.6  11:54    7.9  05:03    6.0    0.0    0.0    2.5   24.1  11:19    236
 17   14.0   19.0  14:22   10.9  03:26    4.3    0.0    0.0    3.5   30.6  09:46    223
 18   15.4   20.2  17:25   12.1  05:45    2.9    0.0    0.0    3.4   29.0  18:23    214
 19   16.7   21.4  10:29   11.6  23:56    1.7    0.0    0.0    1.6   22.5  05:49     98
 20   13.9   20.0  16:30    7.4  05:29    4.4    0.0    0.0    3.9   35.4  12:24    100
 21   13.9   20.2  11:20   10.9  23:53    4.5    0.0    2.2    5.9   30.6  08:06    172
 22   13.7   18.6  15:14   10.3  21:58    4.6    0.0    5.4   18.5   64.4  14:24    198
 23   12.7   17.3  15:17    9.7  05:33    5.6    0.0    0.0   16.7   62.8  05:50    228
 24   16.1   23.0  17:37   12.1  05:01    2.3    0.0    0.0    7.5   51.5  07:00    242
 25   14.9   22.9  16:00    5.7  05:29    3.4    0.0    0.0    3.2   30.6  10:50    149
 26   15.1   21.2  10:54   12.2  23:56    3.2    0.0    0.0    1.8   17.7  11:24     24
 27   14.1   18.4  14:56    8.9  04:20    4.2    0.0    0.0    1.3   17.7  13:04     59
 28   14.8   20.8  17:37    8.3  04:51    3.5    0.0    0.0    2.1   29.0  14:32     78
 29   15.4   19.6  17:24    9.9  05:12    3.0    0.0    0.0    3.7   35.4  08:51     98
 30   14.9   20.3  19:00    7.9  04:28    3.5    0.0    0.0    1.7   24.1  11:23     75
 31   15.5   20.4  18:05    8.2  05:16    2.8    0.0    0.0    1.3   20.9  09:39     60
---------------------------------------------------------------------------------------
      12.5   23.0     24    0.7     14  179.7    0.0    9.4    4.4   64.4     22    242
    
Updated: 04/09/20 12:00:00