Loughlinstown, Co Dublin, Ireland

53° 14.91' N | 006° 08.15' W | 24 meter | Show on map

Climate Summary April 2020

30/11/20 17:30:00 GMT

Station: Vantage Vue
Software: WeeWX v4.1.1
WeeWX uptime: 60 days, 7 hours, 42 minutes
Server uptime: 60 days, 7 hours, 42 minutes
                   MONTHLY CLIMATOLOGICAL SUMMARY for Apr 2020


NAME: Loughlinstown, Co Dublin, Ireland                  
ELEV: 24 meter    LAT: 53-14.91 N    LONG: 006-08.15 W


                   TEMPERATURE (°C), RAIN (mm), WIND SPEED (km/h)

                                         HEAT   COOL         AVG
      MEAN                               DEG    DEG          WIND                   DOM
DAY   TEMP   HIGH   TIME    LOW   TIME   DAYS   DAYS   RAIN  SPEED   HIGH   TIME    DIR
---------------------------------------------------------------------------------------
 01    8.4   12.2  16:30    5.7  06:50   10.0    0.0    0.0    5.1   29.0  23:00    277
 02    9.9   14.2  14:10    7.3  00:00    8.5    0.0    0.0   10.7   46.7  12:20    258
 03   10.0   16.2  14:50    5.7  04:20    8.3    0.0    0.0    5.5   30.6  16:40    250
 04    9.6   12.7  17:50    6.5  07:20    8.8    0.0    0.0    4.9   41.8  17:10    126
 05   11.4   16.4  13:23    8.3  02:40    7.0    0.0    4.4   12.1   54.7  18:29    126
 06   11.0   17.2  14:28    6.8  23:55    7.4    0.0    0.0    7.3   35.4  09:16    216
 07    8.7   15.4  13:39    1.3  06:42    9.7    0.0    0.0    3.0   37.0  15:28    124
 08    9.7   15.2  14:40    5.1  02:06    8.6    0.0    0.0    0.5   16.1  13:11     43
 09    9.5   15.0  10:34    3.2  06:35    8.8    0.0    0.0    0.4   11.3  11:39     40
 10   12.7   19.5  16:33    6.8  01:36    5.6    0.0    0.0    1.3   20.9  14:00     89
 11   13.7   20.6  11:28    9.1  21:09    4.7    0.0    0.2    1.3   22.5  23:01    288
 12    9.9   12.2  00:00    7.6  02:31    8.5    0.0    2.4    4.6   35.4  16:15    337
 13    8.0   10.6  15:13    2.1  23:56   10.3    0.0    0.0    6.8   37.0  09:32     19
 14    6.9   12.8  11:07   -0.2  06:04   11.4    0.0    0.0    1.9   25.7  11:56     87
 15    8.1   15.1  18:38    1.0  06:10   10.3    0.0    0.0    0.5   12.9  13:31     46
 16    9.6   15.4  14:40    3.2  03:24    8.7    0.0    0.0    1.8   17.7  10:54    339
 17   10.4   14.8  14:32    6.1  03:59    8.0    0.0    0.0    1.1   19.3  15:03     39
 18    9.0   10.8  17:22    7.5  23:06    9.4    0.0    5.2    0.8   16.1  13:53     75
 19    9.1   12.9  12:59    4.1  23:55    9.2    0.0    0.2    1.3   19.3  16:15     57
 20    8.5   13.9  16:32    2.1  05:42    9.8    0.0    0.0    4.4   30.6  16:05     15
 21   11.2   16.8  17:32    7.5  05:01    7.1    0.0    0.0    4.5   37.0  02:53     18
 22   10.8   16.0  17:14    7.2  23:59    7.6    0.0    0.0    1.9   16.1  05:58    349
 23   10.2   16.8  14:17    5.1  05:27    8.1    0.0    0.0    1.1   16.1  11:35    346
 24   11.0   16.8  11:09    5.4  02:11    7.4    0.0    0.0    0.7   11.3  13:04     10
 25   10.7   15.6  12:31    5.2  04:56    7.6    0.0    0.0    0.1   14.5  17:02     42
 26   10.1   11.8  12:09    8.9  23:34    8.2    0.0    0.2    0.9   12.9  11:18    352
 27    9.3   13.5  17:41    2.9  23:58    9.1    0.0    0.8    1.3   17.7  11:52     24
 28    8.0   13.8  15:35    1.7  04:03   10.4    0.0    0.0    1.9   19.3  13:35    351
 29    8.6   13.4  15:44    5.9  00:00    9.8    0.0    7.4    5.8   38.6  10:57    106
 30    8.5   13.7  18:04    5.9  03:36    9.8    0.0    1.4    7.2   41.8  13:48    255
---------------------------------------------------------------------------------------
       9.7   20.6     11   -0.2     14  257.9    0.0   22.2    3.4   54.7     05    330
    
Updated: 01/10/20 10:50:00