Loughlinstown, Co Dublin, Ireland

53° 14.91' N | 006° 08.15' W | 24 meter | Show on map

Climate Summary March 2020

31/03/20 01:40:00 IST

Station: Vantage Vue
Software: WeeWX v3.9.2
Weewx uptime: 3 days, 15 hours, 25 minutes
Server uptime: 156 days, 12 hours, 16 minutes
                   MONTHLY CLIMATOLOGICAL SUMMARY for Mar 2020


NAME: Loughlinstown, Co Dublin, Ireland                  
ELEV: 24 meter    LAT: 53-14.91 N    LONG: 006-08.15 W


                   TEMPERATURE (°C), RAIN (mm), WIND SPEED (km/h)

                                         HEAT   COOL         AVG
      MEAN                               DEG    DEG          WIND                   DOM
DAY   TEMP   HIGH   TIME    LOW   TIME   DAYS   DAYS   RAIN  SPEED   HIGH   TIME    DIR
---------------------------------------------------------------------------------------
 01    4.4    8.1  12:40    1.9  23:30    7.6    0.0    0.8   14.4   83.7  03:20    222
 02    4.0    8.5  14:20    0.1  01:20    7.8    0.0    0.2   11.4   48.3  11:00    231
 03    6.0   10.8  15:20    3.4  01:40    6.7    0.0    0.2   10.7   57.9  04:00    249
 04    4.3    9.7  14:50   -0.3  00:00    7.6    0.0    0.0    0.5   14.5  14:00     28
 05    5.3   11.1  13:40   -0.5  00:30    7.0    0.0    0.4    1.7   20.9  13:10    273
 06    5.6   10.9  15:10   -0.6  07:00    6.9    0.0    0.4    4.4   40.2  14:30    260
 07   11.3   13.8  12:40    6.8  00:10    3.7    0.0    0.2   11.6   51.5  20:00    187
 08    7.7   12.0  12:40    5.9  14:10    5.7    0.0    2.4   15.6   53.1  23:40    229
 09    8.7   12.6  21:30    5.9  11:30    5.2    0.0    7.4   17.4   61.2  23:00    225
 10   10.5   13.4  12:30    4.9  00:00    4.1    0.0    1.2   19.4   77.2  11:10    238
 11    7.7   12.4  14:00    2.4  00:00    5.7    0.0    5.4   14.6   62.8  08:10    215
 12    5.5    9.7  13:30    1.9  02:00    7.0    0.0    1.8   22.0   77.2  13:50    230
 13    7.5   11.3  14:30    5.7  06:00    5.8    0.0    2.6   10.4   62.8  00:10    200
 14    8.8   13.6  16:30    4.8  06:30    5.1    0.0    1.4    7.6   46.7  18:30    184
 15    7.7   11.6  13:30    4.2  00:00    5.7    0.0    0.0   12.6   48.3  05:50    246
 16    7.6   11.6  16:30    0.4  06:00    5.8    0.0    0.0    6.5   49.9  16:40    188
 17   11.8   17.4  15:00    6.7  00:00    3.5    0.0    1.4    8.7   48.3  16:30    192
 18    6.5    9.2  12:30    4.4  23:50    6.4    0.0    0.2    3.3   22.5  00:30    262
 19    5.6   11.9  11:50    0.8  06:40    6.9    0.0    0.0    2.2   24.1  21:40    327
 20    6.1   10.2  13:50    1.1  06:00    6.6    0.0    0.0    6.8   40.2  21:20     30
 21    6.8    8.4  17:10    5.5  07:00    6.2    0.0    0.0    6.0   32.2  02:00     84
 22    5.5   10.2  13:20   -0.6  05:20    6.9    0.0    0.0    3.8   29.0  10:40    107
 23    8.2   13.5  12:30    1.6  01:50    5.4    0.0    0.0    6.3   38.6  21:00    123
 24   10.1   14.2  15:20    7.6  05:10    4.4    0.0    0.0    9.8   40.2  09:10    142
 25    9.5   16.5  12:20    5.1  00:00    4.7    0.0    0.0    2.6   24.1  02:30    119
 26    8.2   13.7  15:30    3.8  02:50    5.4    0.0    0.0    2.2   24.1  13:30    317
 27    8.5   12.1  11:43    6.9  00:30    5.3    0.0    0.0    4.5   24.1  18:23    331
 28    7.9   11.0  10:39    5.3  23:57    5.6    0.0    0.0    9.5   43.5  21:31    357
 29    5.2    7.9  15:44    2.5  23:58    7.1    0.0    0.0   10.3   38.6  00:36    357
 30    6.1   10.8  13:26    1.8  03:16    6.6    0.0    0.0    4.6   29.0  13:04    313
 31    4.5    4.7  00:00    4.2  00:54    7.5    0.0    0.0    3.2   17.7  00:01    274
---------------------------------------------------------------------------------------
       7.3   17.4     17   -0.6     22  186.1    0.0   26.0    8.7   83.7     01    226
    
Updated: 31/03/20 01:40:00